{"text_format":"3","workbook":"xlsx","n_sheets":4,"sheets":["Loan Type","Purchase","Cash Out","county limits"],"not_rendered":{"images":3,"macros":1,"external_links":1,"defined_names":43},"read":"whole","date_system":"1900"}

{"sheet":"Loan Type","index":0,"n_rows":59,"n_cols":14,"rows_kept":59,"merged":[[1,1,1,11],[3,1,3,11],[4,1,4,11],[5,1,5,11],[6,4,6,6],[7,4,7,6],[7,9,7,11],[9,1,9,11],[17,5,17,7],[18,5,18,7],[19,3,19,5],[19,8,19,10],[58,0,67,11]]}
[]
[null,"VA Joint Loan Worksheet-2026"]
[]
[null,"To be used for Joint Loan transactions only."]
[null,"This does not apply to any other VA Loan type worksheet"]
[null,"Fill in the yellow fields then select Purchase or Cash Out Buttons"]
[{"$nulls":3},"Borrower Name:"]
[{"$nulls":3},"Loan Number:",{"$nulls":4},"VA Loan Number:"]
[]
[null,"Section I - Buyer and COE Information",{"$nulls":11},"Information is Gathered from the COE"]
[null,"Buyers","Veteran  Y/N","COE Ent Code","FF Exempt","Active/ Res","1st Time Use",null,"Previous Ent Used",{"$nulls":4},"Veteran Y/N: if Veteran then \"Y\" if not Veteran then \"N\" and don't fill in rest of grid"]
[null,"Buyer 1",{"$nulls":11},"Active-Reserve/NG: If Ent code 11 then R/NG otherwise Active"]
[null,"Buyer 2",{"$nulls":11},"Add all entitlement charged from grid on COE for each Veteran"]
[null,"Buyer 3",{"$nulls":11},"Determine 1st time use from conditions at bottom, if \"Subsequent Use\" condition then answer \"N\""]
[null,"Buyer 4"]
[null,"Buyer 5"]
[{"$nulls":8},{"$f":"SUM(I12:I16)","v":0}]
[{"$nulls":4},"State","County"]
[]
[null,null,"Completed By:",{"$f":"getusername()","v":"michelle.b.crumley"},{"$nulls":3},"Date of Calculation:",{"$f":"TODAY()","v":"2025-12-06"}]
[]
[{"$nulls":13},"Choose Purchase or Cash Out button to go to loan analysis"]
[{"$nulls":6},"Choose Purchase or Cash Out"]
{"$rows_empty":35}
["Confidential – For Internal Use Only – Do Not Redistribute\nThis document contains confidential information and is intended only for the Newrez family of companies (the Company) employees. This document may not be distributed to third parties without the express consent of the Policy Administration Group of the Company. \nCopyright © 2023. All rights reserved.\nNote: Printed copies of this document or copies posted outside AllRegs might not be the most current version. Refer to AllRegs for the current, approved, and certified version of this document. Refer questions regarding updates to the Policy Administration Group."]

{"sheet":"Purchase","index":1,"n_rows":85,"n_cols":21,"rows_kept":85,"merged":[[0,13,0,23],[1,1,1,11],[5,1,5,11],[6,4,6,6],[7,4,7,6],[7,9,7,11],[9,1,9,11],[17,3,17,5],[17,8,17,10],[19,1,19,11],[28,7,28,9],[31,9,31,10],[33,1,33,11],[45,1,45,11],[52,1,52,11],[54,9,54,10],[55,9,55,10],[56,9,56,10],[57,9,57,10],[58,9,58,10],[60,1,60,11],[72,1,72,11],[76,3,76,4],[77,3,77,4],[78,3,78,4],[79,3,79,4],[80,3,80,4],[81,3,81,4],[84,1,91,11]]}
[]
[null,"VA Joint Loan Purchase Worksheet-2026"]
[{"$nulls":14},"Yes","More than 1 vet?",null,null,"NO"]
[{"$nulls":4},"        To be used for Joint Loan PURCHASE transactions only.",{"$nulls":8},{"v":345307.76875,"d":"345308"},{"$f":"IF(L24>1,\"Y\",\"N\")","v":"N"},"More than 1 vet?",null,null,{"$f":"IF(O4=\"N\",IF(I17>0,MIN(J17*4,L29,L26),L26),\"\")","v":{"$error":"#DIV/0!"}}]
[{"$nulls":4},"        This does not apply to any other VA Loan type worksheet",{"$nulls":8},{"$f":"IF(DP>0,TOT_LN,\"\")","v":{"$error":"#DIV/0!"}},{"$f":"IF(O4=\"Y\",IF(K23=\"Y\",IF(I17>0,IF(O8<>L24,L26,MIN(J17*4,L29,L26)),L26),IF(I17>0,MIN(J17*4,L29,L26),L26)),S4)","v":{"$error":"#DIV/0!"}},"Calculated max based on",null,null,{"$f":"IF(O4=\"Y\",IF(K23=\"Y\",IF(I17>0,IF(O8<>L24,L26,MIN(J17*4,L29,L26)),L26),IF(I17>0,MIN(J17*4,L29,L26),L26)),S4)","v":{"$error":"#DIV/0!"}}]
[{"$nulls":13},0.0125,null,"married>previous use"]
[{"$nulls":3},"Borrower Name:",{"$f":"IF('Loan Type'!E7=\"\",\"\",'Loan Type'!E7)","v":""},{"$f":"IF('Loan Type'!F7=\"\",\"\",'Loan Type'!F7)","v":""},{"$f":"IF('Loan Type'!G7=\"\",\"\",'Loan Type'!G7)","v":""}]
[{"$nulls":3}," Loan Number:",{"$f":"IF('Loan Type'!E8=\"\",\"\",'Loan Type'!E8)","v":""},{"$f":"IF('Loan Type'!F8=\"\",\"\",'Loan Type'!F8)","v":""},{"$f":"IF('Loan Type'!G8=\"\",\"\",'Loan Type'!G8)","v":""},null,"VA Loan Number:",{"$f":"IF('Loan Type'!J8=\"\",\"\",'Loan Type'!J8)","v":""},{"$f":"IF('Loan Type'!K8=\"\",\"\",'Loan Type'!K8)","v":""},{"$f":"IF('Loan Type'!L8=\"\",\"\",'Loan Type'!L8)","v":""},null,null,{"$f":"COUNTIF(I12:I16,\">0\")","v":0},"count of previous used entitlement"]
[]
[null,"Section I - Buyer and COE Information",{"$nulls":12},"Exempt or not",{"$f":"IF(AND($K36>=5%,$K36<10%),5,IF($K36>=10%,10,0))","v":{"$error":"#DIV/0!"}},{"$f":"IF(AND($K36>=5%,$K36<10%),5,IF($K36>=10%,10,0))","v":{"$error":"#DIV/0!"}},{"$f":"IF(AND($K36>=5%,$K36<10%),5,IF($K36>=10%,10,0))","v":{"$error":"#DIV/0!"}},{"$f":"IF(AND($K36>=5%,$K36<10%),5,IF($K36>=10%,10,0))","v":{"$error":"#DIV/0!"}},{"$f":"IF(AND($K36>=5%,$K36<10%),5,IF($K36>=10%,10,0))","v":{"$error":"#DIV/0!"}}]
[null,"Buyers","Veteran  Y/N","COE Ent Code","FF Exempt","Active/ Res","1st Time Use","Portion","Previous Ent Used","Entitlement Available","Funding Fee %","Funding Fee $"]
[null,"Buyer 1",{"$f":"IF('Loan Type'!C12=\"\",\"\",'Loan Type'!C12)","v":""},{"$f":"IF('Loan Type'!D12=\"\",\"\",'Loan Type'!D12)","v":""},{"$f":"IF('Loan Type'!E12=\"\",\"\",'Loan Type'!E12)","v":""},{"$f":"IF('Loan Type'!F12=\"\",\"\",'Loan Type'!F12)","v":""},{"$f":"IF('Loan Type'!G12=\"\",\"\",'Loan Type'!G12)","v":""},{"$f":"IF(C12=\"\",\"\",TotBaseLn/L$23)","v":""},{"$f":"'Loan Type'!I12","v":0},{"$f":"IF(C12=\"Y\",IF(I12>0,MAX((L$29*0.25)-I12,0),MIN(VAL,PRIC)*0.25),\"\")","v":""},{"$f":"IF(OR(C12=\"N\",C12=\"\"),\"\",P18%)","v":""},{"$f":"IF(OR(C12=\"N\",C12=\"\"),\"\",H12*K12)","v":""},{"$f":"VLOOKUP(\"Not Eligible\",J12:J16,1,TRUE)","v":""},null,"Base calculation",{"$f":"IF($E12=\"Y\",0,P13)","v":3.3},{"$f":"IF($E13=\"Y\",0,Q13)","v":3.3},{"$f":"IF($E14=\"Y\",0,R13)","v":3.3},{"$f":"IF($E15=\"Y\",0,S13)","v":3.3},{"$f":"IF($E16=\"Y\",0,T13)","v":3.3}]
[null,"Buyer 2",{"$f":"IF('Loan Type'!C13=\"\",\"\",'Loan Type'!C13)","v":""},{"$f":"IF('Loan Type'!D13=\"\",\"\",'Loan Type'!D13)","v":""},{"$f":"IF('Loan Type'!E13=\"\",\"\",'Loan Type'!E13)","v":""},{"$f":"IF('Loan Type'!F13=\"\",\"\",'Loan Type'!F13)","v":""},{"$f":"IF('Loan Type'!G13=\"\",\"\",'Loan Type'!G13)","v":""},{"$f":"IF(C13=\"\",\"\",TotBaseLn/L$23)","v":""},{"$f":"'Loan Type'!I13","v":0},{"$f":"IF(C13=\"Y\",IF(I13>0,MAX((L$29*0.25)-I13,0),MIN(VAL,PRIC)*0.25),\"\")","v":""},{"$f":"IF(OR(C13=\"N\",C13=\"\"),\"\",Q19%)","v":""},{"$f":"IF(OR(C13=\"N\",C13=\"\"),\"\",H13*K13)","v":""},null,null,"First time use eligibility code",{"$f":"IF(AND($G12=\"Y\",OR($D12=1,$D12=2,$D12=3,$D12=4,$D12=8,$D12=9,$D12=10)),2.15,P14)","v":3.3},{"$f":"IF(AND($G13=\"Y\",OR($D13=1,$D13=2,$D13=3,$D13=4,$D13=8,$D13=9,$D13=10)),2.15,Q14)","v":3.3},{"$f":"IF(AND($G14=\"Y\",OR($D14=1,$D14=2,$D14=3,$D14=4,$D14=8,$D14=9,$D14=10)),2.15,R14)","v":3.3},{"$f":"IF(AND($G15=\"Y\",OR($D15=1,$D15=2,$D15=3,$D15=4,$D15=8,$D15=9,$D15=10)),2.15,S14)","v":3.3},{"$f":"IF(AND($G16=\"Y\",OR($D16=1,$D16=2,$D16=3,$D16=4,$D16=8,$D16=9,$D16=10)),2.15,T14)","v":3.3}]
[null,"Buyer 3",{"$f":"IF('Loan Type'!C14=\"\",\"\",'Loan Type'!C14)","v":""},{"$f":"IF('Loan Type'!D14=\"\",\"\",'Loan Type'!D14)","v":""},{"$f":"IF('Loan Type'!E14=\"\",\"\",'Loan Type'!E14)","v":""},{"$f":"IF('Loan Type'!F14=\"\",\"\",'Loan Type'!F14)","v":""},{"$f":"IF('Loan Type'!G14=\"\",\"\",'Loan Type'!G14)","v":""},{"$f":"IF(C14=\"\",\"\",TotBaseLn/L$23)","v":""},{"$f":"'Loan Type'!I14","v":0},{"$f":"IF(C14=\"Y\",IF(I14>0,MAX((L$29*0.25)-I14,0),MIN(VAL,PRIC)*0.25),\"\")","v":""},{"$f":"IF(OR(C14=\"N\",C14=\"\"),\"\",R18%)","v":""},{"$f":"IF(OR(C14=\"N\",C14=\"\"),\"\",H14*K14)","v":""},null,null,"Reserve eligibility code",{"$f":"IF(AND($D12=11,$G12=\"Y\"),2.15,P15)","v":3.3},{"$f":"IF(AND($D13=11,$G13=\"Y\"),2.15,Q15)","v":3.3},{"$f":"IF(AND($D14=11,$G14=\"Y\"),2.15,R15)","v":3.3},{"$f":"IF(AND($D15=11,$G15=\"Y\"),2.15,S15)","v":3.3},{"$f":"IF(AND($D16=11,$G16=\"Y\"),2.15,T15)","v":3.3}]
[null,"Buyer 4",{"$f":"IF('Loan Type'!C15=\"\",\"\",'Loan Type'!C15)","v":""},{"$f":"IF('Loan Type'!D15=\"\",\"\",'Loan Type'!D15)","v":""},{"$f":"IF('Loan Type'!E15=\"\",\"\",'Loan Type'!E15)","v":""},{"$f":"IF('Loan Type'!F15=\"\",\"\",'Loan Type'!F15)","v":""},{"$f":"IF('Loan Type'!G15=\"\",\"\",'Loan Type'!G15)","v":""},{"$f":"IF(C15=\"\",\"\",TotBaseLn/L$23)","v":""},{"$f":"'Loan Type'!I15","v":0},{"$f":"IF(C15=\"Y\",IF(I15>0,MAX((L$29*0.25)-I15,0),MIN(VAL,PRIC)*0.25),\"\")","v":""},{"$f":"IF(OR(C15=\"N\",C15=\"\"),\"\",S18%)","v":""},{"$f":"IF(OR(C15=\"N\",C15=\"\"),\"\",H15*K15)","v":""},null,null,"Surviving Spouse/POW eligibility code",{"$f":"IF(OR($D12=6,$D12=7),0,P16)","v":3.3},{"$f":"IF(OR($D13=6,$D13=7),0,Q16)","v":3.3},{"$f":"IF(OR($D14=6,$D14=7),0,R16)","v":3.3},{"$f":"IF(OR($D15=6,$D15=7),0,S16)","v":3.3},{"$f":"IF(OR($D16=6,$D16=7),0,T16)","v":3.3}]
[null,"Buyer 5",{"$f":"IF('Loan Type'!C16=\"\",\"\",'Loan Type'!C16)","v":""},{"$f":"IF('Loan Type'!D16=\"\",\"\",'Loan Type'!D16)","v":""},{"$f":"IF('Loan Type'!E16=\"\",\"\",'Loan Type'!E16)","v":""},{"$f":"IF('Loan Type'!F16=\"\",\"\",'Loan Type'!F16)","v":""},{"$f":"IF('Loan Type'!G16=\"\",\"\",'Loan Type'!G16)","v":""},{"$f":"IF(C16=\"\",\"\",TotBaseLn/L$23)","v":""},{"$f":"'Loan Type'!I16","v":0},{"$f":"IF(C16=\"Y\",IF(I16>0,MAX((L$29*0.25)-I16,0),MIN(VAL,PRIC)*0.25),\"\")","v":""},{"$f":"IF(OR(C16=\"N\",C16=\"\"),\"\",T18%)","v":""},{"$f":"IF(OR(C16=\"N\",C16=\"\"),\"\",H16*K16)","v":""},null,null,"second time use",3.3,3.3,3.3,3.3,3.3]
[{"$nulls":8},{"$f":"SUM(I12:I16)","v":0},{"$f":"SUM(J12:J16)","v":0},{"$f":"L17/L37","v":{"$error":"#DIV/0!"}},{"$f":"SUM(L12:L16)","v":0}]
[null,null,"Completed By:",{"$f":"'Loan Type'!D20","v":"michelle.b.crumley"},{"$nulls":3},"Date of Calculation:",{"$f":"'Loan Type'!I20","v":"2025-12-06"},null,null,{"$f":"L17/L49","v":{"$error":"#DIV/0!"}},null,null,"Active vs. R/NG",{"$f":"IF($F12=\"Reserve/NG\",P24,P19)","v":{"$error":"#DIV/0!"}},{"$f":"IF($F13=\"Reserve/NG\",Q24,Q19)","v":{"$error":"#DIV/0!"}},{"$f":"IF($F14=\"Reserve/NG\",R24,R19)","v":{"$error":"#DIV/0!"}},{"$f":"IF($F15=\"Reserve/NG\",S24,S19)","v":{"$error":"#DIV/0!"}},{"$f":"IF($F16=\"Reserve/NG\",T24,T19)","v":{"$error":"#DIV/0!"}}]
[{"$nulls":14},"Exempt calc",{"$f":"IF(P12=0,0,P20)","v":{"$error":"#DIV/0!"}},{"$f":"IF(Q12=0,0,Q20)","v":{"$error":"#DIV/0!"}},{"$f":"IF(R12=0,0,R20)","v":{"$error":"#DIV/0!"}},{"$f":"IF(S12=0,0,S20)","v":{"$error":"#DIV/0!"}},{"$f":"IF(T12=0,0,T20)","v":{"$error":"#DIV/0!"}},"Information is Gathered from the new loan information"]
[null,"Section II - Borrower Equity Requirement",{"$nulls":12},"DP<5%",{"$f":"IF(AND(P12>0,P10=0),P12,P21)","v":{"$error":"#DIV/0!"}},{"$f":"IF(AND(Q12>0,Q10=0),Q12,Q21)","v":{"$error":"#DIV/0!"}},{"$f":"IF(AND(R12>0,R10=0),R12,R21)","v":{"$error":"#DIV/0!"}},{"$f":"IF(AND(S12>0,S10=0),S12,S21)","v":{"$error":"#DIV/0!"}},{"$f":"IF(AND(T12>0,T10=0),T12,T21)","v":{"$error":"#DIV/0!"}}]
[null,"A","Appraised Value",{"$nulls":11},"DB >=5% <10%",{"$f":"IF(AND(P12>0,P10=5),1.5,P22)","v":{"$error":"#DIV/0!"}},{"$f":"IF(AND(Q12>0,Q10=5),1.5,Q22)","v":{"$error":"#DIV/0!"}},{"$f":"IF(AND(R12>0,R10=5),1.5,R22)","v":{"$error":"#DIV/0!"}},{"$f":"IF(AND(S12>0,S10=5),1.5,S22)","v":{"$error":"#DIV/0!"}},{"$f":"IF(AND(T12>0,T10=5),1.5,T22)","v":{"$error":"#DIV/0!"}},"Use appraised value or best guess if appraisal not done yet - update when appraisal is done"]
[null,"B","Purchase Price",{"$nulls":11},"DB >=10%",{"$f":"IF(AND(P12>0,P10=10),1.25,0)","v":{"$error":"#DIV/0!"}},{"$f":"IF(AND(Q12>0,Q10=10),1.25,0)","v":{"$error":"#DIV/0!"}},{"$f":"IF(AND(R12>0,R10=10),1.25,0)","v":{"$error":"#DIV/0!"}},{"$f":"IF(AND(S12>0,S10=10),1.25,0)","v":{"$error":"#DIV/0!"}},{"$f":"IF(AND(T12>0,T10=10),1.25,0)","v":{"$error":"#DIV/0!"}},"Purchase price from contract"]
[null,"C","Number of Buyers",{"$nulls":6},"If needed, will Veterans approve uneven entitlement split?",null,{"$f":"COUNTA('Loan Type'!C12:C16)","v":0},{"$nulls":8},"If more that one Veteran, uneven entitlement question will pop up. If one veteran doesn't have enough "]
[null,"D","Number of Veteran buyers",{"$nulls":8},{"$f":"COUNTIF(C12:C16,\"Y\")","v":0},null,null,"R/NG Exempt",{"$f":"IF(P12=0,0,P25)","v":{"$error":"#DIV/0!"}},{"$f":"IF(Q12=0,0,Q25)","v":{"$error":"#DIV/0!"}},{"$f":"IF(R12=0,0,R25)","v":{"$error":"#DIV/0!"}},{"$f":"IF(S12=0,0,S25)","v":{"$error":"#DIV/0!"}},{"$f":"IF(T12=0,0,T25)","v":{"$error":"#DIV/0!"}},"entitlement and the other has enough to cover theirs and the other veteran's difference creating an "]
[null,"E","Veteran's % of loan",{"$nulls":8},{"$f":"L24/L23","v":{"$error":"#DIV/0!"}},null,null,"DP<5%",{"$f":"IF(AND(P12>0,P10=0),P12,P26)","v":{"$error":"#DIV/0!"}},{"$f":"IF(AND(Q12>0,Q10=0),Q12,Q26)","v":{"$error":"#DIV/0!"}},{"$f":"IF(AND(R12>0,R10=0),R12,R26)","v":{"$error":"#DIV/0!"}},{"$f":"IF(AND(S12>0,S10=0),S12,S26)","v":{"$error":"#DIV/0!"}},{"$f":"IF(AND(T12>0,T10=0),T12,T26)","v":{"$error":"#DIV/0!"}},"uneven split married, then select Y otherwise N"]
[null,"F","Veteran's Portion of PP",{"$nulls":8},{"$f":"L22*L25","v":{"$error":"#DIV/0!"}},null,null,"DB >=5% <10%",{"$f":"IF(AND(P12>0,P10=5),1.5,P27)","v":{"$error":"#DIV/0!"}},{"$f":"IF(AND(Q12>0,Q10=5),1.5,Q27)","v":{"$error":"#DIV/0!"}},{"$f":"IF(AND(R12>0,R10=5),1.5,R27)","v":{"$error":"#DIV/0!"}},{"$f":"IF(AND(S12>0,S10=5),1.5,S27)","v":{"$error":"#DIV/0!"}},{"$f":"IF(AND(T12>0,T10=5),1.5,T27)","v":{"$error":"#DIV/0!"}}]
[null,"G","Cash Down Payment Required due to Value less than Price",{"$nulls":8},{"$f":"IF(L22>L21,L22-L21,0)","v":0},null,null,"DB >=10%",{"$f":"IF(AND(P12>0,P10=10),1.25,0)","v":{"$error":"#DIV/0!"}},{"$f":"IF(AND(Q12>0,Q10=10),1.25,0)","v":{"$error":"#DIV/0!"}},{"$f":"IF(AND(R12>0,R10=10),1.25,0)","v":{"$error":"#DIV/0!"}},{"$f":"IF(AND(S12>0,S10=10),1.25,0)","v":{"$error":"#DIV/0!"}},{"$f":"IF(AND(T12>0,T10=10),1.25,0)","v":{"$error":"#DIV/0!"}}]
[{"$nulls":6},"State","County"]
[null,"I","County Loan Limit",{"$nulls":3},{"$f":"ST","v":0},{"$f":"CNTY","v":0},{"$nulls":3},{"$f":"VLOOKUP(H29,'county limits'!J2:K3239,2)","v":{"$error":"#N/A"}}]
[null,"J","New Adjusted VA Commitment Loan Limit",{"$nulls":8},{"$f":"O5","v":{"$error":"#DIV/0!"}}]
[null,"K","Difference between Vets portion & county limit",{"$nulls":8},{"$f":"IF((L26-Adj_LL)<0,0,(L26-Adj_LL))","v":{"$error":"#DIV/0!"}},null,null,"small loan guaranty review"]
[null,"L","25% of Difference (down pmt)",{"$nulls":5},"Additional Down Payment (optional)",null,null,{"$f":"IF(recalculate>0,recalculate,(L31*0.25)+L27+PRIC*(1-L25)*0.25)","v":{"$error":"#DIV/0!"}},null,null,0,{"v":0.5,"d":"50%"},{"$f":"MIN(TOT_LN*VET_PORTION*P32,22500)","v":{"$error":"#DIV/0!"}},{"$nulls":3},"If borrowers have a down payment greater than system calculated, enter in the yellow box"]
[{"$nulls":14},45000.01,{"v":0.4,"d":"40%"},{"$f":"MIN(TOT_LN*VET_PORTION*P33,22500)","v":{"$error":"#DIV/0!"}}]
[null,"Section III - Split Base Loan Calculations Initial calculation",{"$nulls":12},56250.01,{"v":0.4,"d":"40%"},{"$f":"MIN(TOT_LN*VET_PORTION*P34,36000)","v":{"$error":"#DIV/0!"}}]
[null,"A","Adjusted Veteran Portion Purchase Price",{"$nulls":8},{"$f":"L26","v":{"$error":"#DIV/0!"}},null,null,144000.01,{"v":0.25,"d":"25%"},{"$f":"TOT_LN*VET_PORTION*0.25","v":{"$error":"#DIV/0!"}}]
[null,"B","Down Payment attributed to Veteran",{"$nulls":6},"Percent of Loan Amount",{"$f":"L36/L35","v":{"$error":"#DIV/0!"}},{"$f":"L32*L25","v":{"$error":"#DIV/0!"}}]
[null,"C","Veteran Base Loan Amount",{"$nulls":8},{"$f":"(L35-L36)","v":{"$error":"#DIV/0!"}},{"$nulls":3},{"$f":"VLOOKUP(L40,Smalloan,2,TRUE)","v":{"$error":"#DIV/0!"}},{"$f":"VLOOKUP(TOT_LN*VET_PORTION,Smalloan,3,TRUE)","v":{"$error":"#DIV/0!"}},{"$nulls":3},"Click the 90% NTB is using this as your NTB that is why"]
[null,"D","Funding fee Percent",{"$nulls":8},{"$f":"K17","v":{"$error":"#DIV/0!"}},{"$nulls":8},"you would start with Section II B as appraised value"]
[null,"E","Funding Fee",{"$nulls":8},{"$f":"L37*L38","v":{"$error":"#DIV/0!"}}]
[null,"F","Total Veteran Loan",{"$nulls":8},{"$f":"(IF(AND((L37+L39)<=144000,I12>=36000),\"No Loan Under $144K\",L37+L39))","v":{"$error":"#DIV/0!"}}]
[null,"G","Adjusted Non-Veteran Portion Purchase Price",{"$nulls":8},{"$f":"PRIC-L35","v":{"$error":"#DIV/0!"}}]
[null,"H","Down Payment Non-Veteran Portion",{"$nulls":6},"% of Loan Amount",{"$f":"L42/L35","v":{"$error":"#DIV/0!"}},{"$f":"(L32-L36)","v":{"$error":"#DIV/0!"}}]
[null,"I","Non-Veteran Portion",{"$nulls":8},{"$f":"(L22-L26)-(L32-L36)","v":{"$error":"#DIV/0!"}}]
[null,"J","Total Base Loan Amount",{"$nulls":8},{"$f":"IFERROR(L37+L43,0)","v":0}]
[{"$nulls":20},"If the GNMA GTY is not at least 25%, click the button and sheet will recalculate to get to 25%"]
[null,"Section IV - Total Loan Final Calculation"]
[null,"A","Base Loan Amount",{"$nulls":8},{"$f":"L44","v":0}]
[null,"B","Non-Veteran's Portion",{"$nulls":8},{"$f":"L47/L23*(L23-L24)","v":{"$error":"#DIV/0!"}}]
[null,"C","Veteran's Portion",{"$nulls":8},{"$f":"L47/L23*L24","v":{"$error":"#DIV/0!"}}]
[null,"D","Funding Fee",{"$nulls":8},{"$f":"L39","v":{"$error":"#DIV/0!"}}]
[null,"E","Total Loan",{"$nulls":8},{"$f":"L47+L39","v":{"$error":"#DIV/0!"}}]
[]
[null,"Section V - Guaranty Calculations"]
[null,"A","Available Entitlement",{"$nulls":8},{"$f":"IF(L40=\"No Loan Under $144K\",0,L30*0.25)","v":{"$error":"#DIV/0!"}}]
[null,"C","VA Guaranty",{"$nulls":8},{"$f":"IF((TOT_LN*VET_PORTION)>Adj_LL,MIN(Adj_LL*SmallP,SmallD),MIN(((TOT_LN*VET_PORTION)*SmallP),SmallD))","v":{"$error":"#DIV/0!"}}]
[null,"B","Down pmt",{"$nulls":5},{"$f":"IF(L59>0.25,\"\",\"Insufficient Guaranty, click the Recalculate button above\")","v":{"$error":"#DIV/0!"}},{"$f":"IF(VAL<PRIC,0,IF(OR(L59<0.25,L59>0.25002),ROUNDUP((L22*0.25)-((TOT_LN*L25)*MIN(SmallP,SmallD/(TOT_LN*VET_PORTION))),0),0))","v":{"$error":"#DIV/0!"}},null,{"$f":"L32","v":{"$error":"#DIV/0!"}}]
[null,"D","Total Guaranty",{"$nulls":8},{"$f":"(L55+L56)","v":{"$error":"#DIV/0!"}}]
[null,"E","Percent of VA Guaranty (Veteran portion of loan)",{"$nulls":8},{"$f":"L55/(L51*L25)","v":{"$error":"#DIV/0!"}}]
[null,"F","Percent of Guaranty (GNMA must be at least 25%)",{"$nulls":8},{"$f":"(L57)/MIN(L21,L22)","v":{"$error":"#DIV/0!"}}]
[{"$nulls":11},{"$f":"IF(L59<0.25,\"Less than 25%, click Recalculate button above\",\"\")","v":{"$error":"#DIV/0!"}}]
[null,"Energy Efficiency Mortgage Calculations"]
[null,"A","EEM Option (up to $6,000)"]
[null,"B","Guaranty Amount on EEM",{"$nulls":8},{"$f":"L62*L58","v":{"$error":"#DIV/0!"}}]
[null,"C","EEM Guaranty Total",{"$nulls":8},{"$f":"MIN(L54,L55)+L63","v":{"$error":"#DIV/0!"}}]
[null,"D","EEM Base Loan",{"$nulls":8},{"$f":"L44+L62","v":0}]
[null,"E","EEM Funding Fee Total",{"$nulls":8},{"$f":"(L48+L62)*L38","v":{"$error":"#DIV/0!"}}]
[null,"F","EEM Total Loan",{"$nulls":8},{"$f":"ROUNDDOWN(L65+L66,0)","v":{"$error":"#DIV/0!"}}]
[null,"G","VA EEM Guaranty",{"$nulls":8},{"$f":"L64/(L67*L25)","v":{"$error":"#DIV/0!"}}]
[null,"H","GNMA EEM Guaranty",{"$nulls":6},"This will never be 25% unless the Veteran is funding fee exempt.",null,{"$f":"(L57+L63)/MIN(L21,L22)","v":{"$error":"#DIV/0!"}}]
[]
[]
[]
[null,"Final Reconciliation of Required Joint Loan Information"]
[{"$nulls":3},"Based on the information provided above, the following data is relevant to this loan:"]
[{"$nulls":4},{"$f":"L23","v":0},"Number of Borrowers"]
[{"$nulls":4},{"$f":"L24","v":0},"Number of Veteran Borrowers"]
[{"$nulls":3},{"$f":"L56","v":{"$error":"#DIV/0!"}},null,"Down Payment Required"]
[{"$nulls":3},{"$f":"L47","v":0},null,"Base Loan Amount"]
[{"$nulls":3},{"$f":"L50","v":{"$error":"#DIV/0!"}},null,"Total Funding Fee"]
[{"$nulls":3},{"$f":"TOT_LN","v":{"$error":"#DIV/0!"}},null,"Total Loan Amount"]
[{"$nulls":3},{"$f":"L57","v":{"$error":"#DIV/0!"}},null,"Total Guaranty"]
[{"$nulls":3},{"$f":"L59","v":{"$error":"#DIV/0!"}},null,"Guaranty % for GNMA pooling"]
[null,null,"GNMA rules require 25% guaranty of the lower of the Purchase Price or Appraised Value, not the total loan."]
[null,"Version#","2026-01-01",null,null,"This sheet is locked to maintain calculation fields."]
[null,"Confidential – For Internal Use Only – Do Not Redistribute\nThis document contains confidential information and is intended only for the Newrez family of companies (the Company) employees. This document may not be distributed to third parties without the express consent of the Policy Administration Group of the Company. \nCopyright © 2023. All rights reserved.\nNote: Printed copies of this document or copies posted outside AllRegs might not be the most current version. Refer to AllRegs for the current, approved, and certified version of this document. Refer questions regarding updates to the Policy Administration Group."]

{"sheet":"Cash Out","index":2,"n_rows":85,"n_cols":25,"rows_kept":85,"merged":[[1,1,1,11],[2,1,2,11],[5,1,5,11],[6,4,6,6],[7,4,7,6],[7,9,7,11],[9,1,9,11],[17,1,17,2],[17,3,17,5],[17,8,17,10],[19,1,19,11],[28,7,28,9],[31,9,31,10],[33,1,33,11],[45,1,45,11],[52,1,52,11],[58,9,58,10],[60,1,60,11],[72,1,72,11],[76,3,76,4],[77,3,77,4],[78,3,78,4],[79,3,79,4],[80,3,80,4],[81,3,81,4],[84,1,91,11]]}
[]
[null,"VA Joint Loan Refinance Worksheet-2026"]
[]
[{"$nulls":3},"To be used for Joint Loan Cash Out REFINANCE transactions only."]
[{"$nulls":3},"This does not apply to any other VA Loan type worksheet",{"$nulls":10},"Yes","More than 1 vet?",null,null,"NO"]
[null,"3 or more Veterans w/previous used entitlement, Contact Military & Veteran Lending for more assistance",{"$nulls":12},{"$f":"IF(L24>1,\"Y\",\"N\")","v":"N"},"More than 1 vet?",null,null,{"$f":"IF(O6=\"N\",IF(I17>0,MIN(J17*4,L29,L26),L26),\"\")","v":{"$error":"#DIV/0!"}}]
[{"$nulls":3},"Borrower Name:",{"$f":"IF('Loan Type'!E7=\"\",\"\",'Loan Type'!E7)","v":""},{"$nulls":9},{"$f":"IF(O6=\"Y\",IF(K23=\"Y\",IF(I17>0,IF(O10<>L24,L26,MIN(J17*4,L29,L26)),L26),IF(I17>0,MIN(J17*4,L29,L26),L26)),S6)","v":{"$error":"#DIV/0!"}},"Calculated max based on"]
[{"$nulls":3},"Loan Number:",{"$f":"IF('Loan Type'!E8=\"\",\"\",'Loan Type'!E8)","v":""},{"$nulls":3},"VA Loan Number:",{"$nulls":6},"married>previous use"]
[]
[null,"Section I - Buyer and COE Information",{"$nulls":12},{"$f":"COUNTIF(I12:I16,\">0\")","v":0},"count of previous used entitlement"]
[null,"Buyers","Veteran  Y/N","COE Ent Code","FF Exempt","Active/ Res","First Time Use","Portion","Entitlement Charged","Entitlement Available","Funding Fee %","Funding Fee $"]
[null,"Buyer 1",{"$f":"IF('Loan Type'!C12=\"\",\"\",'Loan Type'!C12)","v":""},{"$f":"IF('Loan Type'!D12=\"\",\"\",'Loan Type'!D12)","v":""},{"$f":"IF('Loan Type'!E12=\"\",\"\",'Loan Type'!E12)","v":""},{"$f":"IF('Loan Type'!F12=\"\",\"\",'Loan Type'!F12)","v":""},{"$f":"IF('Loan Type'!G12=\"\",\"\",'Loan Type'!G12)","v":""},{"$f":"IF(C12=\"\",\"\",L22/L23)","v":""},{"$f":"'Loan Type'!I12","v":0},{"$f":"IF(C12=\"Y\",MAX((L$29*0.25)-I12,0),\"\")","v":""},{"$f":"IF(OR(C12=\"N\",C12=\"\"),\"\",P23%)","v":""},{"$f":"IF(OR(C12=\"N\",C12=\"\"),\"\",H12*K12)","v":""}]
[null,"Buyer 2",{"$f":"IF('Loan Type'!C13=\"\",\"\",'Loan Type'!C13)","v":""},{"$f":"IF('Loan Type'!D13=\"\",\"\",'Loan Type'!D13)","v":""},{"$f":"IF('Loan Type'!E13=\"\",\"\",'Loan Type'!E13)","v":""},{"$f":"IF('Loan Type'!F13=\"\",\"\",'Loan Type'!F13)","v":""},{"$f":"IF('Loan Type'!G13=\"\",\"\",'Loan Type'!G13)","v":""},{"$f":"IF(C13=\"\",\"\",L22/L23)","v":""},{"$f":"'Loan Type'!I13","v":0},{"$f":"IF(C13=\"Y\",MAX((L$29*0.25)-I13,0),\"\")","v":""},{"$f":"IF(OR(C13=\"N\",C13=\"\"),\"\",Q23%)","v":""},{"$f":"IF(OR(C13=\"N\",C13=\"\"),\"\",H13*K13)","v":""}]
[null,"Buyer 3",{"$f":"IF('Loan Type'!C14=\"\",\"\",'Loan Type'!C14)","v":""},{"$f":"IF('Loan Type'!D14=\"\",\"\",'Loan Type'!D14)","v":""},{"$f":"IF('Loan Type'!E14=\"\",\"\",'Loan Type'!E14)","v":""},{"$f":"IF('Loan Type'!F14=\"\",\"\",'Loan Type'!F14)","v":""},{"$f":"IF('Loan Type'!G14=\"\",\"\",'Loan Type'!G14)","v":""},{"$f":"IF(C14=\"\",\"\",L22/L23)","v":""},{"$f":"'Loan Type'!I14","v":0},{"$f":"IF(C14=\"Y\",MAX((L$29*0.25)-I14,0),\"\")","v":""},{"$f":"IF(OR(C14=\"N\",C14=\"\"),\"\",R23%)","v":""},{"$f":"IF(OR(C14=\"N\",C14=\"\"),\"\",H14*K14)","v":""}]
[null,"Buyer 4",{"$f":"IF('Loan Type'!C15=\"\",\"\",'Loan Type'!C15)","v":""},{"$f":"IF('Loan Type'!D15=\"\",\"\",'Loan Type'!D15)","v":""},{"$f":"IF('Loan Type'!E15=\"\",\"\",'Loan Type'!E15)","v":""},{"$f":"IF('Loan Type'!F15=\"\",\"\",'Loan Type'!F15)","v":""},{"$f":"IF('Loan Type'!G15=\"\",\"\",'Loan Type'!G15)","v":""},{"$f":"IF(C15=\"\",\"\",L22/L23)","v":""},{"$f":"'Loan Type'!I15","v":0},{"$f":"IF(C15=\"Y\",MAX((L$29*0.25)-I15,0),\"\")","v":""},{"$f":"IF(OR(C15=\"N\",C15=\"\"),\"\",S23%)","v":""},{"$f":"IF(OR(C15=\"N\",C15=\"\"),\"\",H15*K15)","v":""},null,null,"Exempt or not",{"$f":"IF(AND($K37>=5%,$K37<10%),5,IF($K37>=10%,10,0))","v":0},{"$f":"IF(AND($K37>=5%,$K37<10%),5,IF($K37>=10%,10,0))","v":0},{"$f":"IF(AND($K37>=5%,$K37<10%),5,IF($K37>=10%,10,0))","v":0},{"$f":"IF(AND($K37>=5%,$K37<10%),5,IF($K37>=10%,10,0))","v":0},{"$f":"IF(AND($K37>=5%,$K37<10%),5,IF($K37>=10%,10,0))","v":0},"V/N/N/N/N 20%",0.2,0.2]
[null,"Buyer 5",{"$f":"IF('Loan Type'!C16=\"\",\"\",'Loan Type'!C16)","v":""},{"$f":"IF('Loan Type'!D16=\"\",\"\",'Loan Type'!D16)","v":""},{"$f":"IF('Loan Type'!E16=\"\",\"\",'Loan Type'!E16)","v":""},{"$f":"IF('Loan Type'!F16=\"\",\"\",'Loan Type'!F16)","v":""},{"$f":"IF('Loan Type'!G16=\"\",\"\",'Loan Type'!G16)","v":""},{"$f":"IF(C16=\"\",\"\",L22/L23)","v":""},{"$f":"'Loan Type'!I16","v":0},{"$f":"IF(C16=\"Y\",MAX((L$29*0.25)-I16,0),\"\")","v":""},{"$f":"IF(OR(C16=\"N\",C16=\"\"),\"\",T23%)","v":""},{"$f":"IF(OR(C16=\"N\",C16=\"\"),\"\",H16*K16)","v":""},{"$nulls":8},"V/N/N/N 25%",0.25,0.19]
[{"$nulls":8},{"$f":"SUM(I12:I16)","v":0},{"$f":"SUM(J12:J16)","v":0},{"$f":"L17/L26","v":{"$error":"#DIV/0!"}},{"$f":"SUM(L12:L16)","v":0},null,null,"Base calculation",{"$f":"IF($E12=\"Y\",0,P18)","v":3.3},{"$f":"IF($E13=\"Y\",0,Q18)","v":3.3},{"$f":"IF($E14=\"Y\",0,R18)","v":3.3},{"$f":"IF($E15=\"Y\",0,S18)","v":3.3},{"$f":"IF($E16=\"Y\",0,T18)","v":3.3},"V/N/N 33.3%",0.333,0.18182]
[null,"Completed By:",{"$nulls":5},"Date of Calculation:",{"$f":"TODAY()","v":"2025-12-06"},null,null,{"$f":"IF(OR(C14=\"N\",C14=\"\"),\"\",H14*K14)","v":""},null,null,"First time use eligibility code",{"$f":"IF(AND($G12=\"Y\",OR($D12=1,$D12=2,$D12=3,$D12=4,$D12=8,$D12=9,$D12=10)),2.15,P19)","v":3.3},{"$f":"IF(AND($G13=\"Y\",OR($D13=1,$D13=2,$D13=3,$D13=4,$D13=8,$D13=9,$D13=10)),2.15,Q19)","v":3.3},{"$f":"IF(AND($G14=\"Y\",OR($D14=1,$D14=2,$D14=3,$D14=4,$D14=8,$D14=9,$D14=10)),2.15,R19)","v":3.3},{"$f":"IF(AND($G15=\"Y\",OR($D15=1,$D15=2,$D15=3,$D15=4,$D15=8,$D15=9,$D15=10)),2.15,S19)","v":3.3},{"$f":"IF(AND($G16=\"Y\",OR($D16=1,$D16=2,$D16=3,$D16=4,$D16=8,$D16=9,$D16=10)),2.15,T19)","v":3.3},"V/V/N/N/N 40%",0.4,0.16]
[{"$nulls":14},"Reserve eligibility code",{"$f":"IF(AND($D12=11,$G12=\"Y\"),2.15,P20)","v":3.3},{"$f":"IF(AND($D13=11,$G13=\"Y\"),2.15,Q20)","v":3.3},{"$f":"IF(AND($D14=11,$G14=\"Y\"),2.15,R20)","v":3.3},{"$f":"IF(AND($D15=11,$G15=\"Y\"),2.15,S20)","v":3.3},{"$f":"IF(AND($D16=11,$G16=\"Y\"),2.15,T20)","v":3.3},"V/N 50%",0.5,0.14286]
[null,"Section II - Borrower Equity Requirement",{"$nulls":12},"Surviving Spouse/POW eligibility code",{"$f":"IF(OR($D12=6,$D12=7),0,P21)","v":3.3},{"$f":"IF(OR($D13=6,$D13=7),0,Q21)","v":3.3},{"$f":"IF(OR($D14=6,$D14=7),0,R21)","v":3.3},{"$f":"IF(OR($D15=6,$D15=7),0,S21)","v":3.3},{"$f":"IF(OR($D16=6,$D16=7),0,T21)","v":3.3},"V/V/V/N/N 60%",0.6,0.12,null,"Information is Gathered from the new loan information"]
[null,"A","Appraised Value",{"$nulls":11},"second time use",3.3,3.3,3.3,3.3,3.3,"V/V/N 66.7%",0.6666666,0.1,null,"Use appraised value or best guess if appraisal not done yet - update when appraisal is done"]
[null,"B","Amount of Loan Seeking",{"$nulls":17},"V/V/V/N 75%",0.75,0.077,null,"It is better to start with the appraised value and let the system provide the maximum loan available"]
[null,"C","Number of Buyers",{"$nulls":6},"If needed, will Veterans approve uneven entitlement split?",null,{"$f":"COUNTA('Loan Type'!C12:C16)","v":0},null,null,"Active vs. R/NG",{"$f":"IF($F12=\"Reserve/NG\",P29,P24)","v":3.3},{"$f":"IF($F13=\"Reserve/NG\",Q29,Q24)","v":3.3},{"$f":"IF($F14=\"Reserve/NG\",R29,R24)","v":3.3},{"$f":"IF($F15=\"Reserve/NG\",S29,S24)","v":3.3},{"$f":"IF($F16=\"Reserve/NG\",T29,T24)","v":3.3},"V/V/V/V/N 80%",0.8,0.063,null,"If more that one Veteran, uneven entitlement question will pop up. If one veteran doesn't have enough "]
[null,"D","Number of Veteran buyers",{"$nulls":7},{"$f":"IF(AND(L24>2,I17>0),\"Stop, contact Military & Veteran Lending for Support\",\"\")","v":""},{"$f":"COUNTIF(C12:C16,\"Y\")","v":0},null,null,"Exempt calc",{"$f":"IF(P17=0,0,P25)","v":3.3},{"$f":"IF(Q17=0,0,Q25)","v":3.3},{"$f":"IF(R17=0,0,R25)","v":3.3},{"$f":"IF(S17=0,0,S25)","v":3.3},{"$f":"IF(T17=0,0,T25)","v":3.3},"V/V 100%",1,0,null,"entitlement and the other has enough to cover theirs and the other veteran's difference creating an "]
[null,"E","Veteran's % of loan",{"$nulls":8},{"$f":"L24/L23","v":{"$error":"#DIV/0!"}},null,null,"DP<5%",{"$f":"IF(AND(P17>0,P15=0),P17,P26)","v":3.3},{"$f":"IF(AND(Q17>0,Q15=0),Q17,Q26)","v":3.3},{"$f":"IF(AND(R17>0,R15=0),R17,R26)","v":3.3},{"$f":"IF(AND(S17>0,S15=0),S17,S26)","v":3.3},{"$f":"IF(AND(T17>0,T15=0),T17,T26)","v":3.3},{"$nulls":4},"uneven split married, then select Y otherwise N"]
[null,"F","Veteran's Portion of Base Loan",{"$nulls":8},{"$f":"L22*L25","v":{"$error":"#DIV/0!"}},null,null,"DP >=5% <10%",{"$f":"IF(AND(P17>0,P15=5),1.5,P27)","v":0},{"$f":"IF(AND(Q17>0,Q15=5),1.5,Q27)","v":0},{"$f":"IF(AND(R17>0,R15=5),1.5,R27)","v":0},{"$f":"IF(AND(S17>0,S15=5),1.5,S27)","v":0},{"$f":"IF(AND(T17>0,T15=5),1.5,T27)","v":0},null,null,"VAL",{"$f":"L21","v":0}]
[null,"G","Equity Required due to Value less than Loan Seeking",{"$nulls":8},{"$f":"IF(L22>L21,L22-L21,0)","v":0},null,null,"DP >=10%",{"$f":"IF(AND(P17>0,P15=10),1.25,0)","v":0},{"$f":"IF(AND(Q17>0,Q15=10),1.25,0)","v":0},{"$f":"IF(AND(R17>0,R15=10),1.25,0)","v":0},{"$f":"IF(AND(S17>0,S15=10),1.25,0)","v":0},{"$f":"IF(AND(T17>0,T15=10),1.25,0)","v":0},null,null,"RGNMAGTY",{"$f":"X26*0.25","v":0}]
[null,"H","Previous Entitlement Used",{"$nulls":3},"State","County",{"$nulls":3},{"$f":"I17","v":0},{"$nulls":10},"GNMAGTY",{"$f":"X29+X30","v":{"$error":"#DIV/0!"}}]
[null,"I","County Loan Limit",{"$nulls":3},{"$f":"ST","v":0},{"$f":"CNTY","v":0},{"$nulls":3},{"$f":"VLOOKUP(H29,'county limits'!J2:K3239,2)","v":{"$error":"#N/A"}},null,null,"R/NG Exempt",{"$f":"IF(P17=0,0,P30)","v":3.3},{"$f":"IF(Q17=0,0,Q30)","v":3.3},{"$f":"IF(R17=0,0,R30)","v":3.3},{"$f":"IF(S17=0,0,S30)","v":3.3},{"$f":"IF(T17=0,0,T30)","v":3.3},null,null,"VAGTY",{"$f":"X31*0.25","v":{"$error":"#DIV/0!"}}]
[null,"J","New Adjusted VA Commitment Loan Limit",{"$nulls":8},{"$f":"O7","v":{"$error":"#DIV/0!"}},null,null,"DP<5%",{"$f":"IF(AND(P17>0,P15=0),P17,P31)","v":3.3},{"$f":"IF(AND(Q17>0,Q15=0),Q17,Q31)","v":3.3},{"$f":"IF(AND(R17>0,R15=0),R17,R31)","v":3.3},{"$f":"IF(AND(S17>0,S15=0),S17,S31)","v":3.3},{"$f":"IF(AND(T17>0,T15=0),T17,T31)","v":3.3},null,null,"EQ",{"$f":"L21*L25*0.25","v":{"$error":"#DIV/0!"}}]
[null,"K","25% of the Difference between Vets portion & county limit",{"$nulls":8},{"$f":"IF((L26-L30)<=0,0,(L26-L30)*0.25)","v":{"$error":"#DIV/0!"}},null,null,"DP >=5% <10%",{"$f":"IF(AND(P17>0,P15=5),1.5,P32)","v":0},{"$f":"IF(AND(Q17>0,Q15=5),1.5,Q32)","v":0},{"$f":"IF(AND(R17>0,R15=5),1.5,R32)","v":0},{"$f":"IF(AND(S17>0,S15=5),1.5,S32)","v":0},{"$f":"IF(AND(T17>0,T15=5),1.5,T32)","v":0},null,null,"VPL",{"$f":"X32*X36","v":{"$error":"#DIV/0!"}}]
[null,"L","Initial Required Equity",{"$nulls":8},{"$f":"ROUNDUP((L21*W41)+L31,0)","v":{"$error":"#DIV/0!"}},null,null,"DP >=10%",{"$f":"IF(AND(P17>0,P15=10),1.25,0)","v":0},{"$f":"IF(AND(Q17>0,Q15=10),1.25,0)","v":0},{"$f":"IF(AND(R17>0,R15=10),1.25,0)","v":0},{"$f":"IF(AND(S17>0,S15=10),1.25,0)","v":0},{"$f":"IF(AND(T17>0,T15=10),1.25,0)","v":0},null,null,"TL",{"$f":"X33-X30","v":{"$error":"#DIV/0!"}}]
[{"$nulls":22},"BL",{"$f":"X26-X30","v":{"$error":"#DIV/0!"}}]
[null,"Section III - Base Maximum Loan Calculations Initial calculation",{"$nulls":20},"FFP",{"$f":"L37","v":{"$error":"#DIV/0!"}}]
[null,"A","Revised Loan Requested",{"$nulls":8},{"$f":"MIN(L22,L21-L32)","v":{"$error":"#DIV/0!"}},{"$nulls":10},"FF",{"$f":"X34*X31","v":{"$error":"#DIV/0!"}}]
[null,"B","Veteran Base Loan Amount",{"$nulls":8},{"$f":"L35*L25","v":{"$error":"#DIV/0!"}},{"$nulls":3},"req gty calcs","% gty",null,"small loan guaranty review",{"$nulls":3},"VP",{"$f":"L25","v":{"$error":"#DIV/0!"}}]
[null,"C","Net Funding fee Percent",{"$nulls":8},{"$f":"K17","v":{"$error":"#DIV/0!"}},null,"pp",{"$f":"MIN(L21,L22)","v":0},{"$f":"O37*0.25","v":0},{"$f":"P37/O37","v":{"$error":"#DIV/0!"}},null,0,{"v":0.5,"d":"50%"},22500,null,"EQ",{"$f":"(X27-X29)","v":{"$error":"#DIV/0!"}}]
[null,"D","Initial Funding Fee",{"$nulls":8},{"$f":"L36*L37","v":{"$error":"#DIV/0!"}},null,"vet portion",{"$f":"O37*L25","v":{"$error":"#DIV/0!"}},{"$nulls":3},45000.01,{"v":0.4,"d":"40%"},22500,null,null,{"$f":"(L57-X27)","v":{"$error":"#DIV/0!"}}]
[null,"E","Total Veteran Loan",{"$nulls":7},{"$f":"IF(L39>L21,\"Loan exceeds 100%, use the New Maximum base loan below\",\"\")","v":{"$error":"#DIV/0!"}},{"$f":"IF(AND((L36+L38)<=144000,L28>=36000),\"Loan Must be Over $144K\",L36+L38)","v":{"$error":"#DIV/0!"}},null,"VA gty",{"$f":"MIN(MIN(L$30,O38)*MIN(SmallP),SmallD)","v":{"$error":"#DIV/0!"}},{"$nulls":3},56250.01,{"v":0.4,"d":"40%"},36000,null,null,{"$f":"X37-X38","v":{"$error":"#DIV/0!"}}]
[null,null,"New Test Veteran Max to remain under value",{"$nulls":8},{"$f":"IF(L39>L21,L21/(1+L37),L21)","v":{"$error":"#DIV/0!"}},null,"diff",0,{"$nulls":3},144000.01,{"v":0.25,"d":"25%"},{"$f":"L51*L25*0.25","v":{"$error":"#DIV/0!"}}]
[null,"F","New Maximum Veteran Base Loan Amount",{"$nulls":8},{"$f":"IF(L36>L40,L40,L36)","v":{"$error":"#DIV/0!"}},null,"Non Vet dp",{"$f":"ROUNDUP(P37-O39,0)","v":{"$error":"#DIV/0!"}},{"$nulls":7},{"$f":"LOOKUP(L25,V15:W24)","v":{"$error":"#DIV/0!"}},{"$f":"W41*X26","v":{"$error":"#DIV/0!"}}]
[null,"G","New Veteran Funding Fee",{"$nulls":8},{"$f":"L37*L41","v":{"$error":"#DIV/0!"}},null,"New LA",{"$f":"O$37-O41+L$38","v":{"$error":"#DIV/0!"}},{"$f":"O39+O41","v":{"$error":"#DIV/0!"}},{"$f":"P42/O37","v":{"$error":"#DIV/0!"}},null,null,{"$f":"VLOOKUP(L51*L25,Smalloan,2,TRUE)","v":{"$error":"#DIV/0!"}},{"$f":"VLOOKUP(L51*L25,Smalloan,3,TRUE)","v":{"$error":"#DIV/0!"}},null,"New FF",{"$f":"(X26-X41)*X36*X34","v":{"$error":"#DIV/0!"}}]
[null,"H","Non-Veteran Portion",{"$nulls":8},{"$f":"L35-L36","v":{"$error":"#DIV/0!"}},null,"Vet portion",{"$f":"O42*L$25","v":{"$error":"#DIV/0!"}},{"$nulls":7},"DP/EQ+New FF",{"$f":"X41+X42","v":{"$error":"#DIV/0!"}}]
[null,"I","Total Adjusted Loan Amount",{"$nulls":8},{"$f":"ROUNDDOWN(L41+L42+L43,0)","v":{"$error":"#DIV/0!"}},null,"VA gty",{"$f":"MIN(MIN(L$30,O43)*MIN(SmallP),SmallD)","v":{"$error":"#DIV/0!"}},{"$nulls":8},{"$f":"X43-X38","v":{"$error":"#DIV/0!"}}]
[{"$nulls":13},"diff",{"$f":"P37-P42","v":{"$error":"#DIV/0!"}},{"$nulls":8},{"$f":"X26-X43","v":{"$error":"#DIV/0!"}}]
[null,"Section IV - Total Loan Final Reconciliation",{"$nulls":11},"Non Vet dp",{"$f":"ROUNDUP(P42-O44,0)+O45","v":{"$error":"#DIV/0!"}}]
[null,"A","Base Loan Amount",{"$nulls":8},{"$f":"L41+L43","v":{"$error":"#DIV/0!"}},null,"New LA",{"$f":"O$37-O46+L$38","v":{"$error":"#DIV/0!"}},{"$f":"O44+O46","v":{"$error":"#DIV/0!"}},{"$f":"P47/O37","v":{"$error":"#DIV/0!"}}]
[null,"B","Veteran's Portion",{"$nulls":8},{"$f":"L47*L25","v":{"$error":"#DIV/0!"}},null,"Vet portion",{"$f":"O47*L$25","v":{"$error":"#DIV/0!"}},{"$nulls":8},{"$f":"X26-X41","v":{"$error":"#DIV/0!"}}]
[null,"C","Non-Veteran's Portion",{"$nulls":8},{"$f":"L47*(1-L25)","v":{"$error":"#DIV/0!"}},null,"VA gty",{"$f":"MIN(MIN(L$30,O48)*MIN(SmallP),SmallD)","v":{"$error":"#DIV/0!"}},{"$nulls":8},{"$f":"X48+X38","v":{"$error":"#DIV/0!"}}]
[null,"D","Veteran's Funding  Fee",{"$nulls":8},{"$f":"L42","v":{"$error":"#DIV/0!"}},null,"diff",{"$f":"P37-P47","v":{"$error":"#DIV/0!"}}]
[null,"E","Total Loan",{"$nulls":7},{"$f":"IF(L51>L21,\"Loan exceeds 100%, use amount on next line\",\"\")","v":{"$error":"#DIV/0!"}},{"$f":"ROUNDDOWN(L48+L49+L50,0)","v":{"$error":"#DIV/0!"}},null,"Non Vet dp",{"$f":"ROUNDUP(P47-O49,0)+O50","v":{"$error":"#DIV/0!"}}]
[{"$nulls":13},"New LA",{"$f":"O$37-O51+L$38","v":{"$error":"#DIV/0!"}},{"$f":"O49+O51","v":{"$error":"#DIV/0!"}},{"$f":"P52/O37","v":{"$error":"#DIV/0!"}},{"$nulls":5},"Notes area"]
[null,"Section V - Guaranty Calculations",{"$nulls":11},"Vet portion",{"$f":"O52*L$25","v":{"$error":"#DIV/0!"}},{"$nulls":7},{"$f":"W41+X46","v":{"$error":"#DIV/0!"}},{"$f":"L21-(W53*L21)","v":{"$error":"#DIV/0!"}}]
[null,"A","Available Entitlement",{"$nulls":8},{"$f":"IF(L39=\"Loan Must be Over $144K\",0,L30*0.25)","v":{"$error":"#DIV/0!"}},null,"VA gty",{"$f":"MIN(MIN(L$30,O53)*MIN(SmallP),SmallD)","v":{"$error":"#DIV/0!"}},{"$nulls":7},0.143167,{"$f":"L21-(W54*L21)","v":0}]
[null,"C","VA Guaranty",{"$nulls":8},{"$f":"IF((L51*L25)>L30,MIN(L30*SmallP,SmallD),MIN(((L51*L25)*SmallP),SmallD))","v":{"$error":"#DIV/0!"}},null,"diff",{"$f":"P37-P52","v":{"$error":"#DIV/0!"}},{"$nulls":7},0.000307]
[null,"B","Equity Amount",{"$nulls":8},{"$f":"L21-L51+L50","v":{"$error":"#DIV/0!"}},null,"Non Vet dp",{"$f":"ROUNDUP(P52-O54,0)+O55","v":{"$error":"#DIV/0!"}},{"$nulls":7},{"$f":"W53+W55","v":{"$error":"#DIV/0!"}},{"$f":"L21-(L21*W56)","v":{"$error":"#DIV/0!"}}]
[null,"D","Total Guaranty",{"$nulls":8},{"$f":"(L55+L56)","v":{"$error":"#DIV/0!"}},null,"New LA",{"$f":"O$37-O56+L$38","v":{"$error":"#DIV/0!"}},{"$f":"O54+O56","v":{"$error":"#DIV/0!"}},{"$f":"P57/O37","v":{"$error":"#DIV/0!"}}]
[null,"E","Percent of VA Guaranty (Veteran portion of loan)",{"$nulls":7},{"$f":"IF(L59<25%,\"Use the amount below\",\"\")","v":{"$error":"#DIV/0!"}},{"$f":"L55/(L51*L25)","v":{"$error":"#DIV/0!"}},null,"Vet portion",{"$f":"O57*L$25","v":{"$error":"#DIV/0!"}}]
[null,"F","Percent of Guaranty (GNMA must be at least 25%)",{"$nulls":6},{"$f":"ROUNDDOWN(IF(L59<25%,(L21-(L31*0.25))/(1+L37),0),-1)","v":{"$error":"#DIV/0!"}},null,{"$f":"L57/L21","v":{"$error":"#DIV/0!"}},null,"VA gty",{"$f":"MIN(MIN(L$30,O58)*MIN(SmallP),SmallD)","v":{"$error":"#DIV/0!"}}]
[{"$nulls":13},"diff",{"$f":"P$37-P57","v":{"$error":"#DIV/0!"}}]
[null,"Energy Efficiency Mortgage Calculations",{"$nulls":11},"Non Vet dp",{"$f":"ROUNDUP(P57-O59,0)+O60","v":{"$error":"#DIV/0!"}}]
[null,"A","EEM Option (up to $6,000)",{"$nulls":10},"New LA",{"$f":"O$37-O61+L$38","v":{"$error":"#DIV/0!"}},{"$f":"O59+O61","v":{"$error":"#DIV/0!"}},{"$f":"P62/O37","v":{"$error":"#DIV/0!"}}]
[null,"B","Guaranty Amount on EEM",{"$nulls":8},{"$f":"L62*L58","v":{"$error":"#DIV/0!"}},null,"Vet portion",{"$f":"O62*L$25","v":{"$error":"#DIV/0!"}}]
[null,"C","EEM Guaranty Total",{"$nulls":8},{"$f":"MIN(L54,L55)+L63","v":{"$error":"#DIV/0!"}},null,"VA gty",{"$f":"MIN(MIN(L$30,O63)*MIN(SmallP),SmallD)","v":{"$error":"#DIV/0!"}}]
[null,"D","EEM Base Loan",{"$nulls":8},{"$f":"L44+L62","v":{"$error":"#DIV/0!"}},null,"diff",{"$f":"P$37-P62","v":{"$error":"#DIV/0!"}},{"$nulls":7},{"$f":"O67/O37","v":{"$error":"#DIV/0!"}}]
[null,"E","EEM Funding Fee Total",{"$nulls":8},{"$f":"(L48+L62)*L37","v":{"$error":"#DIV/0!"}},null,"Non Vet dp",{"$f":"ROUNDUP(P62-O64,0)+O65+1","v":{"$error":"#DIV/0!"}},{"$nulls":7},{"$f":"1-W65","v":{"$error":"#DIV/0!"}}]
[null,"F","EEM Total Loan",{"$nulls":8},{"$f":"ROUNDDOWN(L65+L66,0)","v":{"$error":"#DIV/0!"}},null,"New LA",{"$f":"O$37-O66+L$38","v":{"$error":"#DIV/0!"}},{"$f":"O64+O66","v":{"$error":"#DIV/0!"}},{"$f":"P67/O37","v":{"$error":"#DIV/0!"}}]
[null,"G","VA EEM Guaranty",{"$nulls":8},{"$f":"L64/(L67*L25)","v":{"$error":"#DIV/0!"}},null,"Vet portion",{"$f":"O67*L$25","v":{"$error":"#DIV/0!"}}]
[null,"H","GNMA EEM Guaranty",{"$nulls":6},"This will never be 25% unless the Veteran is funding fee exempt.",null,{"$f":"(L57+L63)/MIN(L21,L22)","v":{"$error":"#DIV/0!"}},null,"VA gty",{"$f":"MIN(MIN(L$30,O68)*MIN(SmallP),SmallD)","v":{"$error":"#DIV/0!"}}]
[]
[]
[]
[null,"Final Reconciliation of Required Joint Loan Information"]
[{"$nulls":3},"Based on the information provided above, the following data is relevant to this loan:"]
[{"$nulls":4},{"$f":"L23","v":0},"Number of Borrowers"]
[{"$nulls":4},{"$f":"L24","v":0},"Number of Veteran Borrowers"]
[{"$nulls":3},{"$f":"L56","v":{"$error":"#DIV/0!"}},null,"Equity Required"]
[{"$nulls":3},{"$f":"L47","v":{"$error":"#DIV/0!"}},null,"Base Loan Amount"]
[{"$nulls":3},{"$f":"L50","v":{"$error":"#DIV/0!"}},null,"Total Funding Fee"]
[{"$nulls":3},{"$f":"TOT_LN","v":{"$error":"#DIV/0!"}},null,"Total Loan Amount"]
[{"$nulls":3},{"$f":"L57","v":{"$error":"#DIV/0!"}},null,"Total Guaranty"]
[{"$nulls":3},{"$f":"L59","v":{"$error":"#DIV/0!"}},null,"Guaranty % for GNMA pooling"]
[null,null,"GNMA rules require 25% guaranty of the lower of the Purchase Price or Appraised Value, not the total loan."]
[null,"Version#","2026-01-01",null,null,"This sheet is locked to maintain calculation fields."]
[null,"Confidential – For Internal Use Only – Do Not Redistribute\nThis document contains confidential information and is intended only for the Newrez family of companies (the Company) employees. This document may not be distributed to third parties without the express consent of the Policy Administration Group of the Company. \nCopyright © 2023. All rights reserved.\nNote: Printed copies of this document or copies posted outside AllRegs might not be the most current version. Refer to AllRegs for the current, approved, and certified version of this document. Refer questions regarding updates to the Policy Administration Group."]

{"sheet":"county limits","index":3,"n_rows":3239,"n_cols":11,"rows_kept":3239}
["State1",null,"State2","County Name","One-Unit Limit",{"$nulls":3},"State2","County Name","One-Unit Limit"]
[null,null,{"$f":"ST","v":0}]
[]
["State1",null,"State2","County Name","One-Unit Limit"]
["AL",null,"AL","AUTAUGA COUNTY",{"v":832750,"d":"$832,750"}]
["AK",null,"AL","BALDWIN COUNTY",{"v":832750,"d":"$832,750"}]
["AZ",null,"AL","BARBOUR COUNTY",{"v":832750,"d":"$832,750"}]
["AR",null,"AL","BIBB COUNTY",{"v":832750,"d":"$832,750"}]
["CA",null,"AL","BLOUNT COUNTY",{"v":832750,"d":"$832,750"}]
["CO",null,"AL","BULLOCK COUNTY",{"v":832750,"d":"$832,750"}]
["CT",null,"AL","BUTLER COUNTY",{"v":832750,"d":"$832,750"}]
["DE",null,"AL","CALHOUN COUNTY",{"v":832750,"d":"$832,750"}]
["DC",null,"AL","CHAMBERS COUNTY",{"v":832750,"d":"$832,750"}]
["FL",null,"AL","CHEROKEE COUNTY",{"v":832750,"d":"$832,750"}]
["GA",null,"AL","CHILTON COUNTY",{"v":832750,"d":"$832,750"}]
["HI",null,"AL","CHOCTAW COUNTY",{"v":832750,"d":"$832,750"}]
["ID",null,"AL","CLARKE COUNTY",{"v":832750,"d":"$832,750"}]
["IL",null,"AL","CLAY COUNTY",{"v":832750,"d":"$832,750"}]
["IN",null,"AL","CLEBURNE COUNTY",{"v":832750,"d":"$832,750"}]
["IA",null,"AL","COFFEE COUNTY",{"v":832750,"d":"$832,750"}]
["KS",null,"AL","COLBERT COUNTY",{"v":832750,"d":"$832,750"}]
["KY",null,"AL","CONECUH COUNTY",{"v":832750,"d":"$832,750"}]
["LA",null,"AL","COOSA COUNTY",{"v":832750,"d":"$832,750"}]
["ME",null,"AL","COVINGTON COUNTY",{"v":832750,"d":"$832,750"}]
["MD",null,"AL","CRENSHAW COUNTY",{"v":832750,"d":"$832,750"}]
["MA",null,"AL","CULLMAN COUNTY",{"v":832750,"d":"$832,750"}]
["MI",null,"AL","DALE COUNTY",{"v":832750,"d":"$832,750"}]
["MN",null,"AL","DALLAS COUNTY",{"v":832750,"d":"$832,750"}]
["MS",null,"AL","DEKALB COUNTY",{"v":832750,"d":"$832,750"}]
["MO",null,"AL","ELMORE COUNTY",{"v":832750,"d":"$832,750"}]
["MT",null,"AL","ESCAMBIA COUNTY",{"v":832750,"d":"$832,750"}]
["NE",null,"AL","ETOWAH COUNTY",{"v":832750,"d":"$832,750"}]
["NV",null,"AL","FAYETTE COUNTY",{"v":832750,"d":"$832,750"}]
["NH",null,"AL","FRANKLIN COUNTY",{"v":832750,"d":"$832,750"}]
["NJ",null,"AL","GENEVA COUNTY",{"v":832750,"d":"$832,750"}]
["NM",null,"AL","GREENE COUNTY",{"v":832750,"d":"$832,750"}]
["NY",null,"AL","HALE COUNTY",{"v":832750,"d":"$832,750"}]
["NC",null,"AL","HENRY COUNTY",{"v":832750,"d":"$832,750"}]
["ND",null,"AL","HOUSTON COUNTY",{"v":832750,"d":"$832,750"}]
["OH",null,"AL","JACKSON COUNTY",{"v":832750,"d":"$832,750"}]
["OK",null,"AL","JEFFERSON COUNTY",{"v":832750,"d":"$832,750"}]
["OR",null,"AL","LAMAR COUNTY",{"v":832750,"d":"$832,750"}]
["PA",null,"AL","LAUDERDALE COUNTY",{"v":832750,"d":"$832,750"}]
["RI",null,"AL","LAWRENCE COUNTY",{"v":832750,"d":"$832,750"}]
["SC",null,"AL","LEE COUNTY",{"v":832750,"d":"$832,750"}]
["SD",null,"AL","LIMESTONE COUNTY",{"v":832750,"d":"$832,750"}]
["TN",null,"AL","LOWNDES COUNTY",{"v":832750,"d":"$832,750"}]
["TX",null,"AL","MACON COUNTY",{"v":832750,"d":"$832,750"}]
["UT",null,"AL","MADISON COUNTY",{"v":832750,"d":"$832,750"}]
["VT",null,"AL","MARENGO COUNTY",{"v":832750,"d":"$832,750"}]
["VA",null,"AL","MARION COUNTY",{"v":832750,"d":"$832,750"}]
["WA",null,"AL","MARSHALL COUNTY",{"v":832750,"d":"$832,750"}]
["WV",null,"AL","MOBILE COUNTY",{"v":832750,"d":"$832,750"}]
["WI",null,"AL","MONROE COUNTY",{"v":832750,"d":"$832,750"}]
["WY",null,"AL","MONTGOMERY COUNTY",{"v":832750,"d":"$832,750"}]
["AS",null,"AL","MORGAN COUNTY",{"v":832750,"d":"$832,750"}]
["GU",null,"AL","PERRY COUNTY",{"v":832750,"d":"$832,750"}]
["MP",null,"AL","PICKENS COUNTY",{"v":832750,"d":"$832,750"}]
["PR",null,"AL","PIKE COUNTY",{"v":832750,"d":"$832,750"}]
["VI",null,"AL","RANDOLPH COUNTY",{"v":832750,"d":"$832,750"}]
[null,null,"AL","RUSSELL COUNTY",{"v":832750,"d":"$832,750"}]
[null,null,"AL","ST. CLAIR COUNTY",{"v":832750,"d":"$832,750"}]
[null,null,"AL","SHELBY COUNTY",{"v":832750,"d":"$832,750"}]
[null,null,"AL","SUMTER COUNTY",{"v":832750,"d":"$832,750"}]
[null,null,"AL","TALLADEGA COUNTY",{"v":832750,"d":"$832,750"}]
[null,null,"AL","TALLAPOOSA COUNTY",{"v":832750,"d":"$832,750"}]
[null,null,"AL","TUSCALOOSA COUNTY",{"v":832750,"d":"$832,750"}]
[null,null,"AL","WALKER COUNTY",{"v":832750,"d":"$832,750"}]
[null,null,"AL","WASHINGTON COUNTY",{"v":832750,"d":"$832,750"}]
[null,null,"AL","WILCOX COUNTY",{"v":832750,"d":"$832,750"}]
[null,null,"AL","WINSTON COUNTY",{"v":832750,"d":"$832,750"}]
[null,null,"AK","ALEUTIANS EAST BOROUGH",{"v":1249125,"d":"$1,249,125"}]
[null,null,"AK","ALEUTIANS WEST CENSUS AREA",{"v":1249125,"d":"$1,249,125"}]
[null,null,"AK","ANCHORAGE MUNICIPALITY",{"v":1249125,"d":"$1,249,125"}]
[null,null,"AK","BETHEL CENSUS AREA",{"v":1249125,"d":"$1,249,125"}]
[null,null,"AK","BRISTOL BAY BOROUGH",{"v":1249125,"d":"$1,249,125"}]
[null,null,"AK","CHUGACH CENSUS AREA",{"v":1249125,"d":"$1,249,125"}]
[null,null,"AK","COPPER RIVER CENSUS AREA",{"v":1249125,"d":"$1,249,125"}]
[null,null,"AK","DENALI BOROUGH",{"v":1249125,"d":"$1,249,125"}]
[null,null,"AK","DILLINGHAM CENSUS AREA",{"v":1249125,"d":"$1,249,125"}]
[null,null,"AK","FAIRBANKS NORTH STAR BOROUGH",{"v":1249125,"d":"$1,249,125"}]
[null,null,"AK","HAINES BOROUGH",{"v":1249125,"d":"$1,249,125"}]
[null,null,"AK","HOONAH-ANGOON CENSUS AREA",{"v":1249125,"d":"$1,249,125"}]
[null,null,"AK","JUNEAU CITY AND BOROUGH",{"v":1249125,"d":"$1,249,125"}]
[null,null,"AK","KENAI PENINSULA BOROUGH",{"v":1249125,"d":"$1,249,125"}]
[null,null,"AK","KETCHIKAN GATEWAY BOROUGH",{"v":1249125,"d":"$1,249,125"}]
[null,null,"AK","KODIAK ISLAND BOROUGH",{"v":1249125,"d":"$1,249,125"}]
[null,null,"AK","KUSILVAK CENSUS AREA",{"v":1249125,"d":"$1,249,125"}]
[null,null,"AK","LAKE AND PENINSULA BOROUGH",{"v":1249125,"d":"$1,249,125"}]
[null,null,"AK","MATANUSKA-SUSITNA BOROUGH",{"v":1249125,"d":"$1,249,125"}]
[null,null,"AK","NOME CENSUS AREA",{"v":1249125,"d":"$1,249,125"}]
[null,null,"AK","NORTH SLOPE BOROUGH",{"v":1249125,"d":"$1,249,125"}]
[null,null,"AK","NORTHWEST ARCTIC BOROUGH",{"v":1249125,"d":"$1,249,125"}]
[null,null,"AK","PETERSBURG CENSUS AREA",{"v":1249125,"d":"$1,249,125"}]
[null,null,"AK","PRINCE OF WALES-HYDER CENSUS AREA",{"v":1249125,"d":"$1,249,125"}]
[null,null,"AK","SITKA CITY AND BOROUGH",{"v":1249125,"d":"$1,249,125"}]
[null,null,"AK","SKAGWAY MUNICIPALITY",{"v":1249125,"d":"$1,249,125"}]
[null,null,"AK","SOUTHEAST FAIRBANKS CENSUS AREA",{"v":1249125,"d":"$1,249,125"}]
[null,null,"AK","WRANGELL CITY AND BOROUGH",{"v":1249125,"d":"$1,249,125"}]
[null,null,"AK","YAKUTAT CITY AND BOROUGH",{"v":1249125,"d":"$1,249,125"}]
[null,null,"AK","YUKON-KOYUKUK CENSUS AREA",{"v":1249125,"d":"$1,249,125"}]
[null,null,"AZ","APACHE COUNTY",{"v":832750,"d":"$832,750"}]
[null,null,"AZ","COCHISE COUNTY",{"v":832750,"d":"$832,750"}]
[null,null,"AZ","COCONINO COUNTY",{"v":832750,"d":"$832,750"}]
[null,null,"AZ","GILA COUNTY",{"v":832750,"d":"$832,750"}]
[null,null,"AZ","GRAHAM COUNTY",{"v":832750,"d":"$832,750"}]
[null,null,"AZ","GREENLEE COUNTY",{"v":832750,"d":"$832,750"}]
[null,null,"AZ","LA PAZ COUNTY",{"v":832750,"d":"$832,750"}]
[null,null,"AZ","MARICOPA COUNTY",{"v":832750,"d":"$832,750"}]
[null,null,"AZ","MOHAVE COUNTY",{"v":832750,"d":"$832,750"}]
[null,null,"AZ","NAVAJO COUNTY",{"v":832750,"d":"$832,750"}]
[null,null,"AZ","PIMA COUNTY",{"v":832750,"d":"$832,750"}]
[null,null,"AZ","PINAL COUNTY",{"v":832750,"d":"$832,750"}]
[null,null,"AZ","SANTA CRUZ COUNTY",{"v":832750,"d":"$832,750"}]
[null,null,"AZ","YAVAPAI COUNTY",{"v":832750,"d":"$832,750"}]
[null,null,"AZ","YUMA COUNTY",{"v":832750,"d":"$832,750"}]
[null,null,"AR","ARKANSAS COUNTY",{"v":832750,"d":"$832,750"}]
[null,null,"AR","ASHLEY COUNTY",{"v":832750,"d":"$832,750"}]
[null,null,"AR","BAXTER COUNTY",{"v":832750,"d":"$832,750"}]
[null,null,"AR","BENTON COUNTY",{"v":832750,"d":"$832,750"}]
[null,null,"AR","BOONE COUNTY",{"v":832750,"d":"$832,750"}]
[null,null,"AR","BRADLEY COUNTY",{"v":832750,"d":"$832,750"}]
[null,null,"AR","CALHOUN COUNTY",{"v":832750,"d":"$832,750"}]
[null,null,"AR","CARROLL COUNTY",{"v":832750,"d":"$832,750"}]
[null,null,"AR","CHICOT COUNTY",{"v":832750,"d":"$832,750"}]
[null,null,"AR","CLARK COUNTY",{"v":832750,"d":"$832,750"}]
[null,null,"AR","CLAY COUNTY",{"v":832750,"d":"$832,750"}]
[null,null,"AR","CLEBURNE COUNTY",{"v":832750,"d":"$832,750"}]
[null,null,"AR","CLEVELAND COUNTY",{"v":832750,"d":"$832,750"}]
[null,null,"AR","COLUMBIA COUNTY",{"v":832750,"d":"$832,750"}]
[null,null,"AR","CONWAY COUNTY",{"v":832750,"d":"$832,750"}]
[null,null,"AR","CRAIGHEAD COUNTY",{"v":832750,"d":"$832,750"}]
[null,null,"AR","CRAWFORD COUNTY",{"v":832750,"d":"$832,750"}]
[null,null,"AR","CRITTENDEN COUNTY",{"v":832750,"d":"$832,750"}]
[null,null,"AR","CROSS COUNTY",{"v":832750,"d":"$832,750"}]
[null,null,"AR","DALLAS COUNTY",{"v":832750,"d":"$832,750"}]
[null,null,"AR","DESHA COUNTY",{"v":832750,"d":"$832,750"}]
[null,null,"AR","DREW COUNTY",{"v":832750,"d":"$832,750"}]
[null,null,"AR","FAULKNER COUNTY",{"v":832750,"d":"$832,750"}]
[null,null,"AR","FRANKLIN COUNTY",{"v":832750,"d":"$832,750"}]
[null,null,"AR","FULTON COUNTY",{"v":832750,"d":"$832,750"}]
[null,null,"AR","GARLAND COUNTY",{"v":832750,"d":"$832,750"}]
[null,null,"AR","GRANT COUNTY",{"v":832750,"d":"$832,750"}]
[null,null,"AR","GREENE COUNTY",{"v":832750,"d":"$832,750"}]
[null,null,"AR","HEMPSTEAD COUNTY",{"v":832750,"d":"$832,750"}]
[null,null,"AR","HOT SPRING COUNTY",{"v":832750,"d":"$832,750"}]
[null,null,"AR","HOWARD COUNTY",{"v":832750,"d":"$832,750"}]
[null,null,"AR","INDEPENDENCE COUNTY",{"v":832750,"d":"$832,750"}]
[null,null,"AR","IZARD COUNTY",{"v":832750,"d":"$832,750"}]
[null,null,"AR","JACKSON COUNTY",{"v":832750,"d":"$832,750"}]
[null,null,"AR","JEFFERSON COUNTY",{"v":832750,"d":"$832,750"}]
[null,null,"AR","JOHNSON COUNTY",{"v":832750,"d":"$832,750"}]
[null,null,"AR","LAFAYETTE COUNTY",{"v":832750,"d":"$832,750"}]
[null,null,"AR","LAWRENCE COUNTY",{"v":832750,"d":"$832,750"}]
[null,null,"AR","LEE COUNTY",{"v":832750,"d":"$832,750"}]
[null,null,"AR","LINCOLN COUNTY",{"v":832750,"d":"$832,750"}]
[null,null,"AR","LITTLE RIVER COUNTY",{"v":832750,"d":"$832,750"}]
[null,null,"AR","LOGAN COUNTY",{"v":832750,"d":"$832,750"}]
[null,null,"AR","LONOKE COUNTY",{"v":832750,"d":"$832,750"}]
[null,null,"AR","MADISON COUNTY",{"v":832750,"d":"$832,750"}]
[null,null,"AR","MARION COUNTY",{"v":832750,"d":"$832,750"}]
[null,null,"AR","MILLER COUNTY",{"v":832750,"d":"$832,750"}]
[null,null,"AR","MISSISSIPPI COUNTY",{"v":832750,"d":"$832,750"}]
[null,null,"AR","MONROE COUNTY",{"v":832750,"d":"$832,750"}]
[null,null,"AR","MONTGOMERY COUNTY",{"v":832750,"d":"$832,750"}]
[null,null,"AR","NEVADA COUNTY",{"v":832750,"d":"$832,750"}]
[null,null,"AR","NEWTON COUNTY",{"v":832750,"d":"$832,750"}]
[null,null,"AR","OUACHITA COUNTY",{"v":832750,"d":"$832,750"}]
[null,null,"AR","PERRY COUNTY",{"v":832750,"d":"$832,750"}]
[null,null,"AR","PHILLIPS COUNTY",{"v":832750,"d":"$832,750"}]
[null,null,"AR","PIKE COUNTY",{"v":832750,"d":"$832,750"}]
[null,null,"AR","POINSETT COUNTY",{"v":832750,"d":"$832,750"}]
[null,null,"AR","POLK COUNTY",{"v":832750,"d":"$832,750"}]
[null,null,"AR","POPE COUNTY",{"v":832750,"d":"$832,750"}]
[null,null,"AR","PRAIRIE COUNTY",{"v":832750,"d":"$832,750"}]
[null,null,"AR","PULASKI COUNTY",{"v":832750,"d":"$832,750"}]
[null,null,"AR","RANDOLPH COUNTY",{"v":832750,"d":"$832,750"}]
[null,null,"AR","ST. FRANCIS COUNTY",{"v":832750,"d":"$832,750"}]
[null,null,"AR","SALINE COUNTY",{"v":832750,"d":"$832,750"}]
[null,null,"AR","SCOTT COUNTY",{"v":832750,"d":"$832,750"}]
[null,null,"AR","SEARCY COUNTY",{"v":832750,"d":"$832,750"}]
[null,null,"AR","SEBASTIAN COUNTY",{"v":832750,"d":"$832,750"}]
[null,null,"AR","SEVIER COUNTY",{"v":832750,"d":"$832,750"}]
[null,null,"AR","SHARP COUNTY",{"v":832750,"d":"$832,750"}]
[null,null,"AR","STONE COUNTY",{"v":832750,"d":"$832,750"}]
[null,null,"AR","UNION COUNTY",{"v":832750,"d":"$832,750"}]
[null,null,"AR","VAN BUREN COUNTY",{"v":832750,"d":"$832,750"}]
[null,null,"AR","WASHINGTON COUNTY",{"v":832750,"d":"$832,750"}]
[null,null,"AR","WHITE COUNTY",{"v":832750,"d":"$832,750"}]
[null,null,"AR","WOODRUFF COUNTY",{"v":832750,"d":"$832,750"}]
[null,null,"AR","YELL COUNTY",{"v":832750,"d":"$832,750"}]
[null,null,"CA","ALAMEDA COUNTY",{"v":1249125,"d":"$1,249,125"}]
[null,null,"CA","ALPINE COUNTY",{"v":832750,"d":"$832,750"}]
[null,null,"CA","AMADOR COUNTY",{"v":832750,"d":"$832,750"}]
[null,null,"CA","BUTTE COUNTY",{"v":832750,"d":"$832,750"}]
[null,null,"CA","CALAVERAS COUNTY",{"v":832750,"d":"$832,750"}]
[null,null,"CA","COLUSA COUNTY",{"v":832750,"d":"$832,750"}]
[null,null,"CA","CONTRA COSTA COUNTY",{"v":1249125,"d":"$1,249,125"}]
[null,null,"CA","DEL NORTE COUNTY",{"v":832750,"d":"$832,750"}]
[null,null,"CA","EL DORADO COUNTY",{"v":832750,"d":"$832,750"}]
[null,null,"CA","FRESNO COUNTY",{"v":832750,"d":"$832,750"}]
[null,null,"CA","GLENN COUNTY",{"v":832750,"d":"$832,750"}]
[null,null,"CA","HUMBOLDT COUNTY",{"v":832750,"d":"$832,750"}]
[null,null,"CA","IMPERIAL COUNTY",{"v":832750,"d":"$832,750"}]
[null,null,"CA","INYO COUNTY",{"v":832750,"d":"$832,750"}]
[null,null,"CA","KERN COUNTY",{"v":832750,"d":"$832,750"}]
[null,null,"CA","KINGS COUNTY",{"v":832750,"d":"$832,750"}]
[null,null,"CA","LAKE COUNTY",{"v":832750,"d":"$832,750"}]
[null,null,"CA","LASSEN COUNTY",{"v":832750,"d":"$832,750"}]
[null,null,"CA","LOS ANGELES COUNTY",{"v":1249125,"d":"$1,249,125"}]
[null,null,"CA","MADERA COUNTY",{"v":832750,"d":"$832,750"}]
[null,null,"CA","MARIN COUNTY",{"v":1249125,"d":"$1,249,125"}]
[null,null,"CA","MARIPOSA COUNTY",{"v":832750,"d":"$832,750"}]
[null,null,"CA","MENDOCINO COUNTY",{"v":832750,"d":"$832,750"}]
[null,null,"CA","MERCED COUNTY",{"v":832750,"d":"$832,750"}]
[null,null,"CA","MODOC COUNTY",{"v":832750,"d":"$832,750"}]
[null,null,"CA","MONO COUNTY",{"v":832750,"d":"$832,750"}]
[null,null,"CA","MONTEREY COUNTY",{"v":994750,"d":"$994,750"}]
[null,null,"CA","NAPA COUNTY",{"v":1017750,"d":"$1,017,750"}]
[null,null,"CA","NEVADA COUNTY",{"v":832750,"d":"$832,750"}]
[null,null,"CA","ORANGE COUNTY",{"v":1249125,"d":"$1,249,125"}]
[null,null,"CA","PLACER COUNTY",{"v":832750,"d":"$832,750"}]
[null,null,"CA","PLUMAS COUNTY",{"v":832750,"d":"$832,750"}]
[null,null,"CA","RIVERSIDE COUNTY",{"v":832750,"d":"$832,750"}]
[null,null,"CA","SACRAMENTO COUNTY",{"v":832750,"d":"$832,750"}]
[null,null,"CA","SAN BENITO COUNTY",{"v":1249125,"d":"$1,249,125"}]
[null,null,"CA","SAN BERNARDINO COUNTY",{"v":832750,"d":"$832,750"}]
[null,null,"CA","SAN DIEGO COUNTY",{"v":1104000,"d":"$1,104,000"}]
[null,null,"CA","SAN FRANCISCO COUNTY",{"v":1249125,"d":"$1,249,125"}]
[null,null,"CA","SAN JOAQUIN COUNTY",{"v":832750,"d":"$832,750"}]
[null,null,"CA","SAN LUIS OBISPO COUNTY",{"v":1000500,"d":"$1,000,500"}]
[null,null,"CA","SAN MATEO COUNTY",{"v":1249125,"d":"$1,249,125"}]
[null,null,"CA","SANTA BARBARA COUNTY",{"v":941850,"d":"$941,850"}]
[null,null,"CA","SANTA CLARA COUNTY",{"v":1249125,"d":"$1,249,125"}]
[null,null,"CA","SANTA CRUZ COUNTY",{"v":1249125,"d":"$1,249,125"}]
[null,null,"CA","SHASTA COUNTY",{"v":832750,"d":"$832,750"}]
[null,null,"CA","SIERRA COUNTY",{"v":832750,"d":"$832,750"}]
[null,null,"CA","SISKIYOU COUNTY",{"v":832750,"d":"$832,750"}]
[null,null,"CA","SOLANO COUNTY",{"v":832750,"d":"$832,750"}]
[null,null,"CA","SONOMA COUNTY",{"v":897000,"d":"$897,000"}]
[null,null,"CA","STANISLAUS COUNTY",{"v":832750,"d":"$832,750"}]
[null,null,"CA","SUTTER COUNTY",{"v":832750,"d":"$832,750"}]
[null,null,"CA","TEHAMA COUNTY",{"v":832750,"d":"$832,750"}]
[null,null,"CA","TRINITY COUNTY",{"v":832750,"d":"$832,750"}]
[null,null,"CA","TULARE COUNTY",{"v":832750,"d":"$832,750"}]
[null,null,"CA","TUOLUMNE COUNTY",{"v":832750,"d":"$832,750"}]
[null,null,"CA","VENTURA COUNTY",{"v":1035000,"d":"$1,035,000"}]
[null,null,"CA","YOLO COUNTY",{"v":832750,"d":"$832,750"}]
[null,null,"CA","YUBA COUNTY",{"v":832750,"d":"$832,750"}]
[null,null,"CO","ADAMS COUNTY",{"v":862500,"d":"$862,500"}]
[null,null,"CO","ALAMOSA COUNTY",{"v":832750,"d":"$832,750"}]
[null,null,"CO","ARAPAHOE COUNTY",{"v":862500,"d":"$862,500"}]
[null,null,"CO","ARCHULETA COUNTY",{"v":832750,"d":"$832,750"}]
[null,null,"CO","BACA COUNTY",{"v":832750,"d":"$832,750"}]
[null,null,"CO","BENT COUNTY",{"v":832750,"d":"$832,750"}]
[null,null,"CO","BOULDER COUNTY",{"v":879750,"d":"$879,750"}]
[null,null,"CO","BROOMFIELD COUNTY",{"v":862500,"d":"$862,500"}]
[null,null,"CO","CHAFFEE COUNTY",{"v":832750,"d":"$832,750"}]
[null,null,"CO","CHEYENNE COUNTY",{"v":832750,"d":"$832,750"}]
[null,null,"CO","CLEAR CREEK COUNTY",{"v":862500,"d":"$862,500"}]
[null,null,"CO","CONEJOS COUNTY",{"v":832750,"d":"$832,750"}]
[null,null,"CO","COSTILLA COUNTY",{"v":832750,"d":"$832,750"}]
[null,null,"CO","CROWLEY COUNTY",{"v":832750,"d":"$832,750"}]
[null,null,"CO","CUSTER COUNTY",{"v":832750,"d":"$832,750"}]
[null,null,"CO","DELTA COUNTY",{"v":832750,"d":"$832,750"}]
[null,null,"CO","DENVER COUNTY",{"v":862500,"d":"$862,500"}]
[null,null,"CO","DOLORES COUNTY",{"v":832750,"d":"$832,750"}]
[null,null,"CO","DOUGLAS COUNTY",{"v":862500,"d":"$862,500"}]
[null,null,"CO","EAGLE COUNTY",{"v":1249125,"d":"$1,249,125"}]
[null,null,"CO","ELBERT COUNTY",{"v":862500,"d":"$862,500"}]
[null,null,"CO","EL PASO COUNTY",{"v":832750,"d":"$832,750"}]
[null,null,"CO","FREMONT COUNTY",{"v":832750,"d":"$832,750"}]
[null,null,"CO","GARFIELD COUNTY",{"v":1209750,"d":"$1,209,750"}]
[null,null,"CO","GILPIN COUNTY",{"v":862500,"d":"$862,500"}]
[null,null,"CO","GRAND COUNTY",{"v":883200,"d":"$883,200"}]
[null,null,"CO","GUNNISON COUNTY",{"v":832750,"d":"$832,750"}]
[null,null,"CO","HINSDALE COUNTY",{"v":832750,"d":"$832,750"}]
[null,null,"CO","HUERFANO COUNTY",{"v":832750,"d":"$832,750"}]
[null,null,"CO","JACKSON COUNTY",{"v":832750,"d":"$832,750"}]
[null,null,"CO","JEFFERSON COUNTY",{"v":862500,"d":"$862,500"}]
[null,null,"CO","KIOWA COUNTY",{"v":832750,"d":"$832,750"}]
[null,null,"CO","KIT CARSON COUNTY",{"v":832750,"d":"$832,750"}]
[null,null,"CO","LAKE COUNTY",{"v":1092500,"d":"$1,092,500"}]
[null,null,"CO","LA PLATA COUNTY",{"v":832750,"d":"$832,750"}]
[null,null,"CO","LARIMER COUNTY",{"v":832750,"d":"$832,750"}]
[null,null,"CO","LAS ANIMAS COUNTY",{"v":832750,"d":"$832,750"}]
[null,null,"CO","LINCOLN COUNTY",{"v":832750,"d":"$832,750"}]
[null,null,"CO","LOGAN COUNTY",{"v":832750,"d":"$832,750"}]
[null,null,"CO","MESA COUNTY",{"v":832750,"d":"$832,750"}]
[null,null,"CO","MINERAL COUNTY",{"v":832750,"d":"$832,750"}]
[null,null,"CO","MOFFAT COUNTY",{"v":1089050,"d":"$1,089,050"}]
[null,null,"CO","MONTEZUMA COUNTY",{"v":832750,"d":"$832,750"}]
[null,null,"CO","MONTROSE COUNTY",{"v":832750,"d":"$832,750"}]
[null,null,"CO","MORGAN COUNTY",{"v":832750,"d":"$832,750"}]
[null,null,"CO","OTERO COUNTY",{"v":832750,"d":"$832,750"}]
[null,null,"CO","OURAY COUNTY",{"v":832750,"d":"$832,750"}]
[null,null,"CO","PARK COUNTY",{"v":862500,"d":"$862,500"}]
[null,null,"CO","PHILLIPS COUNTY",{"v":832750,"d":"$832,750"}]
[null,null,"CO","PITKIN COUNTY",{"v":1209750,"d":"$1,209,750"}]
[null,null,"CO","PROWERS COUNTY",{"v":832750,"d":"$832,750"}]
[null,null,"CO","PUEBLO COUNTY",{"v":832750,"d":"$832,750"}]
[null,null,"CO","RIO BLANCO COUNTY",{"v":832750,"d":"$832,750"}]
[null,null,"CO","RIO GRANDE COUNTY",{"v":832750,"d":"$832,750"}]
[null,null,"CO","ROUTT COUNTY",{"v":1089050,"d":"$1,089,050"}]
[null,null,"CO","SAGUACHE COUNTY",{"v":832750,"d":"$832,750"}]
[null,null,"CO","SAN JUAN COUNTY",{"v":832750,"d":"$832,750"}]
[null,null,"CO","SAN MIGUEL COUNTY",{"v":994750,"d":"$994,750"}]
[null,null,"CO","SEDGWICK COUNTY",{"v":832750,"d":"$832,750"}]
[null,null,"CO","SUMMIT COUNTY",{"v":1092500,"d":"$1,092,500"}]
[null,null,"CO","TELLER COUNTY",{"v":832750,"d":"$832,750"}]
[null,null,"CO","WASHINGTON COUNTY",{"v":832750,"d":"$832,750"}]
[null,null,"CO","WELD COUNTY",{"v":832750,"d":"$832,750"}]
[null,null,"CO","YUMA COUNTY",{"v":832750,"d":"$832,750"}]
[null,null,"CT","Capitol Planning Region",{"v":832750,"d":"$832,750"}]
[null,null,"CT","Greater Bridgeport Planning Region",{"v":977500,"d":"$977,500"}]
[null,null,"CT","Lower Connecticut River Valley Planning Region",{"v":832750,"d":"$832,750"}]
[null,null,"CT","Naugatuck Valley Planning Region",{"v":851000,"d":"$851,000"}]
[null,null,"CT","Northeastern Connecticut Planning Region",{"v":832750,"d":"$832,750"}]
[null,null,"CT","Northwest Hills Planning Region",{"v":832750,"d":"$832,750"}]
[null,null,"CT","South Central Connecticut Planning Region",{"v":832750,"d":"$832,750"}]
[null,null,"CT","Southeastern Connecticut Planning Region",{"v":832750,"d":"$832,750"}]
[null,null,"CT","Western Connecticut Planning Region",{"v":977500,"d":"$977,500"}]
[null,null,"DE","KENT COUNTY",{"v":832750,"d":"$832,750"}]
[null,null,"DE","NEW CASTLE COUNTY",{"v":832750,"d":"$832,750"}]
[null,null,"DE","SUSSEX COUNTY",{"v":832750,"d":"$832,750"}]
[null,null,"DC","DISTRICT OF COLUMBIA",{"v":1249125,"d":"$1,249,125"}]
[null,null,"FL","ALACHUA COUNTY",{"v":832750,"d":"$832,750"}]
[null,null,"FL","BAKER COUNTY",{"v":832750,"d":"$832,750"}]
[null,null,"FL","BAY COUNTY",{"v":832750,"d":"$832,750"}]
[null,null,"FL","BRADFORD COUNTY",{"v":832750,"d":"$832,750"}]
[null,null,"FL","BREVARD COUNTY",{"v":832750,"d":"$832,750"}]
[null,null,"FL","BROWARD COUNTY",{"v":832750,"d":"$832,750"}]
[null,null,"FL","CALHOUN COUNTY",{"v":832750,"d":"$832,750"}]
[null,null,"FL","CHARLOTTE COUNTY",{"v":832750,"d":"$832,750"}]
[null,null,"FL","CITRUS COUNTY",{"v":832750,"d":"$832,750"}]
[null,null,"FL","CLAY COUNTY",{"v":832750,"d":"$832,750"}]
[null,null,"FL","COLLIER COUNTY",{"v":832750,"d":"$832,750"}]
[null,null,"FL","COLUMBIA COUNTY",{"v":832750,"d":"$832,750"}]
[null,null,"FL","DESOTO COUNTY",{"v":832750,"d":"$832,750"}]
[null,null,"FL","DIXIE COUNTY",{"v":832750,"d":"$832,750"}]
[null,null,"FL","DUVAL COUNTY",{"v":832750,"d":"$832,750"}]
[null,null,"FL","ESCAMBIA COUNTY",{"v":832750,"d":"$832,750"}]
[null,null,"FL","FLAGLER COUNTY",{"v":832750,"d":"$832,750"}]
[null,null,"FL","FRANKLIN COUNTY",{"v":832750,"d":"$832,750"}]
[null,null,"FL","GADSDEN COUNTY",{"v":832750,"d":"$832,750"}]
[null,null,"FL","GILCHRIST COUNTY",{"v":832750,"d":"$832,750"}]
[null,null,"FL","GLADES COUNTY",{"v":832750,"d":"$832,750"}]
[null,null,"FL","GULF COUNTY",{"v":832750,"d":"$832,750"}]
[null,null,"FL","HAMILTON COUNTY",{"v":832750,"d":"$832,750"}]
[null,null,"FL","HARDEE COUNTY",{"v":832750,"d":"$832,750"}]
[null,null,"FL","HENDRY COUNTY",{"v":832750,"d":"$832,750"}]
[null,null,"FL","HERNANDO COUNTY",{"v":832750,"d":"$832,750"}]
[null,null,"FL","HIGHLANDS COUNTY",{"v":832750,"d":"$832,750"}]
[null,null,"FL","HILLSBOROUGH COUNTY",{"v":832750,"d":"$832,750"}]
[null,null,"FL","HOLMES COUNTY",{"v":832750,"d":"$832,750"}]
[null,null,"FL","INDIAN RIVER COUNTY",{"v":832750,"d":"$832,750"}]
[null,null,"FL","JACKSON COUNTY",{"v":832750,"d":"$832,750"}]
[null,null,"FL","JEFFERSON COUNTY",{"v":832750,"d":"$832,750"}]
[null,null,"FL","LAFAYETTE COUNTY",{"v":832750,"d":"$832,750"}]
[null,null,"FL","LAKE COUNTY",{"v":832750,"d":"$832,750"}]
[null,null,"FL","LEE COUNTY",{"v":832750,"d":"$832,750"}]
[null,null,"FL","LEON COUNTY",{"v":832750,"d":"$832,750"}]
[null,null,"FL","LEVY COUNTY",{"v":832750,"d":"$832,750"}]
[null,null,"FL","LIBERTY COUNTY",{"v":832750,"d":"$832,750"}]
[null,null,"FL","MADISON COUNTY",{"v":832750,"d":"$832,750"}]
[null,null,"FL","MANATEE COUNTY",{"v":832750,"d":"$832,750"}]
[null,null,"FL","MARION COUNTY",{"v":832750,"d":"$832,750"}]
[null,null,"FL","MARTIN COUNTY",{"v":832750,"d":"$832,750"}]
[null,null,"FL","MIAMI-DADE COUNTY",{"v":832750,"d":"$832,750"}]
[null,null,"FL","MONROE COUNTY",{"v":990150,"d":"$990,150"}]
[null,null,"FL","NASSAU COUNTY",{"v":832750,"d":"$832,750"}]
[null,null,"FL","OKALOOSA COUNTY",{"v":832750,"d":"$832,750"}]
[null,null,"FL","OKEECHOBEE COUNTY",{"v":832750,"d":"$832,750"}]
[null,null,"FL","ORANGE COUNTY",{"v":832750,"d":"$832,750"}]
[null,null,"FL","OSCEOLA COUNTY",{"v":832750,"d":"$832,750"}]
[null,null,"FL","PALM BEACH COUNTY",{"v":832750,"d":"$832,750"}]
[null,null,"FL","PASCO COUNTY",{"v":832750,"d":"$832,750"}]
[null,null,"FL","PINELLAS COUNTY",{"v":832750,"d":"$832,750"}]
[null,null,"FL","POLK COUNTY",{"v":832750,"d":"$832,750"}]
[null,null,"FL","PUTNAM COUNTY",{"v":832750,"d":"$832,750"}]
[null,null,"FL","ST. JOHNS COUNTY",{"v":832750,"d":"$832,750"}]
[null,null,"FL","ST. LUCIE COUNTY",{"v":832750,"d":"$832,750"}]
[null,null,"FL","SANTA ROSA COUNTY",{"v":832750,"d":"$832,750"}]
[null,null,"FL","SARASOTA COUNTY",{"v":832750,"d":"$832,750"}]
[null,null,"FL","SEMINOLE COUNTY",{"v":832750,"d":"$832,750"}]
[null,null,"FL","SUMTER COUNTY",{"v":832750,"d":"$832,750"}]
[null,null,"FL","SUWANNEE COUNTY",{"v":832750,"d":"$832,750"}]
[null,null,"FL","TAYLOR COUNTY",{"v":832750,"d":"$832,750"}]
[null,null,"FL","UNION COUNTY",{"v":832750,"d":"$832,750"}]
[null,null,"FL","VOLUSIA COUNTY",{"v":832750,"d":"$832,750"}]
[null,null,"FL","WAKULLA COUNTY",{"v":832750,"d":"$832,750"}]
[null,null,"FL","WALTON COUNTY",{"v":832750,"d":"$832,750"}]
[null,null,"FL","WASHINGTON COUNTY",{"v":832750,"d":"$832,750"}]
[null,null,"GA","APPLING COUNTY",{"v":832750,"d":"$832,750"}]
[null,null,"GA","ATKINSON COUNTY",{"v":832750,"d":"$832,750"}]
[null,null,"GA","BACON COUNTY",{"v":832750,"d":"$832,750"}]
[null,null,"GA","BAKER COUNTY",{"v":832750,"d":"$832,750"}]
[null,null,"GA","BALDWIN COUNTY",{"v":832750,"d":"$832,750"}]
[null,null,"GA","BANKS COUNTY",{"v":832750,"d":"$832,750"}]
[null,null,"GA","BARROW COUNTY",{"v":832750,"d":"$832,750"}]
[null,null,"GA","BARTOW COUNTY",{"v":832750,"d":"$832,750"}]
[null,null,"GA","BEN HILL COUNTY",{"v":832750,"d":"$832,750"}]
[null,null,"GA","BERRIEN COUNTY",{"v":832750,"d":"$832,750"}]
[null,null,"GA","BIBB COUNTY",{"v":832750,"d":"$832,750"}]
[null,null,"GA","BLECKLEY COUNTY",{"v":832750,"d":"$832,750"}]
[null,null,"GA","BRANTLEY COUNTY",{"v":832750,"d":"$832,750"}]
[null,null,"GA","BROOKS COUNTY",{"v":832750,"d":"$832,750"}]
[null,null,"GA","BRYAN COUNTY",{"v":832750,"d":"$832,750"}]
[null,null,"GA","BULLOCH COUNTY",{"v":832750,"d":"$832,750"}]
[null,null,"GA","BURKE COUNTY",{"v":832750,"d":"$832,750"}]
[null,null,"GA","BUTTS COUNTY",{"v":832750,"d":"$832,750"}]
[null,null,"GA","CALHOUN COUNTY",{"v":832750,"d":"$832,750"}]
[null,null,"GA","CAMDEN COUNTY",{"v":832750,"d":"$832,750"}]
[null,null,"GA","CANDLER COUNTY",{"v":832750,"d":"$832,750"}]
[null,null,"GA","CARROLL COUNTY",{"v":832750,"d":"$832,750"}]
[null,null,"GA","CATOOSA COUNTY",{"v":832750,"d":"$832,750"}]
[null,null,"GA","CHARLTON COUNTY",{"v":832750,"d":"$832,750"}]
[null,null,"GA","CHATHAM COUNTY",{"v":832750,"d":"$832,750"}]
[null,null,"GA","CHATTAHOOCHEE COUNTY",{"v":832750,"d":"$832,750"}]
[null,null,"GA","CHATTOOGA COUNTY",{"v":832750,"d":"$832,750"}]
[null,null,"GA","CHEROKEE COUNTY",{"v":832750,"d":"$832,750"}]
[null,null,"GA","CLARKE COUNTY",{"v":832750,"d":"$832,750"}]
[null,null,"GA","CLAY COUNTY",{"v":832750,"d":"$832,750"}]
[null,null,"GA","CLAYTON COUNTY",{"v":832750,"d":"$832,750"}]
[null,null,"GA","CLINCH COUNTY",{"v":832750,"d":"$832,750"}]
[null,null,"GA","COBB COUNTY",{"v":832750,"d":"$832,750"}]
[null,null,"GA","COFFEE COUNTY",{"v":832750,"d":"$832,750"}]
[null,null,"GA","COLQUITT COUNTY",{"v":832750,"d":"$832,750"}]
[null,null,"GA","COLUMBIA COUNTY",{"v":832750,"d":"$832,750"}]
[null,null,"GA","COOK COUNTY",{"v":832750,"d":"$832,750"}]
[null,null,"GA","COWETA COUNTY",{"v":832750,"d":"$832,750"}]
[null,null,"GA","CRAWFORD COUNTY",{"v":832750,"d":"$832,750"}]
[null,null,"GA","CRISP COUNTY",{"v":832750,"d":"$832,750"}]
[null,null,"GA","DADE COUNTY",{"v":832750,"d":"$832,750"}]
[null,null,"GA","DAWSON COUNTY",{"v":832750,"d":"$832,750"}]
[null,null,"GA","DECATUR COUNTY",{"v":832750,"d":"$832,750"}]
[null,null,"GA","DEKALB COUNTY",{"v":832750,"d":"$832,750"}]
[null,null,"GA","DODGE COUNTY",{"v":832750,"d":"$832,750"}]
[null,null,"GA","DOOLY COUNTY",{"v":832750,"d":"$832,750"}]
[null,null,"GA","DOUGHERTY COUNTY",{"v":832750,"d":"$832,750"}]
[null,null,"GA","DOUGLAS COUNTY",{"v":832750,"d":"$832,750"}]
[null,null,"GA","EARLY COUNTY",{"v":832750,"d":"$832,750"}]
[null,null,"GA","ECHOLS COUNTY",{"v":832750,"d":"$832,750"}]
[null,null,"GA","EFFINGHAM COUNTY",{"v":832750,"d":"$832,750"}]
[null,null,"GA","ELBERT COUNTY",{"v":832750,"d":"$832,750"}]
[null,null,"GA","EMANUEL COUNTY",{"v":832750,"d":"$832,750"}]
[null,null,"GA","EVANS COUNTY",{"v":832750,"d":"$832,750"}]
[null,null,"GA","FANNIN COUNTY",{"v":832750,"d":"$832,750"}]
[null,null,"GA","FAYETTE COUNTY",{"v":832750,"d":"$832,750"}]
[null,null,"GA","FLOYD COUNTY",{"v":832750,"d":"$832,750"}]
[null,null,"GA","FORSYTH COUNTY",{"v":832750,"d":"$832,750"}]
[null,null,"GA","FRANKLIN COUNTY",{"v":832750,"d":"$832,750"}]
[null,null,"GA","FULTON COUNTY",{"v":832750,"d":"$832,750"}]
[null,null,"GA","GILMER COUNTY",{"v":832750,"d":"$832,750"}]
[null,null,"GA","GLASCOCK COUNTY",{"v":832750,"d":"$832,750"}]
[null,null,"GA","GLYNN COUNTY",{"v":832750,"d":"$832,750"}]
[null,null,"GA","GORDON COUNTY",{"v":832750,"d":"$832,750"}]
[null,null,"GA","GRADY COUNTY",{"v":832750,"d":"$832,750"}]
[null,null,"GA","GREENE COUNTY",{"v":832750,"d":"$832,750"}]
[null,null,"GA","GWINNETT COUNTY",{"v":832750,"d":"$832,750"}]
[null,null,"GA","HABERSHAM COUNTY",{"v":832750,"d":"$832,750"}]
[null,null,"GA","HALL COUNTY",{"v":832750,"d":"$832,750"}]
[null,null,"GA","HANCOCK COUNTY",{"v":832750,"d":"$832,750"}]
[null,null,"GA","HARALSON COUNTY",{"v":832750,"d":"$832,750"}]
[null,null,"GA","HARRIS COUNTY",{"v":832750,"d":"$832,750"}]
[null,null,"GA","HART COUNTY",{"v":832750,"d":"$832,750"}]
[null,null,"GA","HEARD COUNTY",{"v":832750,"d":"$832,750"}]
[null,null,"GA","HENRY COUNTY",{"v":832750,"d":"$832,750"}]
[null,null,"GA","HOUSTON COUNTY",{"v":832750,"d":"$832,750"}]
[null,null,"GA","IRWIN COUNTY",{"v":832750,"d":"$832,750"}]
[null,null,"GA","JACKSON COUNTY",{"v":832750,"d":"$832,750"}]
[null,null,"GA","JASPER COUNTY",{"v":832750,"d":"$832,750"}]
[null,null,"GA","JEFF DAVIS COUNTY",{"v":832750,"d":"$832,750"}]
[null,null,"GA","JEFFERSON COUNTY",{"v":832750,"d":"$832,750"}]
[null,null,"GA","JENKINS COUNTY",{"v":832750,"d":"$832,750"}]
[null,null,"GA","JOHNSON COUNTY",{"v":832750,"d":"$832,750"}]
[null,null,"GA","JONES COUNTY",{"v":832750,"d":"$832,750"}]
[null,null,"GA","LAMAR COUNTY",{"v":832750,"d":"$832,750"}]
[null,null,"GA","LANIER COUNTY",{"v":832750,"d":"$832,750"}]
[null,null,"GA","LAURENS COUNTY",{"v":832750,"d":"$832,750"}]
[null,null,"GA","LEE COUNTY",{"v":832750,"d":"$832,750"}]
[null,null,"GA","LIBERTY COUNTY",{"v":832750,"d":"$832,750"}]
[null,null,"GA","LINCOLN COUNTY",{"v":832750,"d":"$832,750"}]
[null,null,"GA","LONG COUNTY",{"v":832750,"d":"$832,750"}]
[null,null,"GA","LOWNDES COUNTY",{"v":832750,"d":"$832,750"}]
[null,null,"GA","LUMPKIN COUNTY",{"v":832750,"d":"$832,750"}]
[null,null,"GA","MCDUFFIE COUNTY",{"v":832750,"d":"$832,750"}]
[null,null,"GA","MCINTOSH COUNTY",{"v":832750,"d":"$832,750"}]
[null,null,"GA","MACON COUNTY",{"v":832750,"d":"$832,750"}]
[null,null,"GA","MADISON COUNTY",{"v":832750,"d":"$832,750"}]
[null,null,"GA","MARION COUNTY",{"v":832750,"d":"$832,750"}]
[null,null,"GA","MERIWETHER COUNTY",{"v":832750,"d":"$832,750"}]
[null,null,"GA","MILLER COUNTY",{"v":832750,"d":"$832,750"}]
[null,null,"GA","MITCHELL COUNTY",{"v":832750,"d":"$832,750"}]
[null,null,"GA","MONROE COUNTY",{"v":832750,"d":"$832,750"}]
[null,null,"GA","MONTGOMERY COUNTY",{"v":832750,"d":"$832,750"}]
[null,null,"GA","MORGAN COUNTY",{"v":832750,"d":"$832,750"}]
[null,null,"GA","MURRAY COUNTY",{"v":832750,"d":"$832,750"}]
[null,null,"GA","MUSCOGEE COUNTY",{"v":832750,"d":"$832,750"}]
[null,null,"GA","NEWTON COUNTY",{"v":832750,"d":"$832,750"}]
[null,null,"GA","OCONEE COUNTY",{"v":832750,"d":"$832,750"}]
[null,null,"GA","OGLETHORPE COUNTY",{"v":832750,"d":"$832,750"}]
[null,null,"GA","PAULDING COUNTY",{"v":832750,"d":"$832,750"}]
[null,null,"GA","PEACH COUNTY",{"v":832750,"d":"$832,750"}]
[null,null,"GA","PICKENS COUNTY",{"v":832750,"d":"$832,750"}]
[null,null,"GA","PIERCE COUNTY",{"v":832750,"d":"$832,750"}]
[null,null,"GA","PIKE COUNTY",{"v":832750,"d":"$832,750"}]
[null,null,"GA","POLK COUNTY",{"v":832750,"d":"$832,750"}]
[null,null,"GA","PULASKI COUNTY",{"v":832750,"d":"$832,750"}]
[null,null,"GA","PUTNAM COUNTY",{"v":832750,"d":"$832,750"}]
[null,null,"GA","QUITMAN COUNTY",{"v":832750,"d":"$832,750"}]
[null,null,"GA","RABUN COUNTY",{"v":832750,"d":"$832,750"}]
[null,null,"GA","RANDOLPH COUNTY",{"v":832750,"d":"$832,750"}]
[null,null,"GA","RICHMOND COUNTY",{"v":832750,"d":"$832,750"}]
[null,null,"GA","ROCKDALE COUNTY",{"v":832750,"d":"$832,750"}]
[null,null,"GA","SCHLEY COUNTY",{"v":832750,"d":"$832,750"}]
[null,null,"GA","SCREVEN COUNTY",{"v":832750,"d":"$832,750"}]
[null,null,"GA","SEMINOLE COUNTY",{"v":832750,"d":"$832,750"}]
[null,null,"GA","SPALDING COUNTY",{"v":832750,"d":"$832,750"}]
[null,null,"GA","STEPHENS COUNTY",{"v":832750,"d":"$832,750"}]
[null,null,"GA","STEWART COUNTY",{"v":832750,"d":"$832,750"}]
[null,null,"GA","SUMTER COUNTY",{"v":832750,"d":"$832,750"}]
[null,null,"GA","TALBOT COUNTY",{"v":832750,"d":"$832,750"}]
[null,null,"GA","TALIAFERRO COUNTY",{"v":832750,"d":"$832,750"}]
[null,null,"GA","TATTNALL COUNTY",{"v":832750,"d":"$832,750"}]
[null,null,"GA","TAYLOR COUNTY",{"v":832750,"d":"$832,750"}]
[null,null,"GA","TELFAIR COUNTY",{"v":832750,"d":"$832,750"}]
[null,null,"GA","TERRELL COUNTY",{"v":832750,"d":"$832,750"}]
[null,null,"GA","THOMAS COUNTY",{"v":832750,"d":"$832,750"}]
[null,null,"GA","TIFT COUNTY",{"v":832750,"d":"$832,750"}]
[null,null,"GA","TOOMBS COUNTY",{"v":832750,"d":"$832,750"}]
[null,null,"GA","TOWNS COUNTY",{"v":832750,"d":"$832,750"}]
[null,null,"GA","TREUTLEN COUNTY",{"v":832750,"d":"$832,750"}]
[null,null,"GA","TROUP COUNTY",{"v":832750,"d":"$832,750"}]
[null,null,"GA","TURNER COUNTY",{"v":832750,"d":"$832,750"}]
[null,null,"GA","TWIGGS COUNTY",{"v":832750,"d":"$832,750"}]
[null,null,"GA","UNION COUNTY",{"v":832750,"d":"$832,750"}]
[null,null,"GA","UPSON COUNTY",{"v":832750,"d":"$832,750"}]
[null,null,"GA","WALKER COUNTY",{"v":832750,"d":"$832,750"}]
[null,null,"GA","WALTON COUNTY",{"v":832750,"d":"$832,750"}]
[null,null,"GA","WARE COUNTY",{"v":832750,"d":"$832,750"}]
[null,null,"GA","WARREN COUNTY",{"v":832750,"d":"$832,750"}]
[null,null,"GA","WASHINGTON COUNTY",{"v":832750,"d":"$832,750"}]
[null,null,"GA","WAYNE COUNTY",{"v":832750,"d":"$832,750"}]
[null,null,"GA","WEBSTER COUNTY",{"v":832750,"d":"$832,750"}]
[null,null,"GA","WHEELER COUNTY",{"v":832750,"d":"$832,750"}]
[null,null,"GA","WHITE COUNTY",{"v":832750,"d":"$832,750"}]
[null,null,"GA","WHITFIELD COUNTY",{"v":832750,"d":"$832,750"}]
[null,null,"GA","WILCOX COUNTY",{"v":832750,"d":"$832,750"}]
[null,null,"GA","WILKES COUNTY",{"v":832750,"d":"$832,750"}]
[null,null,"GA","WILKINSON COUNTY",{"v":832750,"d":"$832,750"}]
[null,null,"GA","WORTH COUNTY",{"v":832750,"d":"$832,750"}]
[null,null,"HI","HAWAII COUNTY",{"v":1249125,"d":"$1,249,125"}]
[null,null,"HI","HONOLULU COUNTY",{"v":1249125,"d":"$1,249,125"}]
[null,null,"HI","KALAWAO COUNTY",{"v":1299500,"d":"$1,299,500"}]
[null,null,"HI","KAUAI COUNTY",{"v":1249125,"d":"$1,249,125"}]
[null,null,"HI","MAUI COUNTY",{"v":1299500,"d":"$1,299,500"}]
[null,null,"ID","ADA COUNTY",{"v":832750,"d":"$832,750"}]
[null,null,"ID","ADAMS COUNTY",{"v":832750,"d":"$832,750"}]
[null,null,"ID","BANNOCK COUNTY",{"v":832750,"d":"$832,750"}]
[null,null,"ID","BEAR LAKE COUNTY",{"v":832750,"d":"$832,750"}]
[null,null,"ID","BENEWAH COUNTY",{"v":832750,"d":"$832,750"}]
[null,null,"ID","BINGHAM COUNTY",{"v":832750,"d":"$832,750"}]
[null,null,"ID","BLAINE COUNTY",{"v":832750,"d":"$832,750"}]
[null,null,"ID","BOISE COUNTY",{"v":832750,"d":"$832,750"}]
[null,null,"ID","BONNER COUNTY",{"v":832750,"d":"$832,750"}]
[null,null,"ID","BONNEVILLE COUNTY",{"v":832750,"d":"$832,750"}]
[null,null,"ID","BOUNDARY COUNTY",{"v":832750,"d":"$832,750"}]
[null,null,"ID","BUTTE COUNTY",{"v":832750,"d":"$832,750"}]
[null,null,"ID","CAMAS COUNTY",{"v":832750,"d":"$832,750"}]
[null,null,"ID","CANYON COUNTY",{"v":832750,"d":"$832,750"}]
[null,null,"ID","CARIBOU COUNTY",{"v":832750,"d":"$832,750"}]
[null,null,"ID","CASSIA COUNTY",{"v":832750,"d":"$832,750"}]
[null,null,"ID","CLARK COUNTY",{"v":832750,"d":"$832,750"}]
[null,null,"ID","CLEARWATER COUNTY",{"v":832750,"d":"$832,750"}]
[null,null,"ID","CUSTER COUNTY",{"v":832750,"d":"$832,750"}]
[null,null,"ID","ELMORE COUNTY",{"v":832750,"d":"$832,750"}]
[null,null,"ID","FRANKLIN COUNTY",{"v":832750,"d":"$832,750"}]
[null,null,"ID","FREMONT COUNTY",{"v":832750,"d":"$832,750"}]
[null,null,"ID","GEM COUNTY",{"v":832750,"d":"$832,750"}]
[null,null,"ID","GOODING COUNTY",{"v":832750,"d":"$832,750"}]
[null,null,"ID","IDAHO COUNTY",{"v":832750,"d":"$832,750"}]
[null,null,"ID","JEFFERSON COUNTY",{"v":832750,"d":"$832,750"}]
[null,null,"ID","JEROME COUNTY",{"v":832750,"d":"$832,750"}]
[null,null,"ID","KOOTENAI COUNTY",{"v":832750,"d":"$832,750"}]
[null,null,"ID","LATAH COUNTY",{"v":832750,"d":"$832,750"}]
[null,null,"ID","LEMHI COUNTY",{"v":832750,"d":"$832,750"}]
[null,null,"ID","LEWIS COUNTY",{"v":832750,"d":"$832,750"}]
[null,null,"ID","LINCOLN COUNTY",{"v":832750,"d":"$832,750"}]
[null,null,"ID","MADISON COUNTY",{"v":832750,"d":"$832,750"}]
[null,null,"ID","MINIDOKA COUNTY",{"v":832750,"d":"$832,750"}]
[null,null,"ID","NEZ PERCE COUNTY",{"v":832750,"d":"$832,750"}]
[null,null,"ID","ONEIDA COUNTY",{"v":832750,"d":"$832,750"}]
[null,null,"ID","OWYHEE COUNTY",{"v":832750,"d":"$832,750"}]
[null,null,"ID","PAYETTE COUNTY",{"v":832750,"d":"$832,750"}]
[null,null,"ID","POWER COUNTY",{"v":832750,"d":"$832,750"}]
[null,null,"ID","SHOSHONE COUNTY",{"v":832750,"d":"$832,750"}]
[null,null,"ID","TETON COUNTY",{"v":1249125,"d":"$1,249,125"}]
[null,null,"ID","TWIN FALLS COUNTY",{"v":832750,"d":"$832,750"}]
[null,null,"ID","VALLEY COUNTY",{"v":832750,"d":"$832,750"}]
[null,null,"ID","WASHINGTON COUNTY",{"v":832750,"d":"$832,750"}]
[null,null,"IL","ADAMS COUNTY",{"v":832750,"d":"$832,750"}]
[null,null,"IL","ALEXANDER COUNTY",{"v":832750,"d":"$832,750"}]
[null,null,"IL","BOND COUNTY",{"v":832750,"d":"$832,750"}]
[null,null,"IL","BOONE COUNTY",{"v":832750,"d":"$832,750"}]
[null,null,"IL","BROWN COUNTY",{"v":832750,"d":"$832,750"}]
[null,null,"IL","BUREAU COUNTY",{"v":832750,"d":"$832,750"}]
[null,null,"IL","CALHOUN COUNTY",{"v":832750,"d":"$832,750"}]
[null,null,"IL","CARROLL COUNTY",{"v":832750,"d":"$832,750"}]
[null,null,"IL","CASS COUNTY",{"v":832750,"d":"$832,750"}]
[null,null,"IL","CHAMPAIGN COUNTY",{"v":832750,"d":"$832,750"}]
[null,null,"IL","CHRISTIAN COUNTY",{"v":832750,"d":"$832,750"}]
[null,null,"IL","CLARK COUNTY",{"v":832750,"d":"$832,750"}]
[null,null,"IL","CLAY COUNTY",{"v":832750,"d":"$832,750"}]
[null,null,"IL","CLINTON COUNTY",{"v":832750,"d":"$832,750"}]
[null,null,"IL","COLES COUNTY",{"v":832750,"d":"$832,750"}]
[null,null,"IL","COOK COUNTY",{"v":832750,"d":"$832,750"}]
[null,null,"IL","CRAWFORD COUNTY",{"v":832750,"d":"$832,750"}]
[null,null,"IL","CUMBERLAND COUNTY",{"v":832750,"d":"$832,750"}]
[null,null,"IL","DEKALB COUNTY",{"v":832750,"d":"$832,750"}]
[null,null,"IL","DE WITT COUNTY",{"v":832750,"d":"$832,750"}]
[null,null,"IL","DOUGLAS COUNTY",{"v":832750,"d":"$832,750"}]
[null,null,"IL","DUPAGE COUNTY",{"v":832750,"d":"$832,750"}]
[null,null,"IL","EDGAR COUNTY",{"v":832750,"d":"$832,750"}]
[null,null,"IL","EDWARDS COUNTY",{"v":832750,"d":"$832,750"}]
[null,null,"IL","EFFINGHAM COUNTY",{"v":832750,"d":"$832,750"}]
[null,null,"IL","FAYETTE COUNTY",{"v":832750,"d":"$832,750"}]
[null,null,"IL","FORD COUNTY",{"v":832750,"d":"$832,750"}]
[null,null,"IL","FRANKLIN COUNTY",{"v":832750,"d":"$832,750"}]
[null,null,"IL","FULTON COUNTY",{"v":832750,"d":"$832,750"}]
[null,null,"IL","GALLATIN COUNTY",{"v":832750,"d":"$832,750"}]
[null,null,"IL","GREENE COUNTY",{"v":832750,"d":"$832,750"}]
[null,null,"IL","GRUNDY COUNTY",{"v":832750,"d":"$832,750"}]
[null,null,"IL","HAMILTON COUNTY",{"v":832750,"d":"$832,750"}]
[null,null,"IL","HANCOCK COUNTY",{"v":832750,"d":"$832,750"}]
[null,null,"IL","HARDIN COUNTY",{"v":832750,"d":"$832,750"}]
[null,null,"IL","HENDERSON COUNTY",{"v":832750,"d":"$832,750"}]
[null,null,"IL","HENRY COUNTY",{"v":832750,"d":"$832,750"}]
[null,null,"IL","IROQUOIS COUNTY",{"v":832750,"d":"$832,750"}]
[null,null,"IL","JACKSON COUNTY",{"v":832750,"d":"$832,750"}]
[null,null,"IL","JASPER COUNTY",{"v":832750,"d":"$832,750"}]
[null,null,"IL","JEFFERSON COUNTY",{"v":832750,"d":"$832,750"}]
[null,null,"IL","JERSEY COUNTY",{"v":832750,"d":"$832,750"}]
[null,null,"IL","JO DAVIESS COUNTY",{"v":832750,"d":"$832,750"}]
[null,null,"IL","JOHNSON COUNTY",{"v":832750,"d":"$832,750"}]
[null,null,"IL","KANE COUNTY",{"v":832750,"d":"$832,750"}]
[null,null,"IL","KANKAKEE COUNTY",{"v":832750,"d":"$832,750"}]
[null,null,"IL","KENDALL COUNTY",{"v":832750,"d":"$832,750"}]
[null,null,"IL","KNOX COUNTY",{"v":832750,"d":"$832,750"}]
[null,null,"IL","LAKE COUNTY",{"v":832750,"d":"$832,750"}]
[null,null,"IL","LASALLE COUNTY",{"v":832750,"d":"$832,750"}]
[null,null,"IL","LAWRENCE COUNTY",{"v":832750,"d":"$832,750"}]
[null,null,"IL","LEE COUNTY",{"v":832750,"d":"$832,750"}]
[null,null,"IL","LIVINGSTON COUNTY",{"v":832750,"d":"$832,750"}]
[null,null,"IL","LOGAN COUNTY",{"v":832750,"d":"$832,750"}]
[null,null,"IL","MCDONOUGH COUNTY",{"v":832750,"d":"$832,750"}]
[null,null,"IL","MCHENRY COUNTY",{"v":832750,"d":"$832,750"}]
[null,null,"IL","MCLEAN COUNTY",{"v":832750,"d":"$832,750"}]
[null,null,"IL","MACON COUNTY",{"v":832750,"d":"$832,750"}]
[null,null,"IL","MACOUPIN COUNTY",{"v":832750,"d":"$832,750"}]
[null,null,"IL","MADISON COUNTY",{"v":832750,"d":"$832,750"}]
[null,null,"IL","MARION COUNTY",{"v":832750,"d":"$832,750"}]
[null,null,"IL","MARSHALL COUNTY",{"v":832750,"d":"$832,750"}]
[null,null,"IL","MASON COUNTY",{"v":832750,"d":"$832,750"}]
[null,null,"IL","MASSAC COUNTY",{"v":832750,"d":"$832,750"}]
[null,null,"IL","MENARD COUNTY",{"v":832750,"d":"$832,750"}]
[null,null,"IL","MERCER COUNTY",{"v":832750,"d":"$832,750"}]
[null,null,"IL","MONROE COUNTY",{"v":832750,"d":"$832,750"}]
[null,null,"IL","MONTGOMERY COUNTY",{"v":832750,"d":"$832,750"}]
[null,null,"IL","MORGAN COUNTY",{"v":832750,"d":"$832,750"}]
[null,null,"IL","MOULTRIE COUNTY",{"v":832750,"d":"$832,750"}]
[null,null,"IL","OGLE COUNTY",{"v":832750,"d":"$832,750"}]
[null,null,"IL","PEORIA COUNTY",{"v":832750,"d":"$832,750"}]
[null,null,"IL","PERRY COUNTY",{"v":832750,"d":"$832,750"}]
[null,null,"IL","PIATT COUNTY",{"v":832750,"d":"$832,750"}]
[null,null,"IL","PIKE COUNTY",{"v":832750,"d":"$832,750"}]
[null,null,"IL","POPE COUNTY",{"v":832750,"d":"$832,750"}]
[null,null,"IL","PULASKI COUNTY",{"v":832750,"d":"$832,750"}]
[null,null,"IL","PUTNAM COUNTY",{"v":832750,"d":"$832,750"}]
[null,null,"IL","RANDOLPH COUNTY",{"v":832750,"d":"$832,750"}]
[null,null,"IL","RICHLAND COUNTY",{"v":832750,"d":"$832,750"}]
[null,null,"IL","ROCK ISLAND COUNTY",{"v":832750,"d":"$832,750"}]
[null,null,"IL","ST. CLAIR COUNTY",{"v":832750,"d":"$832,750"}]
[null,null,"IL","SALINE COUNTY",{"v":832750,"d":"$832,750"}]
[null,null,"IL","SANGAMON COUNTY",{"v":832750,"d":"$832,750"}]
[null,null,"IL","SCHUYLER COUNTY",{"v":832750,"d":"$832,750"}]
[null,null,"IL","SCOTT COUNTY",{"v":832750,"d":"$832,750"}]
[null,null,"IL","SHELBY COUNTY",{"v":832750,"d":"$832,750"}]
[null,null,"IL","STARK COUNTY",{"v":832750,"d":"$832,750"}]
[null,null,"IL","STEPHENSON COUNTY",{"v":832750,"d":"$832,750"}]
[null,null,"IL","TAZEWELL COUNTY",{"v":832750,"d":"$832,750"}]
[null,null,"IL","UNION COUNTY",{"v":832750,"d":"$832,750"}]
[null,null,"IL","VERMILION COUNTY",{"v":832750,"d":"$832,750"}]
[null,null,"IL","WABASH COUNTY",{"v":832750,"d":"$832,750"}]
[null,null,"IL","WARREN COUNTY",{"v":832750,"d":"$832,750"}]
[null,null,"IL","WASHINGTON COUNTY",{"v":832750,"d":"$832,750"}]
[null,null,"IL","WAYNE COUNTY",{"v":832750,"d":"$832,750"}]
[null,null,"IL","WHITE COUNTY",{"v":832750,"d":"$832,750"}]
[null,null,"IL","WHITESIDE COUNTY",{"v":832750,"d":"$832,750"}]
[null,null,"IL","WILL COUNTY",{"v":832750,"d":"$832,750"}]
[null,null,"IL","WILLIAMSON COUNTY",{"v":832750,"d":"$832,750"}]
[null,null,"IL","WINNEBAGO COUNTY",{"v":832750,"d":"$832,750"}]
[null,null,"IL","WOODFORD COUNTY",{"v":832750,"d":"$832,750"}]
[null,null,"IN","ADAMS COUNTY",{"v":832750,"d":"$832,750"}]
[null,null,"IN","ALLEN COUNTY",{"v":832750,"d":"$832,750"}]
[null,null,"IN","BARTHOLOMEW COUNTY",{"v":832750,"d":"$832,750"}]
[null,null,"IN","BENTON COUNTY",{"v":832750,"d":"$832,750"}]
[null,null,"IN","BLACKFORD COUNTY",{"v":832750,"d":"$832,750"}]
[null,null,"IN","BOONE COUNTY",{"v":832750,"d":"$832,750"}]
[null,null,"IN","BROWN COUNTY",{"v":832750,"d":"$832,750"}]
[null,null,"IN","CARROLL COUNTY",{"v":832750,"d":"$832,750"}]
[null,null,"IN","CASS COUNTY",{"v":832750,"d":"$832,750"}]
[null,null,"IN","CLARK COUNTY",{"v":832750,"d":"$832,750"}]
[null,null,"IN","CLAY COUNTY",{"v":832750,"d":"$832,750"}]
[null,null,"IN","CLINTON COUNTY",{"v":832750,"d":"$832,750"}]
[null,null,"IN","CRAWFORD COUNTY",{"v":832750,"d":"$832,750"}]
[null,null,"IN","DAVIESS COUNTY",{"v":832750,"d":"$832,750"}]
[null,null,"IN","DEARBORN COUNTY",{"v":832750,"d":"$832,750"}]
[null,null,"IN","DECATUR COUNTY",{"v":832750,"d":"$832,750"}]
[null,null,"IN","DEKALB COUNTY",{"v":832750,"d":"$832,750"}]
[null,null,"IN","DELAWARE COUNTY",{"v":832750,"d":"$832,750"}]
[null,null,"IN","DUBOIS COUNTY",{"v":832750,"d":"$832,750"}]
[null,null,"IN","ELKHART COUNTY",{"v":832750,"d":"$832,750"}]
[null,null,"IN","FAYETTE COUNTY",{"v":832750,"d":"$832,750"}]
[null,null,"IN","FLOYD COUNTY",{"v":832750,"d":"$832,750"}]
[null,null,"IN","FOUNTAIN COUNTY",{"v":832750,"d":"$832,750"}]
[null,null,"IN","FRANKLIN COUNTY",{"v":832750,"d":"$832,750"}]
[null,null,"IN","FULTON COUNTY",{"v":832750,"d":"$832,750"}]
[null,null,"IN","GIBSON COUNTY",{"v":832750,"d":"$832,750"}]
[null,null,"IN","GRANT COUNTY",{"v":832750,"d":"$832,750"}]
[null,null,"IN","GREENE COUNTY",{"v":832750,"d":"$832,750"}]
[null,null,"IN","HAMILTON COUNTY",{"v":832750,"d":"$832,750"}]
[null,null,"IN","HANCOCK COUNTY",{"v":832750,"d":"$832,750"}]
[null,null,"IN","HARRISON COUNTY",{"v":832750,"d":"$832,750"}]
[null,null,"IN","HENDRICKS COUNTY",{"v":832750,"d":"$832,750"}]
[null,null,"IN","HENRY COUNTY",{"v":832750,"d":"$832,750"}]
[null,null,"IN","HOWARD COUNTY",{"v":832750,"d":"$832,750"}]
[null,null,"IN","HUNTINGTON COUNTY",{"v":832750,"d":"$832,750"}]
[null,null,"IN","JACKSON COUNTY",{"v":832750,"d":"$832,750"}]
[null,null,"IN","JASPER COUNTY",{"v":832750,"d":"$832,750"}]
[null,null,"IN","JAY COUNTY",{"v":832750,"d":"$832,750"}]
[null,null,"IN","JEFFERSON COUNTY",{"v":832750,"d":"$832,750"}]
[null,null,"IN","JENNINGS COUNTY",{"v":832750,"d":"$832,750"}]
[null,null,"IN","JOHNSON COUNTY",{"v":832750,"d":"$832,750"}]
[null,null,"IN","KNOX COUNTY",{"v":832750,"d":"$832,750"}]
[null,null,"IN","KOSCIUSKO COUNTY",{"v":832750,"d":"$832,750"}]
[null,null,"IN","LAGRANGE COUNTY",{"v":832750,"d":"$832,750"}]
[null,null,"IN","LAKE COUNTY",{"v":832750,"d":"$832,750"}]
[null,null,"IN","LAPORTE COUNTY",{"v":832750,"d":"$832,750"}]
[null,null,"IN","LAWRENCE COUNTY",{"v":832750,"d":"$832,750"}]
[null,null,"IN","MADISON COUNTY",{"v":832750,"d":"$832,750"}]
[null,null,"IN","MARION COUNTY",{"v":832750,"d":"$832,750"}]
[null,null,"IN","MARSHALL COUNTY",{"v":832750,"d":"$832,750"}]
[null,null,"IN","MARTIN COUNTY",{"v":832750,"d":"$832,750"}]
[null,null,"IN","MIAMI COUNTY",{"v":832750,"d":"$832,750"}]
[null,null,"IN","MONROE COUNTY",{"v":832750,"d":"$832,750"}]
[null,null,"IN","MONTGOMERY COUNTY",{"v":832750,"d":"$832,750"}]
[null,null,"IN","MORGAN COUNTY",{"v":832750,"d":"$832,750"}]
[null,null,"IN","NEWTON COUNTY",{"v":832750,"d":"$832,750"}]
[null,null,"IN","NOBLE COUNTY",{"v":832750,"d":"$832,750"}]
[null,null,"IN","OHIO COUNTY",{"v":832750,"d":"$832,750"}]
[null,null,"IN","ORANGE COUNTY",{"v":832750,"d":"$832,750"}]
[null,null,"IN","OWEN COUNTY",{"v":832750,"d":"$832,750"}]
[null,null,"IN","PARKE COUNTY",{"v":832750,"d":"$832,750"}]
[null,null,"IN","PERRY COUNTY",{"v":832750,"d":"$832,750"}]
[null,null,"IN","PIKE COUNTY",{"v":832750,"d":"$832,750"}]
[null,null,"IN","PORTER COUNTY",{"v":832750,"d":"$832,750"}]
[null,null,"IN","POSEY COUNTY",{"v":832750,"d":"$832,750"}]
[null,null,"IN","PULASKI COUNTY",{"v":832750,"d":"$832,750"}]
[null,null,"IN","PUTNAM COUNTY",{"v":832750,"d":"$832,750"}]
[null,null,"IN","RANDOLPH COUNTY",{"v":832750,"d":"$832,750"}]
[null,null,"IN","RIPLEY COUNTY",{"v":832750,"d":"$832,750"}]
[null,null,"IN","RUSH COUNTY",{"v":832750,"d":"$832,750"}]
[null,null,"IN","ST. JOSEPH COUNTY",{"v":832750,"d":"$832,750"}]
[null,null,"IN","SCOTT COUNTY",{"v":832750,"d":"$832,750"}]
[null,null,"IN","SHELBY COUNTY",{"v":832750,"d":"$832,750"}]
[null,null,"IN","SPENCER COUNTY",{"v":832750,"d":"$832,750"}]
[null,null,"IN","STARKE COUNTY",{"v":832750,"d":"$832,750"}]
[null,null,"IN","STEUBEN COUNTY",{"v":832750,"d":"$832,750"}]
[null,null,"IN","SULLIVAN COUNTY",{"v":832750,"d":"$832,750"}]
[null,null,"IN","SWITZERLAND COUNTY",{"v":832750,"d":"$832,750"}]
[null,null,"IN","TIPPECANOE COUNTY",{"v":832750,"d":"$832,750"}]
[null,null,"IN","TIPTON COUNTY",{"v":832750,"d":"$832,750"}]
[null,null,"IN","UNION COUNTY",{"v":832750,"d":"$832,750"}]
[null,null,"IN","VANDERBURGH COUNTY",{"v":832750,"d":"$832,750"}]
[null,null,"IN","VERMILLION COUNTY",{"v":832750,"d":"$832,750"}]
[null,null,"IN","VIGO COUNTY",{"v":832750,"d":"$832,750"}]
[null,null,"IN","WABASH COUNTY",{"v":832750,"d":"$832,750"}]
[null,null,"IN","WARREN COUNTY",{"v":832750,"d":"$832,750"}]
[null,null,"IN","WARRICK COUNTY",{"v":832750,"d":"$832,750"}]
[null,null,"IN","WASHINGTON COUNTY",{"v":832750,"d":"$832,750"}]
[null,null,"IN","WAYNE COUNTY",{"v":832750,"d":"$832,750"}]
[null,null,"IN","WELLS COUNTY",{"v":832750,"d":"$832,750"}]
[null,null,"IN","WHITE COUNTY",{"v":832750,"d":"$832,750"}]
[null,null,"IN","WHITLEY COUNTY",{"v":832750,"d":"$832,750"}]
[null,null,"IA","ADAIR COUNTY",{"v":832750,"d":"$832,750"}]
[null,null,"IA","ADAMS COUNTY",{"v":832750,"d":"$832,750"}]
[null,null,"IA","ALLAMAKEE COUNTY",{"v":832750,"d":"$832,750"}]
[null,null,"IA","APPANOOSE COUNTY",{"v":832750,"d":"$832,750"}]
[null,null,"IA","AUDUBON COUNTY",{"v":832750,"d":"$832,750"}]
[null,null,"IA","BENTON COUNTY",{"v":832750,"d":"$832,750"}]
[null,null,"IA","BLACK HAWK COUNTY",{"v":832750,"d":"$832,750"}]
[null,null,"IA","BOONE COUNTY",{"v":832750,"d":"$832,750"}]
[null,null,"IA","BREMER COUNTY",{"v":832750,"d":"$832,750"}]
[null,null,"IA","BUCHANAN COUNTY",{"v":832750,"d":"$832,750"}]
[null,null,"IA","BUENA VISTA COUNTY",{"v":832750,"d":"$832,750"}]
[null,null,"IA","BUTLER COUNTY",{"v":832750,"d":"$832,750"}]
[null,null,"IA","CALHOUN COUNTY",{"v":832750,"d":"$832,750"}]
[null,null,"IA","CARROLL COUNTY",{"v":832750,"d":"$832,750"}]
[null,null,"IA","CASS COUNTY",{"v":832750,"d":"$832,750"}]
[null,null,"IA","CEDAR COUNTY",{"v":832750,"d":"$832,750"}]
[null,null,"IA","CERRO GORDO COUNTY",{"v":832750,"d":"$832,750"}]
[null,null,"IA","CHEROKEE COUNTY",{"v":832750,"d":"$832,750"}]
[null,null,"IA","CHICKASAW COUNTY",{"v":832750,"d":"$832,750"}]
[null,null,"IA","CLARKE COUNTY",{"v":832750,"d":"$832,750"}]
[null,null,"IA","CLAY COUNTY",{"v":832750,"d":"$832,750"}]
[null,null,"IA","CLAYTON COUNTY",{"v":832750,"d":"$832,750"}]
[null,null,"IA","CLINTON COUNTY",{"v":832750,"d":"$832,750"}]
[null,null,"IA","CRAWFORD COUNTY",{"v":832750,"d":"$832,750"}]
[null,null,"IA","DALLAS COUNTY",{"v":832750,"d":"$832,750"}]
[null,null,"IA","DAVIS COUNTY",{"v":832750,"d":"$832,750"}]
[null,null,"IA","DECATUR COUNTY",{"v":832750,"d":"$832,750"}]
[null,null,"IA","DELAWARE COUNTY",{"v":832750,"d":"$832,750"}]
[null,null,"IA","DES MOINES COUNTY",{"v":832750,"d":"$832,750"}]
[null,null,"IA","DICKINSON COUNTY",{"v":832750,"d":"$832,750"}]
[null,null,"IA","DUBUQUE COUNTY",{"v":832750,"d":"$832,750"}]
[null,null,"IA","EMMET COUNTY",{"v":832750,"d":"$832,750"}]
[null,null,"IA","FAYETTE COUNTY",{"v":832750,"d":"$832,750"}]
[null,null,"IA","FLOYD COUNTY",{"v":832750,"d":"$832,750"}]
[null,null,"IA","FRANKLIN COUNTY",{"v":832750,"d":"$832,750"}]
[null,null,"IA","FREMONT COUNTY",{"v":832750,"d":"$832,750"}]
[null,null,"IA","GREENE COUNTY",{"v":832750,"d":"$832,750"}]
[null,null,"IA","GRUNDY COUNTY",{"v":832750,"d":"$832,750"}]
[null,null,"IA","GUTHRIE COUNTY",{"v":832750,"d":"$832,750"}]
[null,null,"IA","HAMILTON COUNTY",{"v":832750,"d":"$832,750"}]
[null,null,"IA","HANCOCK COUNTY",{"v":832750,"d":"$832,750"}]
[null,null,"IA","HARDIN COUNTY",{"v":832750,"d":"$832,750"}]
[null,null,"IA","HARRISON COUNTY",{"v":832750,"d":"$832,750"}]
[null,null,"IA","HENRY COUNTY",{"v":832750,"d":"$832,750"}]
[null,null,"IA","HOWARD COUNTY",{"v":832750,"d":"$832,750"}]
[null,null,"IA","HUMBOLDT COUNTY",{"v":832750,"d":"$832,750"}]
[null,null,"IA","IDA COUNTY",{"v":832750,"d":"$832,750"}]
[null,null,"IA","IOWA COUNTY",{"v":832750,"d":"$832,750"}]
[null,null,"IA","JACKSON COUNTY",{"v":832750,"d":"$832,750"}]
[null,null,"IA","JASPER COUNTY",{"v":832750,"d":"$832,750"}]
[null,null,"IA","JEFFERSON COUNTY",{"v":832750,"d":"$832,750"}]
[null,null,"IA","JOHNSON COUNTY",{"v":832750,"d":"$832,750"}]
[null,null,"IA","JONES COUNTY",{"v":832750,"d":"$832,750"}]
[null,null,"IA","KEOKUK COUNTY",{"v":832750,"d":"$832,750"}]
[null,null,"IA","KOSSUTH COUNTY",{"v":832750,"d":"$832,750"}]
[null,null,"IA","LEE COUNTY",{"v":832750,"d":"$832,750"}]
[null,null,"IA","LINN COUNTY",{"v":832750,"d":"$832,750"}]
[null,null,"IA","LOUISA COUNTY",{"v":832750,"d":"$832,750"}]
[null,null,"IA","LUCAS COUNTY",{"v":832750,"d":"$832,750"}]
[null,null,"IA","LYON COUNTY",{"v":832750,"d":"$832,750"}]
[null,null,"IA","MADISON COUNTY",{"v":832750,"d":"$832,750"}]
[null,null,"IA","MAHASKA COUNTY",{"v":832750,"d":"$832,750"}]
[null,null,"IA","MARION COUNTY",{"v":832750,"d":"$832,750"}]
[null,null,"IA","MARSHALL COUNTY",{"v":832750,"d":"$832,750"}]
[null,null,"IA","MILLS COUNTY",{"v":832750,"d":"$832,750"}]
[null,null,"IA","MITCHELL COUNTY",{"v":832750,"d":"$832,750"}]
[null,null,"IA","MONONA COUNTY",{"v":832750,"d":"$832,750"}]
[null,null,"IA","MONROE COUNTY",{"v":832750,"d":"$832,750"}]
[null,null,"IA","MONTGOMERY COUNTY",{"v":832750,"d":"$832,750"}]
[null,null,"IA","MUSCATINE COUNTY",{"v":832750,"d":"$832,750"}]
[null,null,"IA","O'BRIEN COUNTY",{"v":832750,"d":"$832,750"}]
[null,null,"IA","OSCEOLA COUNTY",{"v":832750,"d":"$832,750"}]
[null,null,"IA","PAGE COUNTY",{"v":832750,"d":"$832,750"}]
[null,null,"IA","PALO ALTO COUNTY",{"v":832750,"d":"$832,750"}]
[null,null,"IA","PLYMOUTH COUNTY",{"v":832750,"d":"$832,750"}]
[null,null,"IA","POCAHONTAS COUNTY",{"v":832750,"d":"$832,750"}]
[null,null,"IA","POLK COUNTY",{"v":832750,"d":"$832,750"}]
[null,null,"IA","POTTAWATTAMIE COUNTY",{"v":832750,"d":"$832,750"}]
[null,null,"IA","POWESHIEK COUNTY",{"v":832750,"d":"$832,750"}]
[null,null,"IA","RINGGOLD COUNTY",{"v":832750,"d":"$832,750"}]
[null,null,"IA","SAC COUNTY",{"v":832750,"d":"$832,750"}]
[null,null,"IA","SCOTT COUNTY",{"v":832750,"d":"$832,750"}]
[null,null,"IA","SHELBY COUNTY",{"v":832750,"d":"$832,750"}]
[null,null,"IA","SIOUX COUNTY",{"v":832750,"d":"$832,750"}]
[null,null,"IA","STORY COUNTY",{"v":832750,"d":"$832,750"}]
[null,null,"IA","TAMA COUNTY",{"v":832750,"d":"$832,750"}]
[null,null,"IA","TAYLOR COUNTY",{"v":832750,"d":"$832,750"}]
[null,null,"IA","UNION COUNTY",{"v":832750,"d":"$832,750"}]
[null,null,"IA","VAN BUREN COUNTY",{"v":832750,"d":"$832,750"}]
[null,null,"IA","WAPELLO COUNTY",{"v":832750,"d":"$832,750"}]
[null,null,"IA","WARREN COUNTY",{"v":832750,"d":"$832,750"}]
[null,null,"IA","WASHINGTON COUNTY",{"v":832750,"d":"$832,750"}]
[null,null,"IA","WAYNE COUNTY",{"v":832750,"d":"$832,750"}]
[null,null,"IA","WEBSTER COUNTY",{"v":832750,"d":"$832,750"}]
[null,null,"IA","WINNEBAGO COUNTY",{"v":832750,"d":"$832,750"}]
[null,null,"IA","WINNESHIEK COUNTY",{"v":832750,"d":"$832,750"}]
[null,null,"IA","WOODBURY COUNTY",{"v":832750,"d":"$832,750"}]
[null,null,"IA","WORTH COUNTY",{"v":832750,"d":"$832,750"}]
[null,null,"IA","WRIGHT COUNTY",{"v":832750,"d":"$832,750"}]
[null,null,"KS","ALLEN COUNTY",{"v":832750,"d":"$832,750"}]
[null,null,"KS","ANDERSON COUNTY",{"v":832750,"d":"$832,750"}]
[null,null,"KS","ATCHISON COUNTY",{"v":832750,"d":"$832,750"}]
[null,null,"KS","BARBER COUNTY",{"v":832750,"d":"$832,750"}]
[null,null,"KS","BARTON COUNTY",{"v":832750,"d":"$832,750"}]
[null,null,"KS","BOURBON COUNTY",{"v":832750,"d":"$832,750"}]
[null,null,"KS","BROWN COUNTY",{"v":832750,"d":"$832,750"}]
[null,null,"KS","BUTLER COUNTY",{"v":832750,"d":"$832,750"}]
[null,null,"KS","CHASE COUNTY",{"v":832750,"d":"$832,750"}]
[null,null,"KS","CHAUTAUQUA COUNTY",{"v":832750,"d":"$832,750"}]
[null,null,"KS","CHEROKEE COUNTY",{"v":832750,"d":"$832,750"}]
[null,null,"KS","CHEYENNE COUNTY",{"v":832750,"d":"$832,750"}]
[null,null,"KS","CLARK COUNTY",{"v":832750,"d":"$832,750"}]
[null,null,"KS","CLAY COUNTY",{"v":832750,"d":"$832,750"}]
[null,null,"KS","CLOUD COUNTY",{"v":832750,"d":"$832,750"}]
[null,null,"KS","COFFEY COUNTY",{"v":832750,"d":"$832,750"}]
[null,null,"KS","COMANCHE COUNTY",{"v":832750,"d":"$832,750"}]
[null,null,"KS","COWLEY COUNTY",{"v":832750,"d":"$832,750"}]
[null,null,"KS","CRAWFORD COUNTY",{"v":832750,"d":"$832,750"}]
[null,null,"KS","DECATUR COUNTY",{"v":832750,"d":"$832,750"}]
[null,null,"KS","DICKINSON COUNTY",{"v":832750,"d":"$832,750"}]
[null,null,"KS","DONIPHAN COUNTY",{"v":832750,"d":"$832,750"}]
[null,null,"KS","DOUGLAS COUNTY",{"v":832750,"d":"$832,750"}]
[null,null,"KS","EDWARDS COUNTY",{"v":832750,"d":"$832,750"}]
[null,null,"KS","ELK COUNTY",{"v":832750,"d":"$832,750"}]
[null,null,"KS","ELLIS COUNTY",{"v":832750,"d":"$832,750"}]
[null,null,"KS","ELLSWORTH COUNTY",{"v":832750,"d":"$832,750"}]
[null,null,"KS","FINNEY COUNTY",{"v":832750,"d":"$832,750"}]
[null,null,"KS","FORD COUNTY",{"v":832750,"d":"$832,750"}]
[null,null,"KS","FRANKLIN COUNTY",{"v":832750,"d":"$832,750"}]
[null,null,"KS","GEARY COUNTY",{"v":832750,"d":"$832,750"}]
[null,null,"KS","GOVE COUNTY",{"v":832750,"d":"$832,750"}]
[null,null,"KS","GRAHAM COUNTY",{"v":832750,"d":"$832,750"}]
[null,null,"KS","GRANT COUNTY",{"v":832750,"d":"$832,750"}]
[null,null,"KS","GRAY COUNTY",{"v":832750,"d":"$832,750"}]
[null,null,"KS","GREELEY COUNTY",{"v":832750,"d":"$832,750"}]
[null,null,"KS","GREENWOOD COUNTY",{"v":832750,"d":"$832,750"}]
[null,null,"KS","HAMILTON COUNTY",{"v":832750,"d":"$832,750"}]
[null,null,"KS","HARPER COUNTY",{"v":832750,"d":"$832,750"}]
[null,null,"KS","HARVEY COUNTY",{"v":832750,"d":"$832,750"}]
[null,null,"KS","HASKELL COUNTY",{"v":832750,"d":"$832,750"}]
[null,null,"KS","HODGEMAN COUNTY",{"v":832750,"d":"$832,750"}]
[null,null,"KS","JACKSON COUNTY",{"v":832750,"d":"$832,750"}]
[null,null,"KS","JEFFERSON COUNTY",{"v":832750,"d":"$832,750"}]
[null,null,"KS","JEWELL COUNTY",{"v":832750,"d":"$832,750"}]
[null,null,"KS","JOHNSON COUNTY",{"v":832750,"d":"$832,750"}]
[null,null,"KS","KEARNY COUNTY",{"v":832750,"d":"$832,750"}]
[null,null,"KS","KINGMAN COUNTY",{"v":832750,"d":"$832,750"}]
[null,null,"KS","KIOWA COUNTY",{"v":832750,"d":"$832,750"}]
[null,null,"KS","LABETTE COUNTY",{"v":832750,"d":"$832,750"}]
[null,null,"KS","LANE COUNTY",{"v":832750,"d":"$832,750"}]
[null,null,"KS","LEAVENWORTH COUNTY",{"v":832750,"d":"$832,750"}]
[null,null,"KS","LINCOLN COUNTY",{"v":832750,"d":"$832,750"}]
[null,null,"KS","LINN COUNTY",{"v":832750,"d":"$832,750"}]
[null,null,"KS","LOGAN COUNTY",{"v":832750,"d":"$832,750"}]
[null,null,"KS","LYON COUNTY",{"v":832750,"d":"$832,750"}]
[null,null,"KS","MCPHERSON COUNTY",{"v":832750,"d":"$832,750"}]
[null,null,"KS","MARION COUNTY",{"v":832750,"d":"$832,750"}]
[null,null,"KS","MARSHALL COUNTY",{"v":832750,"d":"$832,750"}]
[null,null,"KS","MEADE COUNTY",{"v":832750,"d":"$832,750"}]
[null,null,"KS","MIAMI COUNTY",{"v":832750,"d":"$832,750"}]
[null,null,"KS","MITCHELL COUNTY",{"v":832750,"d":"$832,750"}]
[null,null,"KS","MONTGOMERY COUNTY",{"v":832750,"d":"$832,750"}]
[null,null,"KS","MORRIS COUNTY",{"v":832750,"d":"$832,750"}]
[null,null,"KS","MORTON COUNTY",{"v":832750,"d":"$832,750"}]
[null,null,"KS","NEMAHA COUNTY",{"v":832750,"d":"$832,750"}]
[null,null,"KS","NEOSHO COUNTY",{"v":832750,"d":"$832,750"}]
[null,null,"KS","NESS COUNTY",{"v":832750,"d":"$832,750"}]
[null,null,"KS","NORTON COUNTY",{"v":832750,"d":"$832,750"}]
[null,null,"KS","OSAGE COUNTY",{"v":832750,"d":"$832,750"}]
[null,null,"KS","OSBORNE COUNTY",{"v":832750,"d":"$832,750"}]
[null,null,"KS","OTTAWA COUNTY",{"v":832750,"d":"$832,750"}]
[null,null,"KS","PAWNEE COUNTY",{"v":832750,"d":"$832,750"}]
[null,null,"KS","PHILLIPS COUNTY",{"v":832750,"d":"$832,750"}]
[null,null,"KS","POTTAWATOMIE COUNTY",{"v":832750,"d":"$832,750"}]
[null,null,"KS","PRATT COUNTY",{"v":832750,"d":"$832,750"}]
[null,null,"KS","RAWLINS COUNTY",{"v":832750,"d":"$832,750"}]
[null,null,"KS","RENO COUNTY",{"v":832750,"d":"$832,750"}]
[null,null,"KS","REPUBLIC COUNTY",{"v":832750,"d":"$832,750"}]
[null,null,"KS","RICE COUNTY",{"v":832750,"d":"$832,750"}]
[null,null,"KS","RILEY COUNTY",{"v":832750,"d":"$832,750"}]
[null,null,"KS","ROOKS COUNTY",{"v":832750,"d":"$832,750"}]
[null,null,"KS","RUSH COUNTY",{"v":832750,"d":"$832,750"}]
[null,null,"KS","RUSSELL COUNTY",{"v":832750,"d":"$832,750"}]
[null,null,"KS","SALINE COUNTY",{"v":832750,"d":"$832,750"}]
[null,null,"KS","SCOTT COUNTY",{"v":832750,"d":"$832,750"}]
[null,null,"KS","SEDGWICK COUNTY",{"v":832750,"d":"$832,750"}]
[null,null,"KS","SEWARD COUNTY",{"v":832750,"d":"$832,750"}]
[null,null,"KS","SHAWNEE COUNTY",{"v":832750,"d":"$832,750"}]
[null,null,"KS","SHERIDAN COUNTY",{"v":832750,"d":"$832,750"}]
[null,null,"KS","SHERMAN COUNTY",{"v":832750,"d":"$832,750"}]
[null,null,"KS","SMITH COUNTY",{"v":832750,"d":"$832,750"}]
[null,null,"KS","STAFFORD COUNTY",{"v":832750,"d":"$832,750"}]
[null,null,"KS","STANTON COUNTY",{"v":832750,"d":"$832,750"}]
[null,null,"KS","STEVENS COUNTY",{"v":832750,"d":"$832,750"}]
[null,null,"KS","SUMNER COUNTY",{"v":832750,"d":"$832,750"}]
[null,null,"KS","THOMAS COUNTY",{"v":832750,"d":"$832,750"}]
[null,null,"KS","TREGO COUNTY",{"v":832750,"d":"$832,750"}]
[null,null,"KS","WABAUNSEE COUNTY",{"v":832750,"d":"$832,750"}]
[null,null,"KS","WALLACE COUNTY",{"v":832750,"d":"$832,750"}]
[null,null,"KS","WASHINGTON COUNTY",{"v":832750,"d":"$832,750"}]
[null,null,"KS","WICHITA COUNTY",{"v":832750,"d":"$832,750"}]
[null,null,"KS","WILSON COUNTY",{"v":832750,"d":"$832,750"}]
[null,null,"KS","WOODSON COUNTY",{"v":832750,"d":"$832,750"}]
[null,null,"KS","WYANDOTTE COUNTY",{"v":832750,"d":"$832,750"}]
[null,null,"KY","ADAIR COUNTY",{"v":832750,"d":"$832,750"}]
[null,null,"KY","ALLEN COUNTY",{"v":832750,"d":"$832,750"}]
[null,null,"KY","ANDERSON COUNTY",{"v":832750,"d":"$832,750"}]
[null,null,"KY","BALLARD COUNTY",{"v":832750,"d":"$832,750"}]
[null,null,"KY","BARREN COUNTY",{"v":832750,"d":"$832,750"}]
[null,null,"KY","BATH COUNTY",{"v":832750,"d":"$832,750"}]
[null,null,"KY","BELL COUNTY",{"v":832750,"d":"$832,750"}]
[null,null,"KY","BOONE COUNTY",{"v":832750,"d":"$832,750"}]
[null,null,"KY","BOURBON COUNTY",{"v":832750,"d":"$832,750"}]
[null,null,"KY","BOYD COUNTY",{"v":832750,"d":"$832,750"}]
[null,null,"KY","BOYLE COUNTY",{"v":832750,"d":"$832,750"}]
[null,null,"KY","BRACKEN COUNTY",{"v":832750,"d":"$832,750"}]
[null,null,"KY","BREATHITT COUNTY",{"v":832750,"d":"$832,750"}]
[null,null,"KY","BRECKINRIDGE COUNTY",{"v":832750,"d":"$832,750"}]
[null,null,"KY","BULLITT COUNTY",{"v":832750,"d":"$832,750"}]
[null,null,"KY","BUTLER COUNTY",{"v":832750,"d":"$832,750"}]
[null,null,"KY","CALDWELL COUNTY",{"v":832750,"d":"$832,750"}]
[null,null,"KY","CALLOWAY COUNTY",{"v":832750,"d":"$832,750"}]
[null,null,"KY","CAMPBELL COUNTY",{"v":832750,"d":"$832,750"}]
[null,null,"KY","CARLISLE COUNTY",{"v":832750,"d":"$832,750"}]
[null,null,"KY","CARROLL COUNTY",{"v":832750,"d":"$832,750"}]
[null,null,"KY","CARTER COUNTY",{"v":832750,"d":"$832,750"}]
[null,null,"KY","CASEY COUNTY",{"v":832750,"d":"$832,750"}]
[null,null,"KY","CHRISTIAN COUNTY",{"v":832750,"d":"$832,750"}]
[null,null,"KY","CLARK COUNTY",{"v":832750,"d":"$832,750"}]
[null,null,"KY","CLAY COUNTY",{"v":832750,"d":"$832,750"}]
[null,null,"KY","CLINTON COUNTY",{"v":832750,"d":"$832,750"}]
[null,null,"KY","CRITTENDEN COUNTY",{"v":832750,"d":"$832,750"}]
[null,null,"KY","CUMBERLAND COUNTY",{"v":832750,"d":"$832,750"}]
[null,null,"KY","DAVIESS COUNTY",{"v":832750,"d":"$832,750"}]
[null,null,"KY","EDMONSON COUNTY",{"v":832750,"d":"$832,750"}]
[null,null,"KY","ELLIOTT COUNTY",{"v":832750,"d":"$832,750"}]
[null,null,"KY","ESTILL COUNTY",{"v":832750,"d":"$832,750"}]
[null,null,"KY","FAYETTE COUNTY",{"v":832750,"d":"$832,750"}]
[null,null,"KY","FLEMING COUNTY",{"v":832750,"d":"$832,750"}]
[null,null,"KY","FLOYD COUNTY",{"v":832750,"d":"$832,750"}]
[null,null,"KY","FRANKLIN COUNTY",{"v":832750,"d":"$832,750"}]
[null,null,"KY","FULTON COUNTY",{"v":832750,"d":"$832,750"}]
[null,null,"KY","GALLATIN COUNTY",{"v":832750,"d":"$832,750"}]
[null,null,"KY","GARRARD COUNTY",{"v":832750,"d":"$832,750"}]
[null,null,"KY","GRANT COUNTY",{"v":832750,"d":"$832,750"}]
[null,null,"KY","GRAVES COUNTY",{"v":832750,"d":"$832,750"}]
[null,null,"KY","GRAYSON COUNTY",{"v":832750,"d":"$832,750"}]
[null,null,"KY","GREEN COUNTY",{"v":832750,"d":"$832,750"}]
[null,null,"KY","GREENUP COUNTY",{"v":832750,"d":"$832,750"}]
[null,null,"KY","HANCOCK COUNTY",{"v":832750,"d":"$832,750"}]
[null,null,"KY","HARDIN COUNTY",{"v":832750,"d":"$832,750"}]
[null,null,"KY","HARLAN COUNTY",{"v":832750,"d":"$832,750"}]
[null,null,"KY","HARRISON COUNTY",{"v":832750,"d":"$832,750"}]
[null,null,"KY","HART COUNTY",{"v":832750,"d":"$832,750"}]
[null,null,"KY","HENDERSON COUNTY",{"v":832750,"d":"$832,750"}]
[null,null,"KY","HENRY COUNTY",{"v":832750,"d":"$832,750"}]
[null,null,"KY","HICKMAN COUNTY",{"v":832750,"d":"$832,750"}]
[null,null,"KY","HOPKINS COUNTY",{"v":832750,"d":"$832,750"}]
[null,null,"KY","JACKSON COUNTY",{"v":832750,"d":"$832,750"}]
[null,null,"KY","JEFFERSON COUNTY",{"v":832750,"d":"$832,750"}]
[null,null,"KY","JESSAMINE COUNTY",{"v":832750,"d":"$832,750"}]
[null,null,"KY","JOHNSON COUNTY",{"v":832750,"d":"$832,750"}]
[null,null,"KY","KENTON COUNTY",{"v":832750,"d":"$832,750"}]
[null,null,"KY","KNOTT COUNTY",{"v":832750,"d":"$832,750"}]
[null,null,"KY","KNOX COUNTY",{"v":832750,"d":"$832,750"}]
[null,null,"KY","LARUE COUNTY",{"v":832750,"d":"$832,750"}]
[null,null,"KY","LAUREL COUNTY",{"v":832750,"d":"$832,750"}]
[null,null,"KY","LAWRENCE COUNTY",{"v":832750,"d":"$832,750"}]
[null,null,"KY","LEE COUNTY",{"v":832750,"d":"$832,750"}]
[null,null,"KY","LESLIE COUNTY",{"v":832750,"d":"$832,750"}]
[null,null,"KY","LETCHER COUNTY",{"v":832750,"d":"$832,750"}]
[null,null,"KY","LEWIS COUNTY",{"v":832750,"d":"$832,750"}]
[null,null,"KY","LINCOLN COUNTY",{"v":832750,"d":"$832,750"}]
[null,null,"KY","LIVINGSTON COUNTY",{"v":832750,"d":"$832,750"}]
[null,null,"KY","LOGAN COUNTY",{"v":832750,"d":"$832,750"}]
[null,null,"KY","LYON COUNTY",{"v":832750,"d":"$832,750"}]
[null,null,"KY","MCCRACKEN COUNTY",{"v":832750,"d":"$832,750"}]
[null,null,"KY","MCCREARY COUNTY",{"v":832750,"d":"$832,750"}]
[null,null,"KY","MCLEAN COUNTY",{"v":832750,"d":"$832,750"}]
[null,null,"KY","MADISON COUNTY",{"v":832750,"d":"$832,750"}]
[null,null,"KY","MAGOFFIN COUNTY",{"v":832750,"d":"$832,750"}]
[null,null,"KY","MARION COUNTY",{"v":832750,"d":"$832,750"}]
[null,null,"KY","MARSHALL COUNTY",{"v":832750,"d":"$832,750"}]
[null,null,"KY","MARTIN COUNTY",{"v":832750,"d":"$832,750"}]
[null,null,"KY","MASON COUNTY",{"v":832750,"d":"$832,750"}]
[null,null,"KY","MEADE COUNTY",{"v":832750,"d":"$832,750"}]
[null,null,"KY","MENIFEE COUNTY",{"v":832750,"d":"$832,750"}]
[null,null,"KY","MERCER COUNTY",{"v":832750,"d":"$832,750"}]
[null,null,"KY","METCALFE COUNTY",{"v":832750,"d":"$832,750"}]
[null,null,"KY","MONROE COUNTY",{"v":832750,"d":"$832,750"}]
[null,null,"KY","MONTGOMERY COUNTY",{"v":832750,"d":"$832,750"}]
[null,null,"KY","MORGAN COUNTY",{"v":832750,"d":"$832,750"}]
[null,null,"KY","MUHLENBERG COUNTY",{"v":832750,"d":"$832,750"}]
[null,null,"KY","NELSON COUNTY",{"v":832750,"d":"$832,750"}]
[null,null,"KY","NICHOLAS COUNTY",{"v":832750,"d":"$832,750"}]
[null,null,"KY","OHIO COUNTY",{"v":832750,"d":"$832,750"}]
[null,null,"KY","OLDHAM COUNTY",{"v":832750,"d":"$832,750"}]
[null,null,"KY","OWEN COUNTY",{"v":832750,"d":"$832,750"}]
[null,null,"KY","OWSLEY COUNTY",{"v":832750,"d":"$832,750"}]
[null,null,"KY","PENDLETON COUNTY",{"v":832750,"d":"$832,750"}]
[null,null,"KY","PERRY COUNTY",{"v":832750,"d":"$832,750"}]
[null,null,"KY","PIKE COUNTY",{"v":832750,"d":"$832,750"}]
[null,null,"KY","POWELL COUNTY",{"v":832750,"d":"$832,750"}]
[null,null,"KY","PULASKI COUNTY",{"v":832750,"d":"$832,750"}]
[null,null,"KY","ROBERTSON COUNTY",{"v":832750,"d":"$832,750"}]
[null,null,"KY","ROCKCASTLE COUNTY",{"v":832750,"d":"$832,750"}]
[null,null,"KY","ROWAN COUNTY",{"v":832750,"d":"$832,750"}]
[null,null,"KY","RUSSELL COUNTY",{"v":832750,"d":"$832,750"}]
[null,null,"KY","SCOTT COUNTY",{"v":832750,"d":"$832,750"}]
[null,null,"KY","SHELBY COUNTY",{"v":832750,"d":"$832,750"}]
[null,null,"KY","SIMPSON COUNTY",{"v":832750,"d":"$832,750"}]
[null,null,"KY","SPENCER COUNTY",{"v":832750,"d":"$832,750"}]
[null,null,"KY","TAYLOR COUNTY",{"v":832750,"d":"$832,750"}]
[null,null,"KY","TODD COUNTY",{"v":832750,"d":"$832,750"}]
[null,null,"KY","TRIGG COUNTY",{"v":832750,"d":"$832,750"}]
[null,null,"KY","TRIMBLE COUNTY",{"v":832750,"d":"$832,750"}]
[null,null,"KY","UNION COUNTY",{"v":832750,"d":"$832,750"}]
[null,null,"KY","WARREN COUNTY",{"v":832750,"d":"$832,750"}]
[null,null,"KY","WASHINGTON COUNTY",{"v":832750,"d":"$832,750"}]
[null,null,"KY","WAYNE COUNTY",{"v":832750,"d":"$832,750"}]
[null,null,"KY","WEBSTER COUNTY",{"v":832750,"d":"$832,750"}]
[null,null,"KY","WHITLEY COUNTY",{"v":832750,"d":"$832,750"}]
[null,null,"KY","WOLFE COUNTY",{"v":832750,"d":"$832,750"}]
[null,null,"KY","WOODFORD COUNTY",{"v":832750,"d":"$832,750"}]
[null,null,"LA","ACADIA PARISH",{"v":832750,"d":"$832,750"}]
[null,null,"LA","ALLEN PARISH",{"v":832750,"d":"$832,750"}]
[null,null,"LA","ASCENSION PARISH",{"v":832750,"d":"$832,750"}]
[null,null,"LA","ASSUMPTION PARISH",{"v":832750,"d":"$832,750"}]
[null,null,"LA","AVOYELLES PARISH",{"v":832750,"d":"$832,750"}]
[null,null,"LA","BEAUREGARD PARISH",{"v":832750,"d":"$832,750"}]
[null,null,"LA","BIENVILLE PARISH",{"v":832750,"d":"$832,750"}]
[null,null,"LA","BOSSIER PARISH",{"v":832750,"d":"$832,750"}]
[null,null,"LA","CADDO PARISH",{"v":832750,"d":"$832,750"}]
[null,null,"LA","CALCASIEU PARISH",{"v":832750,"d":"$832,750"}]
[null,null,"LA","CALDWELL PARISH",{"v":832750,"d":"$832,750"}]
[null,null,"LA","CAMERON PARISH",{"v":832750,"d":"$832,750"}]
[null,null,"LA","CATAHOULA PARISH",{"v":832750,"d":"$832,750"}]
[null,null,"LA","CLAIBORNE PARISH",{"v":832750,"d":"$832,750"}]
[null,null,"LA","CONCORDIA PARISH",{"v":832750,"d":"$832,750"}]
[null,null,"LA","DE SOTO PARISH",{"v":832750,"d":"$832,750"}]
[null,null,"LA","EAST BATON ROUGE PARISH",{"v":832750,"d":"$832,750"}]
[null,null,"LA","EAST CARROLL PARISH",{"v":832750,"d":"$832,750"}]
[null,null,"LA","EAST FELICIANA PARISH",{"v":832750,"d":"$832,750"}]
[null,null,"LA","EVANGELINE PARISH",{"v":832750,"d":"$832,750"}]
[null,null,"LA","FRANKLIN PARISH",{"v":832750,"d":"$832,750"}]
[null,null,"LA","GRANT PARISH",{"v":832750,"d":"$832,750"}]
[null,null,"LA","IBERIA PARISH",{"v":832750,"d":"$832,750"}]
[null,null,"LA","IBERVILLE PARISH",{"v":832750,"d":"$832,750"}]
[null,null,"LA","JACKSON PARISH",{"v":832750,"d":"$832,750"}]
[null,null,"LA","JEFFERSON PARISH",{"v":832750,"d":"$832,750"}]
[null,null,"LA","JEFFERSON DAVIS PARISH",{"v":832750,"d":"$832,750"}]
[null,null,"LA","LAFAYETTE PARISH",{"v":832750,"d":"$832,750"}]
[null,null,"LA","LAFOURCHE PARISH",{"v":832750,"d":"$832,750"}]
[null,null,"LA","LA SALLE PARISH",{"v":832750,"d":"$832,750"}]
[null,null,"LA","LINCOLN PARISH",{"v":832750,"d":"$832,750"}]
[null,null,"LA","LIVINGSTON PARISH",{"v":832750,"d":"$832,750"}]
[null,null,"LA","MADISON PARISH",{"v":832750,"d":"$832,750"}]
[null,null,"LA","MOREHOUSE PARISH",{"v":832750,"d":"$832,750"}]
[null,null,"LA","NATCHITOCHES PARISH",{"v":832750,"d":"$832,750"}]
[null,null,"LA","ORLEANS PARISH",{"v":832750,"d":"$832,750"}]
[null,null,"LA","OUACHITA PARISH",{"v":832750,"d":"$832,750"}]
[null,null,"LA","PLAQUEMINES PARISH",{"v":832750,"d":"$832,750"}]
[null,null,"LA","POINTE COUPEE PARISH",{"v":832750,"d":"$832,750"}]
[null,null,"LA","RAPIDES PARISH",{"v":832750,"d":"$832,750"}]
[null,null,"LA","RED RIVER PARISH",{"v":832750,"d":"$832,750"}]
[null,null,"LA","RICHLAND PARISH",{"v":832750,"d":"$832,750"}]
[null,null,"LA","SABINE PARISH",{"v":832750,"d":"$832,750"}]
[null,null,"LA","ST. BERNARD PARISH",{"v":832750,"d":"$832,750"}]
[null,null,"LA","ST. CHARLES PARISH",{"v":832750,"d":"$832,750"}]
[null,null,"LA","ST. HELENA PARISH",{"v":832750,"d":"$832,750"}]
[null,null,"LA","ST. JAMES PARISH",{"v":832750,"d":"$832,750"}]
[null,null,"LA","ST. JOHN THE BAPTIST PARISH",{"v":832750,"d":"$832,750"}]
[null,null,"LA","ST. LANDRY PARISH",{"v":832750,"d":"$832,750"}]
[null,null,"LA","ST. MARTIN PARISH",{"v":832750,"d":"$832,750"}]
[null,null,"LA","ST. MARY PARISH",{"v":832750,"d":"$832,750"}]
[null,null,"LA","ST. TAMMANY PARISH",{"v":832750,"d":"$832,750"}]
[null,null,"LA","TANGIPAHOA PARISH",{"v":832750,"d":"$832,750"}]
[null,null,"LA","TENSAS PARISH",{"v":832750,"d":"$832,750"}]
[null,null,"LA","TERREBONNE PARISH",{"v":832750,"d":"$832,750"}]
[null,null,"LA","UNION PARISH",{"v":832750,"d":"$832,750"}]
[null,null,"LA","VERMILION PARISH",{"v":832750,"d":"$832,750"}]
[null,null,"LA","VERNON PARISH",{"v":832750,"d":"$832,750"}]
[null,null,"LA","WASHINGTON PARISH",{"v":832750,"d":"$832,750"}]
[null,null,"LA","WEBSTER PARISH",{"v":832750,"d":"$832,750"}]
[null,null,"LA","WEST BATON ROUGE PARISH",{"v":832750,"d":"$832,750"}]
[null,null,"LA","WEST CARROLL PARISH",{"v":832750,"d":"$832,750"}]
[null,null,"LA","WEST FELICIANA PARISH",{"v":832750,"d":"$832,750"}]
[null,null,"LA","WINN PARISH",{"v":832750,"d":"$832,750"}]
[null,null,"ME","ANDROSCOGGIN COUNTY",{"v":832750,"d":"$832,750"}]
[null,null,"ME","AROOSTOOK COUNTY",{"v":832750,"d":"$832,750"}]
[null,null,"ME","CUMBERLAND COUNTY",{"v":832750,"d":"$832,750"}]
[null,null,"ME","FRANKLIN COUNTY",{"v":832750,"d":"$832,750"}]
[null,null,"ME","HANCOCK COUNTY",{"v":832750,"d":"$832,750"}]
[null,null,"ME","KENNEBEC COUNTY",{"v":832750,"d":"$832,750"}]
[null,null,"ME","KNOX COUNTY",{"v":832750,"d":"$832,750"}]
[null,null,"ME","LINCOLN COUNTY",{"v":832750,"d":"$832,750"}]
[null,null,"ME","OXFORD COUNTY",{"v":832750,"d":"$832,750"}]
[null,null,"ME","PENOBSCOT COUNTY",{"v":832750,"d":"$832,750"}]
[null,null,"ME","PISCATAQUIS COUNTY",{"v":832750,"d":"$832,750"}]
[null,null,"ME","SAGADAHOC COUNTY",{"v":832750,"d":"$832,750"}]
[null,null,"ME","SOMERSET COUNTY",{"v":832750,"d":"$832,750"}]
[null,null,"ME","WALDO COUNTY",{"v":832750,"d":"$832,750"}]
[null,null,"ME","WASHINGTON COUNTY",{"v":832750,"d":"$832,750"}]
[null,null,"ME","YORK COUNTY",{"v":832750,"d":"$832,750"}]
[null,null,"MD","ALLEGANY COUNTY",{"v":832750,"d":"$832,750"}]
[null,null,"MD","ANNE ARUNDEL COUNTY",{"v":832750,"d":"$832,750"}]
[null,null,"MD","BALTIMORE COUNTY",{"v":832750,"d":"$832,750"}]
[null,null,"MD","CALVERT COUNTY",{"v":1209750,"d":"$1,209,750"}]
[null,null,"MD","CAROLINE COUNTY",{"v":832750,"d":"$832,750"}]
[null,null,"MD","CARROLL COUNTY",{"v":832750,"d":"$832,750"}]
[null,null,"MD","CECIL COUNTY",{"v":832750,"d":"$832,750"}]
[null,null,"MD","CHARLES COUNTY",{"v":1249125,"d":"$1,249,125"}]
[null,null,"MD","DORCHESTER COUNTY",{"v":832750,"d":"$832,750"}]
[null,null,"MD","FREDERICK COUNTY",{"v":1249125,"d":"$1,249,125"}]
[null,null,"MD","GARRETT COUNTY",{"v":832750,"d":"$832,750"}]
[null,null,"MD","HARFORD COUNTY",{"v":832750,"d":"$832,750"}]
[null,null,"MD","HOWARD COUNTY",{"v":832750,"d":"$832,750"}]
[null,null,"MD","KENT COUNTY",{"v":832750,"d":"$832,750"}]
[null,null,"MD","MONTGOMERY COUNTY",{"v":1249125,"d":"$1,249,125"}]
[null,null,"MD","PRINCE GEORGE'S COUNTY",{"v":1249125,"d":"$1,249,125"}]
[null,null,"MD","QUEEN ANNE'S COUNTY",{"v":832750,"d":"$832,750"}]
[null,null,"MD","ST. MARY'S COUNTY",{"v":832750,"d":"$832,750"}]
[null,null,"MD","SOMERSET COUNTY",{"v":832750,"d":"$832,750"}]
[null,null,"MD","TALBOT COUNTY",{"v":832750,"d":"$832,750"}]
[null,null,"MD","WASHINGTON COUNTY",{"v":832750,"d":"$832,750"}]
[null,null,"MD","WICOMICO COUNTY",{"v":832750,"d":"$832,750"}]
[null,null,"MD","WORCESTER COUNTY",{"v":832750,"d":"$832,750"}]
[null,null,"MD","BALTIMORE CITY",{"v":832750,"d":"$832,750"}]
[null,null,"MA","BARNSTABLE COUNTY",{"v":832750,"d":"$832,750"}]
[null,null,"MA","BERKSHIRE COUNTY",{"v":832750,"d":"$832,750"}]
[null,null,"MA","BRISTOL COUNTY",{"v":832750,"d":"$832,750"}]
[null,null,"MA","DUKES COUNTY",{"v":1249125,"d":"$1,249,125"}]
[null,null,"MA","ESSEX COUNTY",{"v":962550,"d":"$962,550"}]
[null,null,"MA","FRANKLIN COUNTY",{"v":832750,"d":"$832,750"}]
[null,null,"MA","HAMPDEN COUNTY",{"v":832750,"d":"$832,750"}]
[null,null,"MA","HAMPSHIRE COUNTY",{"v":832750,"d":"$832,750"}]
[null,null,"MA","MIDDLESEX COUNTY",{"v":962550,"d":"$962,550"}]
[null,null,"MA","NANTUCKET COUNTY",{"v":1249125,"d":"$1,249,125"}]
[null,null,"MA","NORFOLK COUNTY",{"v":962550,"d":"$962,550"}]
[null,null,"MA","PLYMOUTH COUNTY",{"v":962550,"d":"$962,550"}]
[null,null,"MA","SUFFOLK COUNTY",{"v":962550,"d":"$962,550"}]
[null,null,"MA","WORCESTER COUNTY",{"v":832750,"d":"$832,750"}]
[null,null,"MI","ALCONA COUNTY",{"v":832750,"d":"$832,750"}]
[null,null,"MI","ALGER COUNTY",{"v":832750,"d":"$832,750"}]
[null,null,"MI","ALLEGAN COUNTY",{"v":832750,"d":"$832,750"}]
[null,null,"MI","ALPENA COUNTY",{"v":832750,"d":"$832,750"}]
[null,null,"MI","ANTRIM COUNTY",{"v":832750,"d":"$832,750"}]
[null,null,"MI","ARENAC COUNTY",{"v":832750,"d":"$832,750"}]
[null,null,"MI","BARAGA COUNTY",{"v":832750,"d":"$832,750"}]
[null,null,"MI","BARRY COUNTY",{"v":832750,"d":"$832,750"}]
[null,null,"MI","BAY COUNTY",{"v":832750,"d":"$832,750"}]
[null,null,"MI","BENZIE COUNTY",{"v":832750,"d":"$832,750"}]
[null,null,"MI","BERRIEN COUNTY",{"v":832750,"d":"$832,750"}]
[null,null,"MI","BRANCH COUNTY",{"v":832750,"d":"$832,750"}]
[null,null,"MI","CALHOUN COUNTY",{"v":832750,"d":"$832,750"}]
[null,null,"MI","CASS COUNTY",{"v":832750,"d":"$832,750"}]
[null,null,"MI","CHARLEVOIX COUNTY",{"v":832750,"d":"$832,750"}]
[null,null,"MI","CHEBOYGAN COUNTY",{"v":832750,"d":"$832,750"}]
[null,null,"MI","CHIPPEWA COUNTY",{"v":832750,"d":"$832,750"}]
[null,null,"MI","CLARE COUNTY",{"v":832750,"d":"$832,750"}]
[null,null,"MI","CLINTON COUNTY",{"v":832750,"d":"$832,750"}]
[null,null,"MI","CRAWFORD COUNTY",{"v":832750,"d":"$832,750"}]
[null,null,"MI","DELTA COUNTY",{"v":832750,"d":"$832,750"}]
[null,null,"MI","DICKINSON COUNTY",{"v":832750,"d":"$832,750"}]
[null,null,"MI","EATON COUNTY",{"v":832750,"d":"$832,750"}]
[null,null,"MI","EMMET COUNTY",{"v":832750,"d":"$832,750"}]
[null,null,"MI","GENESEE COUNTY",{"v":832750,"d":"$832,750"}]
[null,null,"MI","GLADWIN COUNTY",{"v":832750,"d":"$832,750"}]
[null,null,"MI","GOGEBIC COUNTY",{"v":832750,"d":"$832,750"}]
[null,null,"MI","GRAND TRAVERSE COUNTY",{"v":832750,"d":"$832,750"}]
[null,null,"MI","GRATIOT COUNTY",{"v":832750,"d":"$832,750"}]
[null,null,"MI","HILLSDALE COUNTY",{"v":832750,"d":"$832,750"}]
[null,null,"MI","HOUGHTON COUNTY",{"v":832750,"d":"$832,750"}]
[null,null,"MI","HURON COUNTY",{"v":832750,"d":"$832,750"}]
[null,null,"MI","INGHAM COUNTY",{"v":832750,"d":"$832,750"}]
[null,null,"MI","IONIA COUNTY",{"v":832750,"d":"$832,750"}]
[null,null,"MI","IOSCO COUNTY",{"v":832750,"d":"$832,750"}]
[null,null,"MI","IRON COUNTY",{"v":832750,"d":"$832,750"}]
[null,null,"MI","ISABELLA COUNTY",{"v":832750,"d":"$832,750"}]
[null,null,"MI","JACKSON COUNTY",{"v":832750,"d":"$832,750"}]
[null,null,"MI","KALAMAZOO COUNTY",{"v":832750,"d":"$832,750"}]
[null,null,"MI","KALKASKA COUNTY",{"v":832750,"d":"$832,750"}]
[null,null,"MI","KENT COUNTY",{"v":832750,"d":"$832,750"}]
[null,null,"MI","KEWEENAW COUNTY",{"v":832750,"d":"$832,750"}]
[null,null,"MI","LAKE COUNTY",{"v":832750,"d":"$832,750"}]
[null,null,"MI","LAPEER COUNTY",{"v":832750,"d":"$832,750"}]
[null,null,"MI","LEELANAU COUNTY",{"v":832750,"d":"$832,750"}]
[null,null,"MI","LENAWEE COUNTY",{"v":832750,"d":"$832,750"}]
[null,null,"MI","LIVINGSTON COUNTY",{"v":832750,"d":"$832,750"}]
[null,null,"MI","LUCE COUNTY",{"v":832750,"d":"$832,750"}]
[null,null,"MI","MACKINAC COUNTY",{"v":832750,"d":"$832,750"}]
[null,null,"MI","MACOMB COUNTY",{"v":832750,"d":"$832,750"}]
[null,null,"MI","MANISTEE COUNTY",{"v":832750,"d":"$832,750"}]
[null,null,"MI","MARQUETTE COUNTY",{"v":832750,"d":"$832,750"}]
[null,null,"MI","MASON COUNTY",{"v":832750,"d":"$832,750"}]
[null,null,"MI","MECOSTA COUNTY",{"v":832750,"d":"$832,750"}]
[null,null,"MI","MENOMINEE COUNTY",{"v":832750,"d":"$832,750"}]
[null,null,"MI","MIDLAND COUNTY",{"v":832750,"d":"$832,750"}]
[null,null,"MI","MISSAUKEE COUNTY",{"v":832750,"d":"$832,750"}]
[null,null,"MI","MONROE COUNTY",{"v":832750,"d":"$832,750"}]
[null,null,"MI","MONTCALM COUNTY",{"v":832750,"d":"$832,750"}]
[null,null,"MI","MONTMORENCY COUNTY",{"v":832750,"d":"$832,750"}]
[null,null,"MI","MUSKEGON COUNTY",{"v":832750,"d":"$832,750"}]
[null,null,"MI","NEWAYGO COUNTY",{"v":832750,"d":"$832,750"}]
[null,null,"MI","OAKLAND COUNTY",{"v":832750,"d":"$832,750"}]
[null,null,"MI","OCEANA COUNTY",{"v":832750,"d":"$832,750"}]
[null,null,"MI","OGEMAW COUNTY",{"v":832750,"d":"$832,750"}]
[null,null,"MI","ONTONAGON COUNTY",{"v":832750,"d":"$832,750"}]
[null,null,"MI","OSCEOLA COUNTY",{"v":832750,"d":"$832,750"}]
[null,null,"MI","OSCODA COUNTY",{"v":832750,"d":"$832,750"}]
[null,null,"MI","OTSEGO COUNTY",{"v":832750,"d":"$832,750"}]
[null,null,"MI","OTTAWA COUNTY",{"v":832750,"d":"$832,750"}]
[null,null,"MI","PRESQUE ISLE COUNTY",{"v":832750,"d":"$832,750"}]
[null,null,"MI","ROSCOMMON COUNTY",{"v":832750,"d":"$832,750"}]
[null,null,"MI","SAGINAW COUNTY",{"v":832750,"d":"$832,750"}]
[null,null,"MI","ST. CLAIR COUNTY",{"v":832750,"d":"$832,750"}]
[null,null,"MI","ST. JOSEPH COUNTY",{"v":832750,"d":"$832,750"}]
[null,null,"MI","SANILAC COUNTY",{"v":832750,"d":"$832,750"}]
[null,null,"MI","SCHOOLCRAFT COUNTY",{"v":832750,"d":"$832,750"}]
[null,null,"MI","SHIAWASSEE COUNTY",{"v":832750,"d":"$832,750"}]
[null,null,"MI","TUSCOLA COUNTY",{"v":832750,"d":"$832,750"}]
[null,null,"MI","VAN BUREN COUNTY",{"v":832750,"d":"$832,750"}]
[null,null,"MI","WASHTENAW COUNTY",{"v":832750,"d":"$832,750"}]
[null,null,"MI","WAYNE COUNTY",{"v":832750,"d":"$832,750"}]
[null,null,"MI","WEXFORD COUNTY",{"v":832750,"d":"$832,750"}]
[null,null,"MN","AITKIN COUNTY",{"v":832750,"d":"$832,750"}]
[null,null,"MN","ANOKA COUNTY",{"v":832750,"d":"$832,750"}]
[null,null,"MN","BECKER COUNTY",{"v":832750,"d":"$832,750"}]
[null,null,"MN","BELTRAMI COUNTY",{"v":832750,"d":"$832,750"}]
[null,null,"MN","BENTON COUNTY",{"v":832750,"d":"$832,750"}]
[null,null,"MN","BIG STONE COUNTY",{"v":832750,"d":"$832,750"}]
[null,null,"MN","BLUE EARTH COUNTY",{"v":832750,"d":"$832,750"}]
[null,null,"MN","BROWN COUNTY",{"v":832750,"d":"$832,750"}]
[null,null,"MN","CARLTON COUNTY",{"v":832750,"d":"$832,750"}]
[null,null,"MN","CARVER COUNTY",{"v":832750,"d":"$832,750"}]
[null,null,"MN","CASS COUNTY",{"v":832750,"d":"$832,750"}]
[null,null,"MN","CHIPPEWA COUNTY",{"v":832750,"d":"$832,750"}]
[null,null,"MN","CHISAGO COUNTY",{"v":832750,"d":"$832,750"}]
[null,null,"MN","CLAY COUNTY",{"v":832750,"d":"$832,750"}]
[null,null,"MN","CLEARWATER COUNTY",{"v":832750,"d":"$832,750"}]
[null,null,"MN","COOK COUNTY",{"v":832750,"d":"$832,750"}]
[null,null,"MN","COTTONWOOD COUNTY",{"v":832750,"d":"$832,750"}]
[null,null,"MN","CROW WING COUNTY",{"v":832750,"d":"$832,750"}]
[null,null,"MN","DAKOTA COUNTY",{"v":832750,"d":"$832,750"}]
[null,null,"MN","DODGE COUNTY",{"v":832750,"d":"$832,750"}]
[null,null,"MN","DOUGLAS COUNTY",{"v":832750,"d":"$832,750"}]
[null,null,"MN","FARIBAULT COUNTY",{"v":832750,"d":"$832,750"}]
[null,null,"MN","FILLMORE COUNTY",{"v":832750,"d":"$832,750"}]
[null,null,"MN","FREEBORN COUNTY",{"v":832750,"d":"$832,750"}]
[null,null,"MN","GOODHUE COUNTY",{"v":832750,"d":"$832,750"}]
[null,null,"MN","GRANT COUNTY",{"v":832750,"d":"$832,750"}]
[null,null,"MN","HENNEPIN COUNTY",{"v":832750,"d":"$832,750"}]
[null,null,"MN","HOUSTON COUNTY",{"v":832750,"d":"$832,750"}]
[null,null,"MN","HUBBARD COUNTY",{"v":832750,"d":"$832,750"}]
[null,null,"MN","ISANTI COUNTY",{"v":832750,"d":"$832,750"}]
[null,null,"MN","ITASCA COUNTY",{"v":832750,"d":"$832,750"}]
[null,null,"MN","JACKSON COUNTY",{"v":832750,"d":"$832,750"}]
[null,null,"MN","KANABEC COUNTY",{"v":832750,"d":"$832,750"}]
[null,null,"MN","KANDIYOHI COUNTY",{"v":832750,"d":"$832,750"}]
[null,null,"MN","KITTSON COUNTY",{"v":832750,"d":"$832,750"}]
[null,null,"MN","KOOCHICHING COUNTY",{"v":832750,"d":"$832,750"}]
[null,null,"MN","LAC QUI PARLE COUNTY",{"v":832750,"d":"$832,750"}]
[null,null,"MN","LAKE COUNTY",{"v":832750,"d":"$832,750"}]
[null,null,"MN","LAKE OF THE WOODS COUNTY",{"v":832750,"d":"$832,750"}]
[null,null,"MN","LE SUEUR COUNTY",{"v":832750,"d":"$832,750"}]
[null,null,"MN","LINCOLN COUNTY",{"v":832750,"d":"$832,750"}]
[null,null,"MN","LYON COUNTY",{"v":832750,"d":"$832,750"}]
[null,null,"MN","MCLEOD COUNTY",{"v":832750,"d":"$832,750"}]
[null,null,"MN","MAHNOMEN COUNTY",{"v":832750,"d":"$832,750"}]
[null,null,"MN","MARSHALL COUNTY",{"v":832750,"d":"$832,750"}]
[null,null,"MN","MARTIN COUNTY",{"v":832750,"d":"$832,750"}]
[null,null,"MN","MEEKER COUNTY",{"v":832750,"d":"$832,750"}]
[null,null,"MN","MILLE LACS COUNTY",{"v":832750,"d":"$832,750"}]
[null,null,"MN","MORRISON COUNTY",{"v":832750,"d":"$832,750"}]
[null,null,"MN","MOWER COUNTY",{"v":832750,"d":"$832,750"}]
[null,null,"MN","MURRAY COUNTY",{"v":832750,"d":"$832,750"}]
[null,null,"MN","NICOLLET COUNTY",{"v":832750,"d":"$832,750"}]
[null,null,"MN","NOBLES COUNTY",{"v":832750,"d":"$832,750"}]
[null,null,"MN","NORMAN COUNTY",{"v":832750,"d":"$832,750"}]
[null,null,"MN","OLMSTED COUNTY",{"v":832750,"d":"$832,750"}]
[null,null,"MN","OTTER TAIL COUNTY",{"v":832750,"d":"$832,750"}]
[null,null,"MN","PENNINGTON COUNTY",{"v":832750,"d":"$832,750"}]
[null,null,"MN","PINE COUNTY",{"v":832750,"d":"$832,750"}]
[null,null,"MN","PIPESTONE COUNTY",{"v":832750,"d":"$832,750"}]
[null,null,"MN","POLK COUNTY",{"v":832750,"d":"$832,750"}]
[null,null,"MN","POPE COUNTY",{"v":832750,"d":"$832,750"}]
[null,null,"MN","RAMSEY COUNTY",{"v":832750,"d":"$832,750"}]
[null,null,"MN","RED LAKE COUNTY",{"v":832750,"d":"$832,750"}]
[null,null,"MN","REDWOOD COUNTY",{"v":832750,"d":"$832,750"}]
[null,null,"MN","RENVILLE COUNTY",{"v":832750,"d":"$832,750"}]
[null,null,"MN","RICE COUNTY",{"v":832750,"d":"$832,750"}]
[null,null,"MN","ROCK COUNTY",{"v":832750,"d":"$832,750"}]
[null,null,"MN","ROSEAU COUNTY",{"v":832750,"d":"$832,750"}]
[null,null,"MN","ST. LOUIS COUNTY",{"v":832750,"d":"$832,750"}]
[null,null,"MN","SCOTT COUNTY",{"v":832750,"d":"$832,750"}]
[null,null,"MN","SHERBURNE COUNTY",{"v":832750,"d":"$832,750"}]
[null,null,"MN","SIBLEY COUNTY",{"v":832750,"d":"$832,750"}]
[null,null,"MN","STEARNS COUNTY",{"v":832750,"d":"$832,750"}]
[null,null,"MN","STEELE COUNTY",{"v":832750,"d":"$832,750"}]
[null,null,"MN","STEVENS COUNTY",{"v":832750,"d":"$832,750"}]
[null,null,"MN","SWIFT COUNTY",{"v":832750,"d":"$832,750"}]
[null,null,"MN","TODD COUNTY",{"v":832750,"d":"$832,750"}]
[null,null,"MN","TRAVERSE COUNTY",{"v":832750,"d":"$832,750"}]
[null,null,"MN","WABASHA COUNTY",{"v":832750,"d":"$832,750"}]
[null,null,"MN","WADENA COUNTY",{"v":832750,"d":"$832,750"}]
[null,null,"MN","WASECA COUNTY",{"v":832750,"d":"$832,750"}]
[null,null,"MN","WASHINGTON COUNTY",{"v":832750,"d":"$832,750"}]
[null,null,"MN","WATONWAN COUNTY",{"v":832750,"d":"$832,750"}]
[null,null,"MN","WILKIN COUNTY",{"v":832750,"d":"$832,750"}]
[null,null,"MN","WINONA COUNTY",{"v":832750,"d":"$832,750"}]
[null,null,"MN","WRIGHT COUNTY",{"v":832750,"d":"$832,750"}]
[null,null,"MN","YELLOW MEDICINE COUNTY",{"v":832750,"d":"$832,750"}]
[null,null,"MS","ADAMS COUNTY",{"v":832750,"d":"$832,750"}]
[null,null,"MS","ALCORN COUNTY",{"v":832750,"d":"$832,750"}]
[null,null,"MS","AMITE COUNTY",{"v":832750,"d":"$832,750"}]
[null,null,"MS","ATTALA COUNTY",{"v":832750,"d":"$832,750"}]
[null,null,"MS","BENTON COUNTY",{"v":832750,"d":"$832,750"}]
[null,null,"MS","BOLIVAR COUNTY",{"v":832750,"d":"$832,750"}]
[null,null,"MS","CALHOUN COUNTY",{"v":832750,"d":"$832,750"}]
[null,null,"MS","CARROLL COUNTY",{"v":832750,"d":"$832,750"}]
[null,null,"MS","CHICKASAW COUNTY",{"v":832750,"d":"$832,750"}]
[null,null,"MS","CHOCTAW COUNTY",{"v":832750,"d":"$832,750"}]
[null,null,"MS","CLAIBORNE COUNTY",{"v":832750,"d":"$832,750"}]
[null,null,"MS","CLARKE COUNTY",{"v":832750,"d":"$832,750"}]
[null,null,"MS","CLAY COUNTY",{"v":832750,"d":"$832,750"}]
[null,null,"MS","COAHOMA COUNTY",{"v":832750,"d":"$832,750"}]
[null,null,"MS","COPIAH COUNTY",{"v":832750,"d":"$832,750"}]
[null,null,"MS","COVINGTON COUNTY",{"v":832750,"d":"$832,750"}]
[null,null,"MS","DESOTO COUNTY",{"v":832750,"d":"$832,750"}]
[null,null,"MS","FORREST COUNTY",{"v":832750,"d":"$832,750"}]
[null,null,"MS","FRANKLIN COUNTY",{"v":832750,"d":"$832,750"}]
[null,null,"MS","GEORGE COUNTY",{"v":832750,"d":"$832,750"}]
[null,null,"MS","GREENE COUNTY",{"v":832750,"d":"$832,750"}]
[null,null,"MS","GRENADA COUNTY",{"v":832750,"d":"$832,750"}]
[null,null,"MS","HANCOCK COUNTY",{"v":832750,"d":"$832,750"}]
[null,null,"MS","HARRISON COUNTY",{"v":832750,"d":"$832,750"}]
[null,null,"MS","HINDS COUNTY",{"v":832750,"d":"$832,750"}]
[null,null,"MS","HOLMES COUNTY",{"v":832750,"d":"$832,750"}]
[null,null,"MS","HUMPHREYS COUNTY",{"v":832750,"d":"$832,750"}]
[null,null,"MS","ISSAQUENA COUNTY",{"v":832750,"d":"$832,750"}]
[null,null,"MS","ITAWAMBA COUNTY",{"v":832750,"d":"$832,750"}]
[null,null,"MS","JACKSON COUNTY",{"v":832750,"d":"$832,750"}]
[null,null,"MS","JASPER COUNTY",{"v":832750,"d":"$832,750"}]
[null,null,"MS","JEFFERSON COUNTY",{"v":832750,"d":"$832,750"}]
[null,null,"MS","JEFFERSON DAVIS COUNTY",{"v":832750,"d":"$832,750"}]
[null,null,"MS","JONES COUNTY",{"v":832750,"d":"$832,750"}]
[null,null,"MS","KEMPER COUNTY",{"v":832750,"d":"$832,750"}]
[null,null,"MS","LAFAYETTE COUNTY",{"v":832750,"d":"$832,750"}]
[null,null,"MS","LAMAR COUNTY",{"v":832750,"d":"$832,750"}]
[null,null,"MS","LAUDERDALE COUNTY",{"v":832750,"d":"$832,750"}]
[null,null,"MS","LAWRENCE COUNTY",{"v":832750,"d":"$832,750"}]
[null,null,"MS","LEAKE COUNTY",{"v":832750,"d":"$832,750"}]
[null,null,"MS","LEE COUNTY",{"v":832750,"d":"$832,750"}]
[null,null,"MS","LEFLORE COUNTY",{"v":832750,"d":"$832,750"}]
[null,null,"MS","LINCOLN COUNTY",{"v":832750,"d":"$832,750"}]
[null,null,"MS","LOWNDES COUNTY",{"v":832750,"d":"$832,750"}]
[null,null,"MS","MADISON COUNTY",{"v":832750,"d":"$832,750"}]
[null,null,"MS","MARION COUNTY",{"v":832750,"d":"$832,750"}]
[null,null,"MS","MARSHALL COUNTY",{"v":832750,"d":"$832,750"}]
[null,null,"MS","MONROE COUNTY",{"v":832750,"d":"$832,750"}]
[null,null,"MS","MONTGOMERY COUNTY",{"v":832750,"d":"$832,750"}]
[null,null,"MS","NESHOBA COUNTY",{"v":832750,"d":"$832,750"}]
[null,null,"MS","NEWTON COUNTY",{"v":832750,"d":"$832,750"}]
[null,null,"MS","NOXUBEE COUNTY",{"v":832750,"d":"$832,750"}]
[null,null,"MS","OKTIBBEHA COUNTY",{"v":832750,"d":"$832,750"}]
[null,null,"MS","PANOLA COUNTY",{"v":832750,"d":"$832,750"}]
[null,null,"MS","PEARL RIVER COUNTY",{"v":832750,"d":"$832,750"}]
[null,null,"MS","PERRY COUNTY",{"v":832750,"d":"$832,750"}]
[null,null,"MS","PIKE COUNTY",{"v":832750,"d":"$832,750"}]
[null,null,"MS","PONTOTOC COUNTY",{"v":832750,"d":"$832,750"}]
[null,null,"MS","PRENTISS COUNTY",{"v":832750,"d":"$832,750"}]
[null,null,"MS","QUITMAN COUNTY",{"v":832750,"d":"$832,750"}]
[null,null,"MS","RANKIN COUNTY",{"v":832750,"d":"$832,750"}]
[null,null,"MS","SCOTT COUNTY",{"v":832750,"d":"$832,750"}]
[null,null,"MS","SHARKEY COUNTY",{"v":832750,"d":"$832,750"}]
[null,null,"MS","SIMPSON COUNTY",{"v":832750,"d":"$832,750"}]
[null,null,"MS","SMITH COUNTY",{"v":832750,"d":"$832,750"}]
[null,null,"MS","STONE COUNTY",{"v":832750,"d":"$832,750"}]
[null,null,"MS","SUNFLOWER COUNTY",{"v":832750,"d":"$832,750"}]
[null,null,"MS","TALLAHATCHIE COUNTY",{"v":832750,"d":"$832,750"}]
[null,null,"MS","TATE COUNTY",{"v":832750,"d":"$832,750"}]
[null,null,"MS","TIPPAH COUNTY",{"v":832750,"d":"$832,750"}]
[null,null,"MS","TISHOMINGO COUNTY",{"v":832750,"d":"$832,750"}]
[null,null,"MS","TUNICA COUNTY",{"v":832750,"d":"$832,750"}]
[null,null,"MS","UNION COUNTY",{"v":832750,"d":"$832,750"}]
[null,null,"MS","WALTHALL COUNTY",{"v":832750,"d":"$832,750"}]
[null,null,"MS","WARREN COUNTY",{"v":832750,"d":"$832,750"}]
[null,null,"MS","WASHINGTON COUNTY",{"v":832750,"d":"$832,750"}]
[null,null,"MS","WAYNE COUNTY",{"v":832750,"d":"$832,750"}]
[null,null,"MS","WEBSTER COUNTY",{"v":832750,"d":"$832,750"}]
[null,null,"MS","WILKINSON COUNTY",{"v":832750,"d":"$832,750"}]
[null,null,"MS","WINSTON COUNTY",{"v":832750,"d":"$832,750"}]
[null,null,"MS","YALOBUSHA COUNTY",{"v":832750,"d":"$832,750"}]
[null,null,"MS","YAZOO COUNTY",{"v":832750,"d":"$832,750"}]
[null,null,"MO","ADAIR COUNTY",{"v":832750,"d":"$832,750"}]
[null,null,"MO","ANDREW COUNTY",{"v":832750,"d":"$832,750"}]
[null,null,"MO","ATCHISON COUNTY",{"v":832750,"d":"$832,750"}]
[null,null,"MO","AUDRAIN COUNTY",{"v":832750,"d":"$832,750"}]
[null,null,"MO","BARRY COUNTY",{"v":832750,"d":"$832,750"}]
[null,null,"MO","BARTON COUNTY",{"v":832750,"d":"$832,750"}]
[null,null,"MO","BATES COUNTY",{"v":832750,"d":"$832,750"}]
[null,null,"MO","BENTON COUNTY",{"v":832750,"d":"$832,750"}]
[null,null,"MO","BOLLINGER COUNTY",{"v":832750,"d":"$832,750"}]
[null,null,"MO","BOONE COUNTY",{"v":832750,"d":"$832,750"}]
[null,null,"MO","BUCHANAN COUNTY",{"v":832750,"d":"$832,750"}]
[null,null,"MO","BUTLER COUNTY",{"v":832750,"d":"$832,750"}]
[null,null,"MO","CALDWELL COUNTY",{"v":832750,"d":"$832,750"}]
[null,null,"MO","CALLAWAY COUNTY",{"v":832750,"d":"$832,750"}]
[null,null,"MO","CAMDEN COUNTY",{"v":832750,"d":"$832,750"}]
[null,null,"MO","CAPE GIRARDEAU COUNTY",{"v":832750,"d":"$832,750"}]
[null,null,"MO","CARROLL COUNTY",{"v":832750,"d":"$832,750"}]
[null,null,"MO","CARTER COUNTY",{"v":832750,"d":"$832,750"}]
[null,null,"MO","CASS COUNTY",{"v":832750,"d":"$832,750"}]
[null,null,"MO","CEDAR COUNTY",{"v":832750,"d":"$832,750"}]
[null,null,"MO","CHARITON COUNTY",{"v":832750,"d":"$832,750"}]
[null,null,"MO","CHRISTIAN COUNTY",{"v":832750,"d":"$832,750"}]
[null,null,"MO","CLARK COUNTY",{"v":832750,"d":"$832,750"}]
[null,null,"MO","CLAY COUNTY",{"v":832750,"d":"$832,750"}]
[null,null,"MO","CLINTON COUNTY",{"v":832750,"d":"$832,750"}]
[null,null,"MO","COLE COUNTY",{"v":832750,"d":"$832,750"}]
[null,null,"MO","COOPER COUNTY",{"v":832750,"d":"$832,750"}]
[null,null,"MO","CRAWFORD COUNTY",{"v":832750,"d":"$832,750"}]
[null,null,"MO","DADE COUNTY",{"v":832750,"d":"$832,750"}]
[null,null,"MO","DALLAS COUNTY",{"v":832750,"d":"$832,750"}]
[null,null,"MO","DAVIESS COUNTY",{"v":832750,"d":"$832,750"}]
[null,null,"MO","DEKALB COUNTY",{"v":832750,"d":"$832,750"}]
[null,null,"MO","DENT COUNTY",{"v":832750,"d":"$832,750"}]
[null,null,"MO","DOUGLAS COUNTY",{"v":832750,"d":"$832,750"}]
[null,null,"MO","DUNKLIN COUNTY",{"v":832750,"d":"$832,750"}]
[null,null,"MO","FRANKLIN COUNTY",{"v":832750,"d":"$832,750"}]
[null,null,"MO","GASCONADE COUNTY",{"v":832750,"d":"$832,750"}]
[null,null,"MO","GENTRY COUNTY",{"v":832750,"d":"$832,750"}]
[null,null,"MO","GREENE COUNTY",{"v":832750,"d":"$832,750"}]
[null,null,"MO","GRUNDY COUNTY",{"v":832750,"d":"$832,750"}]
[null,null,"MO","HARRISON COUNTY",{"v":832750,"d":"$832,750"}]
[null,null,"MO","HENRY COUNTY",{"v":832750,"d":"$832,750"}]
[null,null,"MO","HICKORY COUNTY",{"v":832750,"d":"$832,750"}]
[null,null,"MO","HOLT COUNTY",{"v":832750,"d":"$832,750"}]
[null,null,"MO","HOWARD COUNTY",{"v":832750,"d":"$832,750"}]
[null,null,"MO","HOWELL COUNTY",{"v":832750,"d":"$832,750"}]
[null,null,"MO","IRON COUNTY",{"v":832750,"d":"$832,750"}]
[null,null,"MO","JACKSON COUNTY",{"v":832750,"d":"$832,750"}]
[null,null,"MO","JASPER COUNTY",{"v":832750,"d":"$832,750"}]
[null,null,"MO","JEFFERSON COUNTY",{"v":832750,"d":"$832,750"}]
[null,null,"MO","JOHNSON COUNTY",{"v":832750,"d":"$832,750"}]
[null,null,"MO","KNOX COUNTY",{"v":832750,"d":"$832,750"}]
[null,null,"MO","LACLEDE COUNTY",{"v":832750,"d":"$832,750"}]
[null,null,"MO","LAFAYETTE COUNTY",{"v":832750,"d":"$832,750"}]
[null,null,"MO","LAWRENCE COUNTY",{"v":832750,"d":"$832,750"}]
[null,null,"MO","LEWIS COUNTY",{"v":832750,"d":"$832,750"}]
[null,null,"MO","LINCOLN COUNTY",{"v":832750,"d":"$832,750"}]
[null,null,"MO","LINN COUNTY",{"v":832750,"d":"$832,750"}]
[null,null,"MO","LIVINGSTON COUNTY",{"v":832750,"d":"$832,750"}]
[null,null,"MO","MCDONALD COUNTY",{"v":832750,"d":"$832,750"}]
[null,null,"MO","MACON COUNTY",{"v":832750,"d":"$832,750"}]
[null,null,"MO","MADISON COUNTY",{"v":832750,"d":"$832,750"}]
[null,null,"MO","MARIES COUNTY",{"v":832750,"d":"$832,750"}]
[null,null,"MO","MARION COUNTY",{"v":832750,"d":"$832,750"}]
[null,null,"MO","MERCER COUNTY",{"v":832750,"d":"$832,750"}]
[null,null,"MO","MILLER COUNTY",{"v":832750,"d":"$832,750"}]
[null,null,"MO","MISSISSIPPI COUNTY",{"v":832750,"d":"$832,750"}]
[null,null,"MO","MONITEAU COUNTY",{"v":832750,"d":"$832,750"}]
[null,null,"MO","MONROE COUNTY",{"v":832750,"d":"$832,750"}]
[null,null,"MO","MONTGOMERY COUNTY",{"v":832750,"d":"$832,750"}]
[null,null,"MO","MORGAN COUNTY",{"v":832750,"d":"$832,750"}]
[null,null,"MO","NEW MADRID COUNTY",{"v":832750,"d":"$832,750"}]
[null,null,"MO","NEWTON COUNTY",{"v":832750,"d":"$832,750"}]
[null,null,"MO","NODAWAY COUNTY",{"v":832750,"d":"$832,750"}]
[null,null,"MO","OREGON COUNTY",{"v":832750,"d":"$832,750"}]
[null,null,"MO","OSAGE COUNTY",{"v":832750,"d":"$832,750"}]
[null,null,"MO","OZARK COUNTY",{"v":832750,"d":"$832,750"}]
[null,null,"MO","PEMISCOT COUNTY",{"v":832750,"d":"$832,750"}]
[null,null,"MO","PERRY COUNTY",{"v":832750,"d":"$832,750"}]
[null,null,"MO","PETTIS COUNTY",{"v":832750,"d":"$832,750"}]
[null,null,"MO","PHELPS COUNTY",{"v":832750,"d":"$832,750"}]
[null,null,"MO","PIKE COUNTY",{"v":832750,"d":"$832,750"}]
[null,null,"MO","PLATTE COUNTY",{"v":832750,"d":"$832,750"}]
[null,null,"MO","POLK COUNTY",{"v":832750,"d":"$832,750"}]
[null,null,"MO","PULASKI COUNTY",{"v":832750,"d":"$832,750"}]
[null,null,"MO","PUTNAM COUNTY",{"v":832750,"d":"$832,750"}]
[null,null,"MO","RALLS COUNTY",{"v":832750,"d":"$832,750"}]
[null,null,"MO","RANDOLPH COUNTY",{"v":832750,"d":"$832,750"}]
[null,null,"MO","RAY COUNTY",{"v":832750,"d":"$832,750"}]
[null,null,"MO","REYNOLDS COUNTY",{"v":832750,"d":"$832,750"}]
[null,null,"MO","RIPLEY COUNTY",{"v":832750,"d":"$832,750"}]
[null,null,"MO","ST. CHARLES COUNTY",{"v":832750,"d":"$832,750"}]
[null,null,"MO","ST. CLAIR COUNTY",{"v":832750,"d":"$832,750"}]
[null,null,"MO","STE. GENEVIEVE COUNTY",{"v":832750,"d":"$832,750"}]
[null,null,"MO","ST. FRANCOIS COUNTY",{"v":832750,"d":"$832,750"}]
[null,null,"MO","ST. LOUIS COUNTY",{"v":832750,"d":"$832,750"}]
[null,null,"MO","SALINE COUNTY",{"v":832750,"d":"$832,750"}]
[null,null,"MO","SCHUYLER COUNTY",{"v":832750,"d":"$832,750"}]
[null,null,"MO","SCOTLAND COUNTY",{"v":832750,"d":"$832,750"}]
[null,null,"MO","SCOTT COUNTY",{"v":832750,"d":"$832,750"}]
[null,null,"MO","SHANNON COUNTY",{"v":832750,"d":"$832,750"}]
[null,null,"MO","SHELBY COUNTY",{"v":832750,"d":"$832,750"}]
[null,null,"MO","STODDARD COUNTY",{"v":832750,"d":"$832,750"}]
[null,null,"MO","STONE COUNTY",{"v":832750,"d":"$832,750"}]
[null,null,"MO","SULLIVAN COUNTY",{"v":832750,"d":"$832,750"}]
[null,null,"MO","TANEY COUNTY",{"v":832750,"d":"$832,750"}]
[null,null,"MO","TEXAS COUNTY",{"v":832750,"d":"$832,750"}]
[null,null,"MO","VERNON COUNTY",{"v":832750,"d":"$832,750"}]
[null,null,"MO","WARREN COUNTY",{"v":832750,"d":"$832,750"}]
[null,null,"MO","WASHINGTON COUNTY",{"v":832750,"d":"$832,750"}]
[null,null,"MO","WAYNE COUNTY",{"v":832750,"d":"$832,750"}]
[null,null,"MO","WEBSTER COUNTY",{"v":832750,"d":"$832,750"}]
[null,null,"MO","WORTH COUNTY",{"v":832750,"d":"$832,750"}]
[null,null,"MO","WRIGHT COUNTY",{"v":832750,"d":"$832,750"}]
[null,null,"MO","ST. LOUIS CITY",{"v":832750,"d":"$832,750"}]
[null,null,"MT","BEAVERHEAD COUNTY",{"v":832750,"d":"$832,750"}]
[null,null,"MT","BIG HORN COUNTY",{"v":832750,"d":"$832,750"}]
[null,null,"MT","BLAINE COUNTY",{"v":832750,"d":"$832,750"}]
[null,null,"MT","BROADWATER COUNTY",{"v":832750,"d":"$832,750"}]
[null,null,"MT","CARBON COUNTY",{"v":832750,"d":"$832,750"}]
[null,null,"MT","CARTER COUNTY",{"v":832750,"d":"$832,750"}]
[null,null,"MT","CASCADE COUNTY",{"v":832750,"d":"$832,750"}]
[null,null,"MT","CHOUTEAU COUNTY",{"v":832750,"d":"$832,750"}]
[null,null,"MT","CUSTER COUNTY",{"v":832750,"d":"$832,750"}]
[null,null,"MT","DANIELS COUNTY",{"v":832750,"d":"$832,750"}]
[null,null,"MT","DAWSON COUNTY",{"v":832750,"d":"$832,750"}]
[null,null,"MT","DEER LODGE COUNTY",{"v":832750,"d":"$832,750"}]
[null,null,"MT","FALLON COUNTY",{"v":832750,"d":"$832,750"}]
[null,null,"MT","FERGUS COUNTY",{"v":832750,"d":"$832,750"}]
[null,null,"MT","FLATHEAD COUNTY",{"v":832750,"d":"$832,750"}]
[null,null,"MT","GALLATIN COUNTY",{"v":832750,"d":"$832,750"}]
[null,null,"MT","GARFIELD COUNTY",{"v":832750,"d":"$832,750"}]
[null,null,"MT","GLACIER COUNTY",{"v":832750,"d":"$832,750"}]
[null,null,"MT","GOLDEN VALLEY COUNTY",{"v":832750,"d":"$832,750"}]
[null,null,"MT","GRANITE COUNTY",{"v":832750,"d":"$832,750"}]
[null,null,"MT","HILL COUNTY",{"v":832750,"d":"$832,750"}]
[null,null,"MT","JEFFERSON COUNTY",{"v":832750,"d":"$832,750"}]
[null,null,"MT","JUDITH BASIN COUNTY",{"v":832750,"d":"$832,750"}]
[null,null,"MT","LAKE COUNTY",{"v":832750,"d":"$832,750"}]
[null,null,"MT","LEWIS AND CLARK COUNTY",{"v":832750,"d":"$832,750"}]
[null,null,"MT","LIBERTY COUNTY",{"v":832750,"d":"$832,750"}]
[null,null,"MT","LINCOLN COUNTY",{"v":832750,"d":"$832,750"}]
[null,null,"MT","MCCONE COUNTY",{"v":832750,"d":"$832,750"}]
[null,null,"MT","MADISON COUNTY",{"v":832750,"d":"$832,750"}]
[null,null,"MT","MEAGHER COUNTY",{"v":832750,"d":"$832,750"}]
[null,null,"MT","MINERAL COUNTY",{"v":832750,"d":"$832,750"}]
[null,null,"MT","MISSOULA COUNTY",{"v":832750,"d":"$832,750"}]
[null,null,"MT","MUSSELSHELL COUNTY",{"v":832750,"d":"$832,750"}]
[null,null,"MT","PARK COUNTY",{"v":832750,"d":"$832,750"}]
[null,null,"MT","PETROLEUM COUNTY",{"v":832750,"d":"$832,750"}]
[null,null,"MT","PHILLIPS COUNTY",{"v":832750,"d":"$832,750"}]
[null,null,"MT","PONDERA COUNTY",{"v":832750,"d":"$832,750"}]
[null,null,"MT","POWDER RIVER COUNTY",{"v":832750,"d":"$832,750"}]
[null,null,"MT","POWELL COUNTY",{"v":832750,"d":"$832,750"}]
[null,null,"MT","PRAIRIE COUNTY",{"v":832750,"d":"$832,750"}]
[null,null,"MT","RAVALLI COUNTY",{"v":832750,"d":"$832,750"}]
[null,null,"MT","RICHLAND COUNTY",{"v":832750,"d":"$832,750"}]
[null,null,"MT","ROOSEVELT COUNTY",{"v":832750,"d":"$832,750"}]
[null,null,"MT","ROSEBUD COUNTY",{"v":832750,"d":"$832,750"}]
[null,null,"MT","SANDERS COUNTY",{"v":832750,"d":"$832,750"}]
[null,null,"MT","SHERIDAN COUNTY",{"v":832750,"d":"$832,750"}]
[null,null,"MT","SILVER BOW COUNTY",{"v":832750,"d":"$832,750"}]
[null,null,"MT","STILLWATER COUNTY",{"v":832750,"d":"$832,750"}]
[null,null,"MT","SWEET GRASS COUNTY",{"v":832750,"d":"$832,750"}]
[null,null,"MT","TETON COUNTY",{"v":832750,"d":"$832,750"}]
[null,null,"MT","TOOLE COUNTY",{"v":832750,"d":"$832,750"}]
[null,null,"MT","TREASURE COUNTY",{"v":832750,"d":"$832,750"}]
[null,null,"MT","VALLEY COUNTY",{"v":832750,"d":"$832,750"}]
[null,null,"MT","WHEATLAND COUNTY",{"v":832750,"d":"$832,750"}]
[null,null,"MT","WIBAUX COUNTY",{"v":832750,"d":"$832,750"}]
[null,null,"MT","YELLOWSTONE COUNTY",{"v":832750,"d":"$832,750"}]
[null,null,"NE","ADAMS COUNTY",{"v":832750,"d":"$832,750"}]
[null,null,"NE","ANTELOPE COUNTY",{"v":832750,"d":"$832,750"}]
[null,null,"NE","ARTHUR COUNTY",{"v":832750,"d":"$832,750"}]
[null,null,"NE","BANNER COUNTY",{"v":832750,"d":"$832,750"}]
[null,null,"NE","BLAINE COUNTY",{"v":832750,"d":"$832,750"}]
[null,null,"NE","BOONE COUNTY",{"v":832750,"d":"$832,750"}]
[null,null,"NE","BOX BUTTE COUNTY",{"v":832750,"d":"$832,750"}]
[null,null,"NE","BOYD COUNTY",{"v":832750,"d":"$832,750"}]
[null,null,"NE","BROWN COUNTY",{"v":832750,"d":"$832,750"}]
[null,null,"NE","BUFFALO COUNTY",{"v":832750,"d":"$832,750"}]
[null,null,"NE","BURT COUNTY",{"v":832750,"d":"$832,750"}]
[null,null,"NE","BUTLER COUNTY",{"v":832750,"d":"$832,750"}]
[null,null,"NE","CASS COUNTY",{"v":832750,"d":"$832,750"}]
[null,null,"NE","CEDAR COUNTY",{"v":832750,"d":"$832,750"}]
[null,null,"NE","CHASE COUNTY",{"v":832750,"d":"$832,750"}]
[null,null,"NE","CHERRY COUNTY",{"v":832750,"d":"$832,750"}]
[null,null,"NE","CHEYENNE COUNTY",{"v":832750,"d":"$832,750"}]
[null,null,"NE","CLAY COUNTY",{"v":832750,"d":"$832,750"}]
[null,null,"NE","COLFAX COUNTY",{"v":832750,"d":"$832,750"}]
[null,null,"NE","CUMING COUNTY",{"v":832750,"d":"$832,750"}]
[null,null,"NE","CUSTER COUNTY",{"v":832750,"d":"$832,750"}]
[null,null,"NE","DAKOTA COUNTY",{"v":832750,"d":"$832,750"}]
[null,null,"NE","DAWES COUNTY",{"v":832750,"d":"$832,750"}]
[null,null,"NE","DAWSON COUNTY",{"v":832750,"d":"$832,750"}]
[null,null,"NE","DEUEL COUNTY",{"v":832750,"d":"$832,750"}]
[null,null,"NE","DIXON COUNTY",{"v":832750,"d":"$832,750"}]
[null,null,"NE","DODGE COUNTY",{"v":832750,"d":"$832,750"}]
[null,null,"NE","DOUGLAS COUNTY",{"v":832750,"d":"$832,750"}]
[null,null,"NE","DUNDY COUNTY",{"v":832750,"d":"$832,750"}]
[null,null,"NE","FILLMORE COUNTY",{"v":832750,"d":"$832,750"}]
[null,null,"NE","FRANKLIN COUNTY",{"v":832750,"d":"$832,750"}]
[null,null,"NE","FRONTIER COUNTY",{"v":832750,"d":"$832,750"}]
[null,null,"NE","FURNAS COUNTY",{"v":832750,"d":"$832,750"}]
[null,null,"NE","GAGE COUNTY",{"v":832750,"d":"$832,750"}]
[null,null,"NE","GARDEN COUNTY",{"v":832750,"d":"$832,750"}]
[null,null,"NE","GARFIELD COUNTY",{"v":832750,"d":"$832,750"}]
[null,null,"NE","GOSPER COUNTY",{"v":832750,"d":"$832,750"}]
[null,null,"NE","GRANT COUNTY",{"v":832750,"d":"$832,750"}]
[null,null,"NE","GREELEY COUNTY",{"v":832750,"d":"$832,750"}]
[null,null,"NE","HALL COUNTY",{"v":832750,"d":"$832,750"}]
[null,null,"NE","HAMILTON COUNTY",{"v":832750,"d":"$832,750"}]
[null,null,"NE","HARLAN COUNTY",{"v":832750,"d":"$832,750"}]
[null,null,"NE","HAYES COUNTY",{"v":832750,"d":"$832,750"}]
[null,null,"NE","HITCHCOCK COUNTY",{"v":832750,"d":"$832,750"}]
[null,null,"NE","HOLT COUNTY",{"v":832750,"d":"$832,750"}]
[null,null,"NE","HOOKER COUNTY",{"v":832750,"d":"$832,750"}]
[null,null,"NE","HOWARD COUNTY",{"v":832750,"d":"$832,750"}]
[null,null,"NE","JEFFERSON COUNTY",{"v":832750,"d":"$832,750"}]
[null,null,"NE","JOHNSON COUNTY",{"v":832750,"d":"$832,750"}]
[null,null,"NE","KEARNEY COUNTY",{"v":832750,"d":"$832,750"}]
[null,null,"NE","KEITH COUNTY",{"v":832750,"d":"$832,750"}]
[null,null,"NE","KEYA PAHA COUNTY",{"v":832750,"d":"$832,750"}]
[null,null,"NE","KIMBALL COUNTY",{"v":832750,"d":"$832,750"}]
[null,null,"NE","KNOX COUNTY",{"v":832750,"d":"$832,750"}]
[null,null,"NE","LANCASTER COUNTY",{"v":832750,"d":"$832,750"}]
[null,null,"NE","LINCOLN COUNTY",{"v":832750,"d":"$832,750"}]
[null,null,"NE","LOGAN COUNTY",{"v":832750,"d":"$832,750"}]
[null,null,"NE","LOUP COUNTY",{"v":832750,"d":"$832,750"}]
[null,null,"NE","MCPHERSON COUNTY",{"v":832750,"d":"$832,750"}]
[null,null,"NE","MADISON COUNTY",{"v":832750,"d":"$832,750"}]
[null,null,"NE","MERRICK COUNTY",{"v":832750,"d":"$832,750"}]
[null,null,"NE","MORRILL COUNTY",{"v":832750,"d":"$832,750"}]
[null,null,"NE","NANCE COUNTY",{"v":832750,"d":"$832,750"}]
[null,null,"NE","NEMAHA COUNTY",{"v":832750,"d":"$832,750"}]
[null,null,"NE","NUCKOLLS COUNTY",{"v":832750,"d":"$832,750"}]
[null,null,"NE","OTOE COUNTY",{"v":832750,"d":"$832,750"}]
[null,null,"NE","PAWNEE COUNTY",{"v":832750,"d":"$832,750"}]
[null,null,"NE","PERKINS COUNTY",{"v":832750,"d":"$832,750"}]
[null,null,"NE","PHELPS COUNTY",{"v":832750,"d":"$832,750"}]
[null,null,"NE","PIERCE COUNTY",{"v":832750,"d":"$832,750"}]
[null,null,"NE","PLATTE COUNTY",{"v":832750,"d":"$832,750"}]
[null,null,"NE","POLK COUNTY",{"v":832750,"d":"$832,750"}]
[null,null,"NE","RED WILLOW COUNTY",{"v":832750,"d":"$832,750"}]
[null,null,"NE","RICHARDSON COUNTY",{"v":832750,"d":"$832,750"}]
[null,null,"NE","ROCK COUNTY",{"v":832750,"d":"$832,750"}]
[null,null,"NE","SALINE COUNTY",{"v":832750,"d":"$832,750"}]
[null,null,"NE","SARPY COUNTY",{"v":832750,"d":"$832,750"}]
[null,null,"NE","SAUNDERS COUNTY",{"v":832750,"d":"$832,750"}]
[null,null,"NE","SCOTTS BLUFF COUNTY",{"v":832750,"d":"$832,750"}]
[null,null,"NE","SEWARD COUNTY",{"v":832750,"d":"$832,750"}]
[null,null,"NE","SHERIDAN COUNTY",{"v":832750,"d":"$832,750"}]
[null,null,"NE","SHERMAN COUNTY",{"v":832750,"d":"$832,750"}]
[null,null,"NE","SIOUX COUNTY",{"v":832750,"d":"$832,750"}]
[null,null,"NE","STANTON COUNTY",{"v":832750,"d":"$832,750"}]
[null,null,"NE","THAYER COUNTY",{"v":832750,"d":"$832,750"}]
[null,null,"NE","THOMAS COUNTY",{"v":832750,"d":"$832,750"}]
[null,null,"NE","THURSTON COUNTY",{"v":832750,"d":"$832,750"}]
[null,null,"NE","VALLEY COUNTY",{"v":832750,"d":"$832,750"}]
[null,null,"NE","WASHINGTON COUNTY",{"v":832750,"d":"$832,750"}]
[null,null,"NE","WAYNE COUNTY",{"v":832750,"d":"$832,750"}]
[null,null,"NE","WEBSTER COUNTY",{"v":832750,"d":"$832,750"}]
[null,null,"NE","WHEELER COUNTY",{"v":832750,"d":"$832,750"}]
[null,null,"NE","YORK COUNTY",{"v":832750,"d":"$832,750"}]
[null,null,"NV","CHURCHILL COUNTY",{"v":832750,"d":"$832,750"}]
[null,null,"NV","CLARK COUNTY",{"v":832750,"d":"$832,750"}]
[null,null,"NV","DOUGLAS COUNTY",{"v":832750,"d":"$832,750"}]
[null,null,"NV","ELKO COUNTY",{"v":832750,"d":"$832,750"}]
[null,null,"NV","ESMERALDA COUNTY",{"v":832750,"d":"$832,750"}]
[null,null,"NV","EUREKA COUNTY",{"v":832750,"d":"$832,750"}]
[null,null,"NV","HUMBOLDT COUNTY",{"v":832750,"d":"$832,750"}]
[null,null,"NV","LANDER COUNTY",{"v":832750,"d":"$832,750"}]
[null,null,"NV","LINCOLN COUNTY",{"v":832750,"d":"$832,750"}]
[null,null,"NV","LYON COUNTY",{"v":832750,"d":"$832,750"}]
[null,null,"NV","MINERAL COUNTY",{"v":832750,"d":"$832,750"}]
[null,null,"NV","NYE COUNTY",{"v":832750,"d":"$832,750"}]
[null,null,"NV","PERSHING COUNTY",{"v":832750,"d":"$832,750"}]
[null,null,"NV","STOREY COUNTY",{"v":832750,"d":"$832,750"}]
[null,null,"NV","WASHOE COUNTY",{"v":832750,"d":"$832,750"}]
[null,null,"NV","WHITE PINE COUNTY",{"v":832750,"d":"$832,750"}]
[null,null,"NV","CARSON CITY",{"v":832750,"d":"$832,750"}]
[null,null,"NH","BELKNAP COUNTY",{"v":832750,"d":"$832,750"}]
[null,null,"NH","CARROLL COUNTY",{"v":832750,"d":"$832,750"}]
[null,null,"NH","CHESHIRE COUNTY",{"v":832750,"d":"$832,750"}]
[null,null,"NH","COOS COUNTY",{"v":832750,"d":"$832,750"}]
[null,null,"NH","GRAFTON COUNTY",{"v":832750,"d":"$832,750"}]
[null,null,"NH","HILLSBOROUGH COUNTY",{"v":832750,"d":"$832,750"}]
[null,null,"NH","MERRIMACK COUNTY",{"v":832750,"d":"$832,750"}]
[null,null,"NH","ROCKINGHAM COUNTY",{"v":962550,"d":"$962,550"}]
[null,null,"NH","STRAFFORD COUNTY",{"v":962550,"d":"$962,550"}]
[null,null,"NH","SULLIVAN COUNTY",{"v":832750,"d":"$832,750"}]
[null,null,"NJ","ATLANTIC COUNTY",{"v":832750,"d":"$832,750"}]
[null,null,"NJ","BERGEN COUNTY",{"v":1209750,"d":"$1,209,750"}]
[null,null,"NJ","BURLINGTON COUNTY",{"v":832750,"d":"$832,750"}]
[null,null,"NJ","CAMDEN COUNTY",{"v":832750,"d":"$832,750"}]
[null,null,"NJ","CAPE MAY COUNTY",{"v":832750,"d":"$832,750"}]
[null,null,"NJ","CUMBERLAND COUNTY",{"v":832750,"d":"$832,750"}]
[null,null,"NJ","ESSEX COUNTY",{"v":1209750,"d":"$1,209,750"}]
[null,null,"NJ","GLOUCESTER COUNTY",{"v":832750,"d":"$832,750"}]
[null,null,"NJ","HUDSON COUNTY",{"v":1209750,"d":"$1,209,750"}]
[null,null,"NJ","HUNTERDON COUNTY",{"v":1209750,"d":"$1,209,750"}]
[null,null,"NJ","MERCER COUNTY",{"v":832750,"d":"$832,750"}]
[null,null,"NJ","MIDDLESEX COUNTY",{"v":1209750,"d":"$1,209,750"}]
[null,null,"NJ","MONMOUTH COUNTY",{"v":1209750,"d":"$1,209,750"}]
[null,null,"NJ","MORRIS COUNTY",{"v":1209750,"d":"$1,209,750"}]
[null,null,"NJ","OCEAN COUNTY",{"v":1209750,"d":"$1,209,750"}]
[null,null,"NJ","PASSAIC COUNTY",{"v":1209750,"d":"$1,209,750"}]
[null,null,"NJ","SALEM COUNTY",{"v":832750,"d":"$832,750"}]
[null,null,"NJ","SOMERSET COUNTY",{"v":1209750,"d":"$1,209,750"}]
[null,null,"NJ","SUSSEX COUNTY",{"v":1209750,"d":"$1,209,750"}]
[null,null,"NJ","UNION COUNTY",{"v":1209750,"d":"$1,209,750"}]
[null,null,"NJ","WARREN COUNTY",{"v":832750,"d":"$832,750"}]
[null,null,"NM","BERNALILLO COUNTY",{"v":832750,"d":"$832,750"}]
[null,null,"NM","CATRON COUNTY",{"v":832750,"d":"$832,750"}]
[null,null,"NM","CHAVES COUNTY",{"v":832750,"d":"$832,750"}]
[null,null,"NM","CIBOLA COUNTY",{"v":832750,"d":"$832,750"}]
[null,null,"NM","COLFAX COUNTY",{"v":832750,"d":"$832,750"}]
[null,null,"NM","CURRY COUNTY",{"v":832750,"d":"$832,750"}]
[null,null,"NM","DE BACA COUNTY",{"v":832750,"d":"$832,750"}]
[null,null,"NM","DONA ANA COUNTY",{"v":832750,"d":"$832,750"}]
[null,null,"NM","EDDY COUNTY",{"v":832750,"d":"$832,750"}]
[null,null,"NM","GRANT COUNTY",{"v":832750,"d":"$832,750"}]
[null,null,"NM","GUADALUPE COUNTY",{"v":832750,"d":"$832,750"}]
[null,null,"NM","HARDING COUNTY",{"v":832750,"d":"$832,750"}]
[null,null,"NM","HIDALGO COUNTY",{"v":832750,"d":"$832,750"}]
[null,null,"NM","LEA COUNTY",{"v":832750,"d":"$832,750"}]
[null,null,"NM","LINCOLN COUNTY",{"v":832750,"d":"$832,750"}]
[null,null,"NM","LOS ALAMOS COUNTY",{"v":832750,"d":"$832,750"}]
[null,null,"NM","LUNA COUNTY",{"v":832750,"d":"$832,750"}]
[null,null,"NM","MCKINLEY COUNTY",{"v":832750,"d":"$832,750"}]
[null,null,"NM","MORA COUNTY",{"v":832750,"d":"$832,750"}]
[null,null,"NM","OTERO COUNTY",{"v":832750,"d":"$832,750"}]
[null,null,"NM","QUAY COUNTY",{"v":832750,"d":"$832,750"}]
[null,null,"NM","RIO ARRIBA COUNTY",{"v":832750,"d":"$832,750"}]
[null,null,"NM","ROOSEVELT COUNTY",{"v":832750,"d":"$832,750"}]
[null,null,"NM","SANDOVAL COUNTY",{"v":832750,"d":"$832,750"}]
[null,null,"NM","SAN JUAN COUNTY",{"v":832750,"d":"$832,750"}]
[null,null,"NM","SAN MIGUEL COUNTY",{"v":832750,"d":"$832,750"}]
[null,null,"NM","SANTA FE COUNTY",{"v":832750,"d":"$832,750"}]
[null,null,"NM","SIERRA COUNTY",{"v":832750,"d":"$832,750"}]
[null,null,"NM","SOCORRO COUNTY",{"v":832750,"d":"$832,750"}]
[null,null,"NM","TAOS COUNTY",{"v":832750,"d":"$832,750"}]
[null,null,"NM","TORRANCE COUNTY",{"v":832750,"d":"$832,750"}]
[null,null,"NM","UNION COUNTY",{"v":832750,"d":"$832,750"}]
[null,null,"NM","VALENCIA COUNTY",{"v":832750,"d":"$832,750"}]
[null,null,"NY","ALBANY COUNTY",{"v":832750,"d":"$832,750"}]
[null,null,"NY","ALLEGANY COUNTY",{"v":832750,"d":"$832,750"}]
[null,null,"NY","BRONX COUNTY",{"v":1209750,"d":"$1,209,750"}]
[null,null,"NY","BROOME COUNTY",{"v":832750,"d":"$832,750"}]
[null,null,"NY","CATTARAUGUS COUNTY",{"v":832750,"d":"$832,750"}]
[null,null,"NY","CAYUGA COUNTY",{"v":832750,"d":"$832,750"}]
[null,null,"NY","CHAUTAUQUA COUNTY",{"v":832750,"d":"$832,750"}]
[null,null,"NY","CHEMUNG COUNTY",{"v":832750,"d":"$832,750"}]
[null,null,"NY","CHENANGO COUNTY",{"v":832750,"d":"$832,750"}]
[null,null,"NY","CLINTON COUNTY",{"v":832750,"d":"$832,750"}]
[null,null,"NY","COLUMBIA COUNTY",{"v":832750,"d":"$832,750"}]
[null,null,"NY","CORTLAND COUNTY",{"v":832750,"d":"$832,750"}]
[null,null,"NY","DELAWARE COUNTY",{"v":832750,"d":"$832,750"}]
[null,null,"NY","DUTCHESS COUNTY",{"v":832750,"d":"$832,750"}]
[null,null,"NY","ERIE COUNTY",{"v":832750,"d":"$832,750"}]
[null,null,"NY","ESSEX COUNTY",{"v":832750,"d":"$832,750"}]
[null,null,"NY","FRANKLIN COUNTY",{"v":832750,"d":"$832,750"}]
[null,null,"NY","FULTON COUNTY",{"v":832750,"d":"$832,750"}]
[null,null,"NY","GENESEE COUNTY",{"v":832750,"d":"$832,750"}]
[null,null,"NY","GREENE COUNTY",{"v":832750,"d":"$832,750"}]
[null,null,"NY","HAMILTON COUNTY",{"v":832750,"d":"$832,750"}]
[null,null,"NY","HERKIMER COUNTY",{"v":832750,"d":"$832,750"}]
[null,null,"NY","JEFFERSON COUNTY",{"v":832750,"d":"$832,750"}]
[null,null,"NY","KINGS COUNTY",{"v":1209750,"d":"$1,209,750"}]
[null,null,"NY","LEWIS COUNTY",{"v":832750,"d":"$832,750"}]
[null,null,"NY","LIVINGSTON COUNTY",{"v":832750,"d":"$832,750"}]
[null,null,"NY","MADISON COUNTY",{"v":832750,"d":"$832,750"}]
[null,null,"NY","MONROE COUNTY",{"v":832750,"d":"$832,750"}]
[null,null,"NY","MONTGOMERY COUNTY",{"v":832750,"d":"$832,750"}]
[null,null,"NY","NASSAU COUNTY",{"v":1209750,"d":"$1,209,750"}]
[null,null,"NY","NEW YORK COUNTY",{"v":1209750,"d":"$1,209,750"}]
[null,null,"NY","NIAGARA COUNTY",{"v":832750,"d":"$832,750"}]
[null,null,"NY","ONEIDA COUNTY",{"v":832750,"d":"$832,750"}]
[null,null,"NY","ONONDAGA COUNTY",{"v":832750,"d":"$832,750"}]
[null,null,"NY","ONTARIO COUNTY",{"v":832750,"d":"$832,750"}]
[null,null,"NY","ORANGE COUNTY",{"v":832750,"d":"$832,750"}]
[null,null,"NY","ORLEANS COUNTY",{"v":832750,"d":"$832,750"}]
[null,null,"NY","OSWEGO COUNTY",{"v":832750,"d":"$832,750"}]
[null,null,"NY","OTSEGO COUNTY",{"v":832750,"d":"$832,750"}]
[null,null,"NY","PUTNAM COUNTY",{"v":1209750,"d":"$1,209,750"}]
[null,null,"NY","QUEENS COUNTY",{"v":1209750,"d":"$1,209,750"}]
[null,null,"NY","RENSSELAER COUNTY",{"v":832750,"d":"$832,750"}]
[null,null,"NY","RICHMOND COUNTY",{"v":1209750,"d":"$1,209,750"}]
[null,null,"NY","ROCKLAND COUNTY",{"v":1209750,"d":"$1,209,750"}]
[null,null,"NY","ST. LAWRENCE COUNTY",{"v":832750,"d":"$832,750"}]
[null,null,"NY","SARATOGA COUNTY",{"v":832750,"d":"$832,750"}]
[null,null,"NY","SCHENECTADY COUNTY",{"v":832750,"d":"$832,750"}]
[null,null,"NY","SCHOHARIE COUNTY",{"v":832750,"d":"$832,750"}]
[null,null,"NY","SCHUYLER COUNTY",{"v":832750,"d":"$832,750"}]
[null,null,"NY","SENECA COUNTY",{"v":832750,"d":"$832,750"}]
[null,null,"NY","STEUBEN COUNTY",{"v":832750,"d":"$832,750"}]
[null,null,"NY","SUFFOLK COUNTY",{"v":1209750,"d":"$1,209,750"}]
[null,null,"NY","SULLIVAN COUNTY",{"v":832750,"d":"$832,750"}]
[null,null,"NY","TIOGA COUNTY",{"v":832750,"d":"$832,750"}]
[null,null,"NY","TOMPKINS COUNTY",{"v":832750,"d":"$832,750"}]
[null,null,"NY","ULSTER COUNTY",{"v":832750,"d":"$832,750"}]
[null,null,"NY","WARREN COUNTY",{"v":832750,"d":"$832,750"}]
[null,null,"NY","WASHINGTON COUNTY",{"v":832750,"d":"$832,750"}]
[null,null,"NY","WAYNE COUNTY",{"v":832750,"d":"$832,750"}]
[null,null,"NY","WESTCHESTER COUNTY",{"v":1209750,"d":"$1,209,750"}]
[null,null,"NY","WYOMING COUNTY",{"v":832750,"d":"$832,750"}]
[null,null,"NY","YATES COUNTY",{"v":832750,"d":"$832,750"}]
[null,null,"NC","ALAMANCE COUNTY",{"v":832750,"d":"$832,750"}]
[null,null,"NC","ALEXANDER COUNTY",{"v":832750,"d":"$832,750"}]
[null,null,"NC","ALLEGHANY COUNTY",{"v":832750,"d":"$832,750"}]
[null,null,"NC","ANSON COUNTY",{"v":832750,"d":"$832,750"}]
[null,null,"NC","ASHE COUNTY",{"v":832750,"d":"$832,750"}]
[null,null,"NC","AVERY COUNTY",{"v":832750,"d":"$832,750"}]
[null,null,"NC","BEAUFORT COUNTY",{"v":832750,"d":"$832,750"}]
[null,null,"NC","BERTIE COUNTY",{"v":832750,"d":"$832,750"}]
[null,null,"NC","BLADEN COUNTY",{"v":832750,"d":"$832,750"}]
[null,null,"NC","BRUNSWICK COUNTY",{"v":832750,"d":"$832,750"}]
[null,null,"NC","BUNCOMBE COUNTY",{"v":832750,"d":"$832,750"}]
[null,null,"NC","BURKE COUNTY",{"v":832750,"d":"$832,750"}]
[null,null,"NC","CABARRUS COUNTY",{"v":832750,"d":"$832,750"}]
[null,null,"NC","CALDWELL COUNTY",{"v":832750,"d":"$832,750"}]
[null,null,"NC","CAMDEN COUNTY",{"v":832750,"d":"$832,750"}]
[null,null,"NC","CARTERET COUNTY",{"v":832750,"d":"$832,750"}]
[null,null,"NC","CASWELL COUNTY",{"v":832750,"d":"$832,750"}]
[null,null,"NC","CATAWBA COUNTY",{"v":832750,"d":"$832,750"}]
[null,null,"NC","CHATHAM COUNTY",{"v":832750,"d":"$832,750"}]
[null,null,"NC","CHEROKEE COUNTY",{"v":832750,"d":"$832,750"}]
[null,null,"NC","CHOWAN COUNTY",{"v":832750,"d":"$832,750"}]
[null,null,"NC","CLAY COUNTY",{"v":832750,"d":"$832,750"}]
[null,null,"NC","CLEVELAND COUNTY",{"v":832750,"d":"$832,750"}]
[null,null,"NC","COLUMBUS COUNTY",{"v":832750,"d":"$832,750"}]
[null,null,"NC","CRAVEN COUNTY",{"v":832750,"d":"$832,750"}]
[null,null,"NC","CUMBERLAND COUNTY",{"v":832750,"d":"$832,750"}]
[null,null,"NC","CURRITUCK COUNTY",{"v":832750,"d":"$832,750"}]
[null,null,"NC","DARE COUNTY",{"v":832750,"d":"$832,750"}]
[null,null,"NC","DAVIDSON COUNTY",{"v":832750,"d":"$832,750"}]
[null,null,"NC","DAVIE COUNTY",{"v":832750,"d":"$832,750"}]
[null,null,"NC","DUPLIN COUNTY",{"v":832750,"d":"$832,750"}]
[null,null,"NC","DURHAM COUNTY",{"v":832750,"d":"$832,750"}]
[null,null,"NC","EDGECOMBE COUNTY",{"v":832750,"d":"$832,750"}]
[null,null,"NC","FORSYTH COUNTY",{"v":832750,"d":"$832,750"}]
[null,null,"NC","FRANKLIN COUNTY",{"v":832750,"d":"$832,750"}]
[null,null,"NC","GASTON COUNTY",{"v":832750,"d":"$832,750"}]
[null,null,"NC","GATES COUNTY",{"v":832750,"d":"$832,750"}]
[null,null,"NC","GRAHAM COUNTY",{"v":832750,"d":"$832,750"}]
[null,null,"NC","GRANVILLE COUNTY",{"v":832750,"d":"$832,750"}]
[null,null,"NC","GREENE COUNTY",{"v":832750,"d":"$832,750"}]
[null,null,"NC","GUILFORD COUNTY",{"v":832750,"d":"$832,750"}]
[null,null,"NC","HALIFAX COUNTY",{"v":832750,"d":"$832,750"}]
[null,null,"NC","HARNETT COUNTY",{"v":832750,"d":"$832,750"}]
[null,null,"NC","HAYWOOD COUNTY",{"v":832750,"d":"$832,750"}]
[null,null,"NC","HENDERSON COUNTY",{"v":832750,"d":"$832,750"}]
[null,null,"NC","HERTFORD COUNTY",{"v":832750,"d":"$832,750"}]
[null,null,"NC","HOKE COUNTY",{"v":832750,"d":"$832,750"}]
[null,null,"NC","HYDE COUNTY",{"v":832750,"d":"$832,750"}]
[null,null,"NC","IREDELL COUNTY",{"v":832750,"d":"$832,750"}]
[null,null,"NC","JACKSON COUNTY",{"v":832750,"d":"$832,750"}]
[null,null,"NC","JOHNSTON COUNTY",{"v":832750,"d":"$832,750"}]
[null,null,"NC","JONES COUNTY",{"v":832750,"d":"$832,750"}]
[null,null,"NC","LEE COUNTY",{"v":832750,"d":"$832,750"}]
[null,null,"NC","LENOIR COUNTY",{"v":832750,"d":"$832,750"}]
[null,null,"NC","LINCOLN COUNTY",{"v":832750,"d":"$832,750"}]
[null,null,"NC","MCDOWELL COUNTY",{"v":832750,"d":"$832,750"}]
[null,null,"NC","MACON COUNTY",{"v":832750,"d":"$832,750"}]
[null,null,"NC","MADISON COUNTY",{"v":832750,"d":"$832,750"}]
[null,null,"NC","MARTIN COUNTY",{"v":832750,"d":"$832,750"}]
[null,null,"NC","MECKLENBURG COUNTY",{"v":832750,"d":"$832,750"}]
[null,null,"NC","MITCHELL COUNTY",{"v":832750,"d":"$832,750"}]
[null,null,"NC","MONTGOMERY COUNTY",{"v":832750,"d":"$832,750"}]
[null,null,"NC","MOORE COUNTY",{"v":832750,"d":"$832,750"}]
[null,null,"NC","NASH COUNTY",{"v":832750,"d":"$832,750"}]
[null,null,"NC","NEW HANOVER COUNTY",{"v":832750,"d":"$832,750"}]
[null,null,"NC","NORTHAMPTON COUNTY",{"v":832750,"d":"$832,750"}]
[null,null,"NC","ONSLOW COUNTY",{"v":832750,"d":"$832,750"}]
[null,null,"NC","ORANGE COUNTY",{"v":832750,"d":"$832,750"}]
[null,null,"NC","PAMLICO COUNTY",{"v":832750,"d":"$832,750"}]
[null,null,"NC","PASQUOTANK COUNTY",{"v":832750,"d":"$832,750"}]
[null,null,"NC","PENDER COUNTY",{"v":832750,"d":"$832,750"}]
[null,null,"NC","PERQUIMANS COUNTY",{"v":832750,"d":"$832,750"}]
[null,null,"NC","PERSON COUNTY",{"v":832750,"d":"$832,750"}]
[null,null,"NC","PITT COUNTY",{"v":832750,"d":"$832,750"}]
[null,null,"NC","POLK COUNTY",{"v":832750,"d":"$832,750"}]
[null,null,"NC","RANDOLPH COUNTY",{"v":832750,"d":"$832,750"}]
[null,null,"NC","RICHMOND COUNTY",{"v":832750,"d":"$832,750"}]
[null,null,"NC","ROBESON COUNTY",{"v":832750,"d":"$832,750"}]
[null,null,"NC","ROCKINGHAM COUNTY",{"v":832750,"d":"$832,750"}]
[null,null,"NC","ROWAN COUNTY",{"v":832750,"d":"$832,750"}]
[null,null,"NC","RUTHERFORD COUNTY",{"v":832750,"d":"$832,750"}]
[null,null,"NC","SAMPSON COUNTY",{"v":832750,"d":"$832,750"}]
[null,null,"NC","SCOTLAND COUNTY",{"v":832750,"d":"$832,750"}]
[null,null,"NC","STANLY COUNTY",{"v":832750,"d":"$832,750"}]
[null,null,"NC","STOKES COUNTY",{"v":832750,"d":"$832,750"}]
[null,null,"NC","SURRY COUNTY",{"v":832750,"d":"$832,750"}]
[null,null,"NC","SWAIN COUNTY",{"v":832750,"d":"$832,750"}]
[null,null,"NC","TRANSYLVANIA COUNTY",{"v":832750,"d":"$832,750"}]
[null,null,"NC","TYRRELL COUNTY",{"v":832750,"d":"$832,750"}]
[null,null,"NC","UNION COUNTY",{"v":832750,"d":"$832,750"}]
[null,null,"NC","VANCE COUNTY",{"v":832750,"d":"$832,750"}]
[null,null,"NC","WAKE COUNTY",{"v":832750,"d":"$832,750"}]
[null,null,"NC","WARREN COUNTY",{"v":832750,"d":"$832,750"}]
[null,null,"NC","WASHINGTON COUNTY",{"v":832750,"d":"$832,750"}]
[null,null,"NC","WATAUGA COUNTY",{"v":832750,"d":"$832,750"}]
[null,null,"NC","WAYNE COUNTY",{"v":832750,"d":"$832,750"}]
[null,null,"NC","WILKES COUNTY",{"v":832750,"d":"$832,750"}]
[null,null,"NC","WILSON COUNTY",{"v":832750,"d":"$832,750"}]
[null,null,"NC","YADKIN COUNTY",{"v":832750,"d":"$832,750"}]
[null,null,"NC","YANCEY COUNTY",{"v":832750,"d":"$832,750"}]
[null,null,"ND","ADAMS COUNTY",{"v":832750,"d":"$832,750"}]
[null,null,"ND","BARNES COUNTY",{"v":832750,"d":"$832,750"}]
[null,null,"ND","BENSON COUNTY",{"v":832750,"d":"$832,750"}]
[null,null,"ND","BILLINGS COUNTY",{"v":832750,"d":"$832,750"}]
[null,null,"ND","BOTTINEAU COUNTY",{"v":832750,"d":"$832,750"}]
[null,null,"ND","BOWMAN COUNTY",{"v":832750,"d":"$832,750"}]
[null,null,"ND","BURKE COUNTY",{"v":832750,"d":"$832,750"}]
[null,null,"ND","BURLEIGH COUNTY",{"v":832750,"d":"$832,750"}]
[null,null,"ND","CASS COUNTY",{"v":832750,"d":"$832,750"}]
[null,null,"ND","CAVALIER COUNTY",{"v":832750,"d":"$832,750"}]
[null,null,"ND","DICKEY COUNTY",{"v":832750,"d":"$832,750"}]
[null,null,"ND","DIVIDE COUNTY",{"v":832750,"d":"$832,750"}]
[null,null,"ND","DUNN COUNTY",{"v":832750,"d":"$832,750"}]
[null,null,"ND","EDDY COUNTY",{"v":832750,"d":"$832,750"}]
[null,null,"ND","EMMONS COUNTY",{"v":832750,"d":"$832,750"}]
[null,null,"ND","FOSTER COUNTY",{"v":832750,"d":"$832,750"}]
[null,null,"ND","GOLDEN VALLEY COUNTY",{"v":832750,"d":"$832,750"}]
[null,null,"ND","GRAND FORKS COUNTY",{"v":832750,"d":"$832,750"}]
[null,null,"ND","GRANT COUNTY",{"v":832750,"d":"$832,750"}]
[null,null,"ND","GRIGGS COUNTY",{"v":832750,"d":"$832,750"}]
[null,null,"ND","HETTINGER COUNTY",{"v":832750,"d":"$832,750"}]
[null,null,"ND","KIDDER COUNTY",{"v":832750,"d":"$832,750"}]
[null,null,"ND","LAMOURE COUNTY",{"v":832750,"d":"$832,750"}]
[null,null,"ND","LOGAN COUNTY",{"v":832750,"d":"$832,750"}]
[null,null,"ND","MCHENRY COUNTY",{"v":832750,"d":"$832,750"}]
[null,null,"ND","MCINTOSH COUNTY",{"v":832750,"d":"$832,750"}]
[null,null,"ND","MCKENZIE COUNTY",{"v":832750,"d":"$832,750"}]
[null,null,"ND","MCLEAN COUNTY",{"v":832750,"d":"$832,750"}]
[null,null,"ND","MERCER COUNTY",{"v":832750,"d":"$832,750"}]
[null,null,"ND","MORTON COUNTY",{"v":832750,"d":"$832,750"}]
[null,null,"ND","MOUNTRAIL COUNTY",{"v":832750,"d":"$832,750"}]
[null,null,"ND","NELSON COUNTY",{"v":832750,"d":"$832,750"}]
[null,null,"ND","OLIVER COUNTY",{"v":832750,"d":"$832,750"}]
[null,null,"ND","PEMBINA COUNTY",{"v":832750,"d":"$832,750"}]
[null,null,"ND","PIERCE COUNTY",{"v":832750,"d":"$832,750"}]
[null,null,"ND","RAMSEY COUNTY",{"v":832750,"d":"$832,750"}]
[null,null,"ND","RANSOM COUNTY",{"v":832750,"d":"$832,750"}]
[null,null,"ND","RENVILLE COUNTY",{"v":832750,"d":"$832,750"}]
[null,null,"ND","RICHLAND COUNTY",{"v":832750,"d":"$832,750"}]
[null,null,"ND","ROLETTE COUNTY",{"v":832750,"d":"$832,750"}]
[null,null,"ND","SARGENT COUNTY",{"v":832750,"d":"$832,750"}]
[null,null,"ND","SHERIDAN COUNTY",{"v":832750,"d":"$832,750"}]
[null,null,"ND","SIOUX COUNTY",{"v":832750,"d":"$832,750"}]
[null,null,"ND","SLOPE COUNTY",{"v":832750,"d":"$832,750"}]
[null,null,"ND","STARK COUNTY",{"v":832750,"d":"$832,750"}]
[null,null,"ND","STEELE COUNTY",{"v":832750,"d":"$832,750"}]
[null,null,"ND","STUTSMAN COUNTY",{"v":832750,"d":"$832,750"}]
[null,null,"ND","TOWNER COUNTY",{"v":832750,"d":"$832,750"}]
[null,null,"ND","TRAILL COUNTY",{"v":832750,"d":"$832,750"}]
[null,null,"ND","WALSH COUNTY",{"v":832750,"d":"$832,750"}]
[null,null,"ND","WARD COUNTY",{"v":832750,"d":"$832,750"}]
[null,null,"ND","WELLS COUNTY",{"v":832750,"d":"$832,750"}]
[null,null,"ND","WILLIAMS COUNTY",{"v":832750,"d":"$832,750"}]
[null,null,"OH","ADAMS COUNTY",{"v":832750,"d":"$832,750"}]
[null,null,"OH","ALLEN COUNTY",{"v":832750,"d":"$832,750"}]
[null,null,"OH","ASHLAND COUNTY",{"v":832750,"d":"$832,750"}]
[null,null,"OH","ASHTABULA COUNTY",{"v":832750,"d":"$832,750"}]
[null,null,"OH","ATHENS COUNTY",{"v":832750,"d":"$832,750"}]
[null,null,"OH","AUGLAIZE COUNTY",{"v":832750,"d":"$832,750"}]
[null,null,"OH","BELMONT COUNTY",{"v":832750,"d":"$832,750"}]
[null,null,"OH","BROWN COUNTY",{"v":832750,"d":"$832,750"}]
[null,null,"OH","BUTLER COUNTY",{"v":832750,"d":"$832,750"}]
[null,null,"OH","CARROLL COUNTY",{"v":832750,"d":"$832,750"}]
[null,null,"OH","CHAMPAIGN COUNTY",{"v":832750,"d":"$832,750"}]
[null,null,"OH","CLARK COUNTY",{"v":832750,"d":"$832,750"}]
[null,null,"OH","CLERMONT COUNTY",{"v":832750,"d":"$832,750"}]
[null,null,"OH","CLINTON COUNTY",{"v":832750,"d":"$832,750"}]
[null,null,"OH","COLUMBIANA COUNTY",{"v":832750,"d":"$832,750"}]
[null,null,"OH","COSHOCTON COUNTY",{"v":832750,"d":"$832,750"}]
[null,null,"OH","CRAWFORD COUNTY",{"v":832750,"d":"$832,750"}]
[null,null,"OH","CUYAHOGA COUNTY",{"v":832750,"d":"$832,750"}]
[null,null,"OH","DARKE COUNTY",{"v":832750,"d":"$832,750"}]
[null,null,"OH","DEFIANCE COUNTY",{"v":832750,"d":"$832,750"}]
[null,null,"OH","DELAWARE COUNTY",{"v":832750,"d":"$832,750"}]
[null,null,"OH","ERIE COUNTY",{"v":832750,"d":"$832,750"}]
[null,null,"OH","FAIRFIELD COUNTY",{"v":832750,"d":"$832,750"}]
[null,null,"OH","FAYETTE COUNTY",{"v":832750,"d":"$832,750"}]
[null,null,"OH","FRANKLIN COUNTY",{"v":832750,"d":"$832,750"}]
[null,null,"OH","FULTON COUNTY",{"v":832750,"d":"$832,750"}]
[null,null,"OH","GALLIA COUNTY",{"v":832750,"d":"$832,750"}]
[null,null,"OH","GEAUGA COUNTY",{"v":832750,"d":"$832,750"}]
[null,null,"OH","GREENE COUNTY",{"v":832750,"d":"$832,750"}]
[null,null,"OH","GUERNSEY COUNTY",{"v":832750,"d":"$832,750"}]
[null,null,"OH","HAMILTON COUNTY",{"v":832750,"d":"$832,750"}]
[null,null,"OH","HANCOCK COUNTY",{"v":832750,"d":"$832,750"}]
[null,null,"OH","HARDIN COUNTY",{"v":832750,"d":"$832,750"}]
[null,null,"OH","HARRISON COUNTY",{"v":832750,"d":"$832,750"}]
[null,null,"OH","HENRY COUNTY",{"v":832750,"d":"$832,750"}]
[null,null,"OH","HIGHLAND COUNTY",{"v":832750,"d":"$832,750"}]
[null,null,"OH","HOCKING COUNTY",{"v":832750,"d":"$832,750"}]
[null,null,"OH","HOLMES COUNTY",{"v":832750,"d":"$832,750"}]
[null,null,"OH","HURON COUNTY",{"v":832750,"d":"$832,750"}]
[null,null,"OH","JACKSON COUNTY",{"v":832750,"d":"$832,750"}]
[null,null,"OH","JEFFERSON COUNTY",{"v":832750,"d":"$832,750"}]
[null,null,"OH","KNOX COUNTY",{"v":832750,"d":"$832,750"}]
[null,null,"OH","LAKE COUNTY",{"v":832750,"d":"$832,750"}]
[null,null,"OH","LAWRENCE COUNTY",{"v":832750,"d":"$832,750"}]
[null,null,"OH","LICKING COUNTY",{"v":832750,"d":"$832,750"}]
[null,null,"OH","LOGAN COUNTY",{"v":832750,"d":"$832,750"}]
[null,null,"OH","LORAIN COUNTY",{"v":832750,"d":"$832,750"}]
[null,null,"OH","LUCAS COUNTY",{"v":832750,"d":"$832,750"}]
[null,null,"OH","MADISON COUNTY",{"v":832750,"d":"$832,750"}]
[null,null,"OH","MAHONING COUNTY",{"v":832750,"d":"$832,750"}]
[null,null,"OH","MARION COUNTY",{"v":832750,"d":"$832,750"}]
[null,null,"OH","MEDINA COUNTY",{"v":832750,"d":"$832,750"}]
[null,null,"OH","MEIGS COUNTY",{"v":832750,"d":"$832,750"}]
[null,null,"OH","MERCER COUNTY",{"v":832750,"d":"$832,750"}]
[null,null,"OH","MIAMI COUNTY",{"v":832750,"d":"$832,750"}]
[null,null,"OH","MONROE COUNTY",{"v":832750,"d":"$832,750"}]
[null,null,"OH","MONTGOMERY COUNTY",{"v":832750,"d":"$832,750"}]
[null,null,"OH","MORGAN COUNTY",{"v":832750,"d":"$832,750"}]
[null,null,"OH","MORROW COUNTY",{"v":832750,"d":"$832,750"}]
[null,null,"OH","MUSKINGUM COUNTY",{"v":832750,"d":"$832,750"}]
[null,null,"OH","NOBLE COUNTY",{"v":832750,"d":"$832,750"}]
[null,null,"OH","OTTAWA COUNTY",{"v":832750,"d":"$832,750"}]
[null,null,"OH","PAULDING COUNTY",{"v":832750,"d":"$832,750"}]
[null,null,"OH","PERRY COUNTY",{"v":832750,"d":"$832,750"}]
[null,null,"OH","PICKAWAY COUNTY",{"v":832750,"d":"$832,750"}]
[null,null,"OH","PIKE COUNTY",{"v":832750,"d":"$832,750"}]
[null,null,"OH","PORTAGE COUNTY",{"v":832750,"d":"$832,750"}]
[null,null,"OH","PREBLE COUNTY",{"v":832750,"d":"$832,750"}]
[null,null,"OH","PUTNAM COUNTY",{"v":832750,"d":"$832,750"}]
[null,null,"OH","RICHLAND COUNTY",{"v":832750,"d":"$832,750"}]
[null,null,"OH","ROSS COUNTY",{"v":832750,"d":"$832,750"}]
[null,null,"OH","SANDUSKY COUNTY",{"v":832750,"d":"$832,750"}]
[null,null,"OH","SCIOTO COUNTY",{"v":832750,"d":"$832,750"}]
[null,null,"OH","SENECA COUNTY",{"v":832750,"d":"$832,750"}]
[null,null,"OH","SHELBY COUNTY",{"v":832750,"d":"$832,750"}]
[null,null,"OH","STARK COUNTY",{"v":832750,"d":"$832,750"}]
[null,null,"OH","SUMMIT COUNTY",{"v":832750,"d":"$832,750"}]
[null,null,"OH","TRUMBULL COUNTY",{"v":832750,"d":"$832,750"}]
[null,null,"OH","TUSCARAWAS COUNTY",{"v":832750,"d":"$832,750"}]
[null,null,"OH","UNION COUNTY",{"v":832750,"d":"$832,750"}]
[null,null,"OH","VAN WERT COUNTY",{"v":832750,"d":"$832,750"}]
[null,null,"OH","VINTON COUNTY",{"v":832750,"d":"$832,750"}]
[null,null,"OH","WARREN COUNTY",{"v":832750,"d":"$832,750"}]
[null,null,"OH","WASHINGTON COUNTY",{"v":832750,"d":"$832,750"}]
[null,null,"OH","WAYNE COUNTY",{"v":832750,"d":"$832,750"}]
[null,null,"OH","WILLIAMS COUNTY",{"v":832750,"d":"$832,750"}]
[null,null,"OH","WOOD COUNTY",{"v":832750,"d":"$832,750"}]
[null,null,"OH","WYANDOT COUNTY",{"v":832750,"d":"$832,750"}]
[null,null,"OK","ADAIR COUNTY",{"v":832750,"d":"$832,750"}]
[null,null,"OK","ALFALFA COUNTY",{"v":832750,"d":"$832,750"}]
[null,null,"OK","ATOKA COUNTY",{"v":832750,"d":"$832,750"}]
[null,null,"OK","BEAVER COUNTY",{"v":832750,"d":"$832,750"}]
[null,null,"OK","BECKHAM COUNTY",{"v":832750,"d":"$832,750"}]
[null,null,"OK","BLAINE COUNTY",{"v":832750,"d":"$832,750"}]
[null,null,"OK","BRYAN COUNTY",{"v":832750,"d":"$832,750"}]
[null,null,"OK","CADDO COUNTY",{"v":832750,"d":"$832,750"}]
[null,null,"OK","CANADIAN COUNTY",{"v":832750,"d":"$832,750"}]
[null,null,"OK","CARTER COUNTY",{"v":832750,"d":"$832,750"}]
[null,null,"OK","CHEROKEE COUNTY",{"v":832750,"d":"$832,750"}]
[null,null,"OK","CHOCTAW COUNTY",{"v":832750,"d":"$832,750"}]
[null,null,"OK","CIMARRON COUNTY",{"v":832750,"d":"$832,750"}]
[null,null,"OK","CLEVELAND COUNTY",{"v":832750,"d":"$832,750"}]
[null,null,"OK","COAL COUNTY",{"v":832750,"d":"$832,750"}]
[null,null,"OK","COMANCHE COUNTY",{"v":832750,"d":"$832,750"}]
[null,null,"OK","COTTON COUNTY",{"v":832750,"d":"$832,750"}]
[null,null,"OK","CRAIG COUNTY",{"v":832750,"d":"$832,750"}]
[null,null,"OK","CREEK COUNTY",{"v":832750,"d":"$832,750"}]
[null,null,"OK","CUSTER COUNTY",{"v":832750,"d":"$832,750"}]
[null,null,"OK","DELAWARE COUNTY",{"v":832750,"d":"$832,750"}]
[null,null,"OK","DEWEY COUNTY",{"v":832750,"d":"$832,750"}]
[null,null,"OK","ELLIS COUNTY",{"v":832750,"d":"$832,750"}]
[null,null,"OK","GARFIELD COUNTY",{"v":832750,"d":"$832,750"}]
[null,null,"OK","GARVIN COUNTY",{"v":832750,"d":"$832,750"}]
[null,null,"OK","GRADY COUNTY",{"v":832750,"d":"$832,750"}]
[null,null,"OK","GRANT COUNTY",{"v":832750,"d":"$832,750"}]
[null,null,"OK","GREER COUNTY",{"v":832750,"d":"$832,750"}]
[null,null,"OK","HARMON COUNTY",{"v":832750,"d":"$832,750"}]
[null,null,"OK","HARPER COUNTY",{"v":832750,"d":"$832,750"}]
[null,null,"OK","HASKELL COUNTY",{"v":832750,"d":"$832,750"}]
[null,null,"OK","HUGHES COUNTY",{"v":832750,"d":"$832,750"}]
[null,null,"OK","JACKSON COUNTY",{"v":832750,"d":"$832,750"}]
[null,null,"OK","JEFFERSON COUNTY",{"v":832750,"d":"$832,750"}]
[null,null,"OK","JOHNSTON COUNTY",{"v":832750,"d":"$832,750"}]
[null,null,"OK","KAY COUNTY",{"v":832750,"d":"$832,750"}]
[null,null,"OK","KINGFISHER COUNTY",{"v":832750,"d":"$832,750"}]
[null,null,"OK","KIOWA COUNTY",{"v":832750,"d":"$832,750"}]
[null,null,"OK","LATIMER COUNTY",{"v":832750,"d":"$832,750"}]
[null,null,"OK","LE FLORE COUNTY",{"v":832750,"d":"$832,750"}]
[null,null,"OK","LINCOLN COUNTY",{"v":832750,"d":"$832,750"}]
[null,null,"OK","LOGAN COUNTY",{"v":832750,"d":"$832,750"}]
[null,null,"OK","LOVE COUNTY",{"v":832750,"d":"$832,750"}]
[null,null,"OK","MCCLAIN COUNTY",{"v":832750,"d":"$832,750"}]
[null,null,"OK","MCCURTAIN COUNTY",{"v":832750,"d":"$832,750"}]
[null,null,"OK","MCINTOSH COUNTY",{"v":832750,"d":"$832,750"}]
[null,null,"OK","MAJOR COUNTY",{"v":832750,"d":"$832,750"}]
[null,null,"OK","MARSHALL COUNTY",{"v":832750,"d":"$832,750"}]
[null,null,"OK","MAYES COUNTY",{"v":832750,"d":"$832,750"}]
[null,null,"OK","MURRAY COUNTY",{"v":832750,"d":"$832,750"}]
[null,null,"OK","MUSKOGEE COUNTY",{"v":832750,"d":"$832,750"}]
[null,null,"OK","NOBLE COUNTY",{"v":832750,"d":"$832,750"}]
[null,null,"OK","NOWATA COUNTY",{"v":832750,"d":"$832,750"}]
[null,null,"OK","OKFUSKEE COUNTY",{"v":832750,"d":"$832,750"}]
[null,null,"OK","OKLAHOMA COUNTY",{"v":832750,"d":"$832,750"}]
[null,null,"OK","OKMULGEE COUNTY",{"v":832750,"d":"$832,750"}]
[null,null,"OK","OSAGE COUNTY",{"v":832750,"d":"$832,750"}]
[null,null,"OK","OTTAWA COUNTY",{"v":832750,"d":"$832,750"}]
[null,null,"OK","PAWNEE COUNTY",{"v":832750,"d":"$832,750"}]
[null,null,"OK","PAYNE COUNTY",{"v":832750,"d":"$832,750"}]
[null,null,"OK","PITTSBURG COUNTY",{"v":832750,"d":"$832,750"}]
[null,null,"OK","PONTOTOC COUNTY",{"v":832750,"d":"$832,750"}]
[null,null,"OK","POTTAWATOMIE COUNTY",{"v":832750,"d":"$832,750"}]
[null,null,"OK","PUSHMATAHA COUNTY",{"v":832750,"d":"$832,750"}]
[null,null,"OK","ROGER MILLS COUNTY",{"v":832750,"d":"$832,750"}]
[null,null,"OK","ROGERS COUNTY",{"v":832750,"d":"$832,750"}]
[null,null,"OK","SEMINOLE COUNTY",{"v":832750,"d":"$832,750"}]
[null,null,"OK","SEQUOYAH COUNTY",{"v":832750,"d":"$832,750"}]
[null,null,"OK","STEPHENS COUNTY",{"v":832750,"d":"$832,750"}]
[null,null,"OK","TEXAS COUNTY",{"v":832750,"d":"$832,750"}]
[null,null,"OK","TILLMAN COUNTY",{"v":832750,"d":"$832,750"}]
[null,null,"OK","TULSA COUNTY",{"v":832750,"d":"$832,750"}]
[null,null,"OK","WAGONER COUNTY",{"v":832750,"d":"$832,750"}]
[null,null,"OK","WASHINGTON COUNTY",{"v":832750,"d":"$832,750"}]
[null,null,"OK","WASHITA COUNTY",{"v":832750,"d":"$832,750"}]
[null,null,"OK","WOODS COUNTY",{"v":832750,"d":"$832,750"}]
[null,null,"OK","WOODWARD COUNTY",{"v":832750,"d":"$832,750"}]
[null,null,"OR","BAKER COUNTY",{"v":832750,"d":"$832,750"}]
[null,null,"OR","BENTON COUNTY",{"v":832750,"d":"$832,750"}]
[null,null,"OR","CLACKAMAS COUNTY",{"v":832750,"d":"$832,750"}]
[null,null,"OR","CLATSOP COUNTY",{"v":832750,"d":"$832,750"}]
[null,null,"OR","COLUMBIA COUNTY",{"v":832750,"d":"$832,750"}]
[null,null,"OR","COOS COUNTY",{"v":832750,"d":"$832,750"}]
[null,null,"OR","CROOK COUNTY",{"v":832750,"d":"$832,750"}]
[null,null,"OR","CURRY COUNTY",{"v":832750,"d":"$832,750"}]
[null,null,"OR","DESCHUTES COUNTY",{"v":832750,"d":"$832,750"}]
[null,null,"OR","DOUGLAS COUNTY",{"v":832750,"d":"$832,750"}]
[null,null,"OR","GILLIAM COUNTY",{"v":832750,"d":"$832,750"}]
[null,null,"OR","GRANT COUNTY",{"v":832750,"d":"$832,750"}]
[null,null,"OR","HARNEY COUNTY",{"v":832750,"d":"$832,750"}]
[null,null,"OR","HOOD RIVER COUNTY",{"v":832750,"d":"$832,750"}]
[null,null,"OR","JACKSON COUNTY",{"v":832750,"d":"$832,750"}]
[null,null,"OR","JEFFERSON COUNTY",{"v":832750,"d":"$832,750"}]
[null,null,"OR","JOSEPHINE COUNTY",{"v":832750,"d":"$832,750"}]
[null,null,"OR","KLAMATH COUNTY",{"v":832750,"d":"$832,750"}]
[null,null,"OR","LAKE COUNTY",{"v":832750,"d":"$832,750"}]
[null,null,"OR","LANE COUNTY",{"v":832750,"d":"$832,750"}]
[null,null,"OR","LINCOLN COUNTY",{"v":832750,"d":"$832,750"}]
[null,null,"OR","LINN COUNTY",{"v":832750,"d":"$832,750"}]
[null,null,"OR","MALHEUR COUNTY",{"v":832750,"d":"$832,750"}]
[null,null,"OR","MARION COUNTY",{"v":832750,"d":"$832,750"}]
[null,null,"OR","MORROW COUNTY",{"v":832750,"d":"$832,750"}]
[null,null,"OR","MULTNOMAH COUNTY",{"v":832750,"d":"$832,750"}]
[null,null,"OR","POLK COUNTY",{"v":832750,"d":"$832,750"}]
[null,null,"OR","SHERMAN COUNTY",{"v":832750,"d":"$832,750"}]
[null,null,"OR","TILLAMOOK COUNTY",{"v":832750,"d":"$832,750"}]
[null,null,"OR","UMATILLA COUNTY",{"v":832750,"d":"$832,750"}]
[null,null,"OR","UNION COUNTY",{"v":832750,"d":"$832,750"}]
[null,null,"OR","WALLOWA COUNTY",{"v":832750,"d":"$832,750"}]
[null,null,"OR","WASCO COUNTY",{"v":832750,"d":"$832,750"}]
[null,null,"OR","WASHINGTON COUNTY",{"v":832750,"d":"$832,750"}]
[null,null,"OR","WHEELER COUNTY",{"v":832750,"d":"$832,750"}]
[null,null,"OR","YAMHILL COUNTY",{"v":832750,"d":"$832,750"}]
[null,null,"PA","ADAMS COUNTY",{"v":832750,"d":"$832,750"}]
[null,null,"PA","ALLEGHENY COUNTY",{"v":832750,"d":"$832,750"}]
[null,null,"PA","ARMSTRONG COUNTY",{"v":832750,"d":"$832,750"}]
[null,null,"PA","BEAVER COUNTY",{"v":832750,"d":"$832,750"}]
[null,null,"PA","BEDFORD COUNTY",{"v":832750,"d":"$832,750"}]
[null,null,"PA","BERKS COUNTY",{"v":832750,"d":"$832,750"}]
[null,null,"PA","BLAIR COUNTY",{"v":832750,"d":"$832,750"}]
[null,null,"PA","BRADFORD COUNTY",{"v":832750,"d":"$832,750"}]
[null,null,"PA","BUCKS COUNTY",{"v":832750,"d":"$832,750"}]
[null,null,"PA","BUTLER COUNTY",{"v":832750,"d":"$832,750"}]
[null,null,"PA","CAMBRIA COUNTY",{"v":832750,"d":"$832,750"}]
[null,null,"PA","CAMERON COUNTY",{"v":832750,"d":"$832,750"}]
[null,null,"PA","CARBON COUNTY",{"v":832750,"d":"$832,750"}]
[null,null,"PA","CENTRE COUNTY",{"v":832750,"d":"$832,750"}]
[null,null,"PA","CHESTER COUNTY",{"v":832750,"d":"$832,750"}]
[null,null,"PA","CLARION COUNTY",{"v":832750,"d":"$832,750"}]
[null,null,"PA","CLEARFIELD COUNTY",{"v":832750,"d":"$832,750"}]
[null,null,"PA","CLINTON COUNTY",{"v":832750,"d":"$832,750"}]
[null,null,"PA","COLUMBIA COUNTY",{"v":832750,"d":"$832,750"}]
[null,null,"PA","CRAWFORD COUNTY",{"v":832750,"d":"$832,750"}]
[null,null,"PA","CUMBERLAND COUNTY",{"v":832750,"d":"$832,750"}]
[null,null,"PA","DAUPHIN COUNTY",{"v":832750,"d":"$832,750"}]
[null,null,"PA","DELAWARE COUNTY",{"v":832750,"d":"$832,750"}]
[null,null,"PA","ELK COUNTY",{"v":832750,"d":"$832,750"}]
[null,null,"PA","ERIE COUNTY",{"v":832750,"d":"$832,750"}]
[null,null,"PA","FAYETTE COUNTY",{"v":832750,"d":"$832,750"}]
[null,null,"PA","FOREST COUNTY",{"v":832750,"d":"$832,750"}]
[null,null,"PA","FRANKLIN COUNTY",{"v":832750,"d":"$832,750"}]
[null,null,"PA","FULTON COUNTY",{"v":832750,"d":"$832,750"}]
[null,null,"PA","GREENE COUNTY",{"v":832750,"d":"$832,750"}]
[null,null,"PA","HUNTINGDON COUNTY",{"v":832750,"d":"$832,750"}]
[null,null,"PA","INDIANA COUNTY",{"v":832750,"d":"$832,750"}]
[null,null,"PA","JEFFERSON COUNTY",{"v":832750,"d":"$832,750"}]
[null,null,"PA","JUNIATA COUNTY",{"v":832750,"d":"$832,750"}]
[null,null,"PA","LACKAWANNA COUNTY",{"v":832750,"d":"$832,750"}]
[null,null,"PA","LANCASTER COUNTY",{"v":832750,"d":"$832,750"}]
[null,null,"PA","LAWRENCE COUNTY",{"v":832750,"d":"$832,750"}]
[null,null,"PA","LEBANON COUNTY",{"v":832750,"d":"$832,750"}]
[null,null,"PA","LEHIGH COUNTY",{"v":832750,"d":"$832,750"}]
[null,null,"PA","LUZERNE COUNTY",{"v":832750,"d":"$832,750"}]
[null,null,"PA","LYCOMING COUNTY",{"v":832750,"d":"$832,750"}]
[null,null,"PA","MCKEAN COUNTY",{"v":832750,"d":"$832,750"}]
[null,null,"PA","MERCER COUNTY",{"v":832750,"d":"$832,750"}]
[null,null,"PA","MIFFLIN COUNTY",{"v":832750,"d":"$832,750"}]
[null,null,"PA","MONROE COUNTY",{"v":832750,"d":"$832,750"}]
[null,null,"PA","MONTGOMERY COUNTY",{"v":832750,"d":"$832,750"}]
[null,null,"PA","MONTOUR COUNTY",{"v":832750,"d":"$832,750"}]
[null,null,"PA","NORTHAMPTON COUNTY",{"v":832750,"d":"$832,750"}]
[null,null,"PA","NORTHUMBERLAND COUNTY",{"v":832750,"d":"$832,750"}]
[null,null,"PA","PERRY COUNTY",{"v":832750,"d":"$832,750"}]
[null,null,"PA","PHILADELPHIA COUNTY",{"v":832750,"d":"$832,750"}]
[null,null,"PA","PIKE COUNTY",{"v":1209750,"d":"$1,209,750"}]
[null,null,"PA","POTTER COUNTY",{"v":832750,"d":"$832,750"}]
[null,null,"PA","SCHUYLKILL COUNTY",{"v":832750,"d":"$832,750"}]
[null,null,"PA","SNYDER COUNTY",{"v":832750,"d":"$832,750"}]
[null,null,"PA","SOMERSET COUNTY",{"v":832750,"d":"$832,750"}]
[null,null,"PA","SULLIVAN COUNTY",{"v":832750,"d":"$832,750"}]
[null,null,"PA","SUSQUEHANNA COUNTY",{"v":832750,"d":"$832,750"}]
[null,null,"PA","TIOGA COUNTY",{"v":832750,"d":"$832,750"}]
[null,null,"PA","UNION COUNTY",{"v":832750,"d":"$832,750"}]
[null,null,"PA","VENANGO COUNTY",{"v":832750,"d":"$832,750"}]
[null,null,"PA","WARREN COUNTY",{"v":832750,"d":"$832,750"}]
[null,null,"PA","WASHINGTON COUNTY",{"v":832750,"d":"$832,750"}]
[null,null,"PA","WAYNE COUNTY",{"v":832750,"d":"$832,750"}]
[null,null,"PA","WESTMORELAND COUNTY",{"v":832750,"d":"$832,750"}]
[null,null,"PA","WYOMING COUNTY",{"v":832750,"d":"$832,750"}]
[null,null,"PA","YORK COUNTY",{"v":832750,"d":"$832,750"}]
[null,null,"RI","BRISTOL COUNTY",{"v":832750,"d":"$832,750"}]
[null,null,"RI","KENT COUNTY",{"v":832750,"d":"$832,750"}]
[null,null,"RI","NEWPORT COUNTY",{"v":832750,"d":"$832,750"}]
[null,null,"RI","PROVIDENCE COUNTY",{"v":832750,"d":"$832,750"}]
[null,null,"RI","WASHINGTON COUNTY",{"v":832750,"d":"$832,750"}]
[null,null,"SC","ABBEVILLE COUNTY",{"v":832750,"d":"$832,750"}]
[null,null,"SC","AIKEN COUNTY",{"v":832750,"d":"$832,750"}]
[null,null,"SC","ALLENDALE COUNTY",{"v":832750,"d":"$832,750"}]
[null,null,"SC","ANDERSON COUNTY",{"v":832750,"d":"$832,750"}]
[null,null,"SC","BAMBERG COUNTY",{"v":832750,"d":"$832,750"}]
[null,null,"SC","BARNWELL COUNTY",{"v":832750,"d":"$832,750"}]
[null,null,"SC","BEAUFORT COUNTY",{"v":832750,"d":"$832,750"}]
[null,null,"SC","BERKELEY COUNTY",{"v":832750,"d":"$832,750"}]
[null,null,"SC","CALHOUN COUNTY",{"v":832750,"d":"$832,750"}]
[null,null,"SC","CHARLESTON COUNTY",{"v":832750,"d":"$832,750"}]
[null,null,"SC","CHEROKEE COUNTY",{"v":832750,"d":"$832,750"}]
[null,null,"SC","CHESTER COUNTY",{"v":832750,"d":"$832,750"}]
[null,null,"SC","CHESTERFIELD COUNTY",{"v":832750,"d":"$832,750"}]
[null,null,"SC","CLARENDON COUNTY",{"v":832750,"d":"$832,750"}]
[null,null,"SC","COLLETON COUNTY",{"v":832750,"d":"$832,750"}]
[null,null,"SC","DARLINGTON COUNTY",{"v":832750,"d":"$832,750"}]
[null,null,"SC","DILLON COUNTY",{"v":832750,"d":"$832,750"}]
[null,null,"SC","DORCHESTER COUNTY",{"v":832750,"d":"$832,750"}]
[null,null,"SC","EDGEFIELD COUNTY",{"v":832750,"d":"$832,750"}]
[null,null,"SC","FAIRFIELD COUNTY",{"v":832750,"d":"$832,750"}]
[null,null,"SC","FLORENCE COUNTY",{"v":832750,"d":"$832,750"}]
[null,null,"SC","GEORGETOWN COUNTY",{"v":832750,"d":"$832,750"}]
[null,null,"SC","GREENVILLE COUNTY",{"v":832750,"d":"$832,750"}]
[null,null,"SC","GREENWOOD COUNTY",{"v":832750,"d":"$832,750"}]
[null,null,"SC","HAMPTON COUNTY",{"v":832750,"d":"$832,750"}]
[null,null,"SC","HORRY COUNTY",{"v":832750,"d":"$832,750"}]
[null,null,"SC","JASPER COUNTY",{"v":832750,"d":"$832,750"}]
[null,null,"SC","KERSHAW COUNTY",{"v":832750,"d":"$832,750"}]
[null,null,"SC","LANCASTER COUNTY",{"v":832750,"d":"$832,750"}]
[null,null,"SC","LAURENS COUNTY",{"v":832750,"d":"$832,750"}]
[null,null,"SC","LEE COUNTY",{"v":832750,"d":"$832,750"}]
[null,null,"SC","LEXINGTON COUNTY",{"v":832750,"d":"$832,750"}]
[null,null,"SC","MCCORMICK COUNTY",{"v":832750,"d":"$832,750"}]
[null,null,"SC","MARION COUNTY",{"v":832750,"d":"$832,750"}]
[null,null,"SC","MARLBORO COUNTY",{"v":832750,"d":"$832,750"}]
[null,null,"SC","NEWBERRY COUNTY",{"v":832750,"d":"$832,750"}]
[null,null,"SC","OCONEE COUNTY",{"v":832750,"d":"$832,750"}]
[null,null,"SC","ORANGEBURG COUNTY",{"v":832750,"d":"$832,750"}]
[null,null,"SC","PICKENS COUNTY",{"v":832750,"d":"$832,750"}]
[null,null,"SC","RICHLAND COUNTY",{"v":832750,"d":"$832,750"}]
[null,null,"SC","SALUDA COUNTY",{"v":832750,"d":"$832,750"}]
[null,null,"SC","SPARTANBURG COUNTY",{"v":832750,"d":"$832,750"}]
[null,null,"SC","SUMTER COUNTY",{"v":832750,"d":"$832,750"}]
[null,null,"SC","UNION COUNTY",{"v":832750,"d":"$832,750"}]
[null,null,"SC","WILLIAMSBURG COUNTY",{"v":832750,"d":"$832,750"}]
[null,null,"SC","YORK COUNTY",{"v":832750,"d":"$832,750"}]
[null,null,"SD","AURORA COUNTY",{"v":832750,"d":"$832,750"}]
[null,null,"SD","BEADLE COUNTY",{"v":832750,"d":"$832,750"}]
[null,null,"SD","BENNETT COUNTY",{"v":832750,"d":"$832,750"}]
[null,null,"SD","BON HOMME COUNTY",{"v":832750,"d":"$832,750"}]
[null,null,"SD","BROOKINGS COUNTY",{"v":832750,"d":"$832,750"}]
[null,null,"SD","BROWN COUNTY",{"v":832750,"d":"$832,750"}]
[null,null,"SD","BRULE COUNTY",{"v":832750,"d":"$832,750"}]
[null,null,"SD","BUFFALO COUNTY",{"v":832750,"d":"$832,750"}]
[null,null,"SD","BUTTE COUNTY",{"v":832750,"d":"$832,750"}]
[null,null,"SD","CAMPBELL COUNTY",{"v":832750,"d":"$832,750"}]
[null,null,"SD","CHARLES MIX COUNTY",{"v":832750,"d":"$832,750"}]
[null,null,"SD","CLARK COUNTY",{"v":832750,"d":"$832,750"}]
[null,null,"SD","CLAY COUNTY",{"v":832750,"d":"$832,750"}]
[null,null,"SD","CODINGTON COUNTY",{"v":832750,"d":"$832,750"}]
[null,null,"SD","CORSON COUNTY",{"v":832750,"d":"$832,750"}]
[null,null,"SD","CUSTER COUNTY",{"v":832750,"d":"$832,750"}]
[null,null,"SD","DAVISON COUNTY",{"v":832750,"d":"$832,750"}]
[null,null,"SD","DAY COUNTY",{"v":832750,"d":"$832,750"}]
[null,null,"SD","DEUEL COUNTY",{"v":832750,"d":"$832,750"}]
[null,null,"SD","DEWEY COUNTY",{"v":832750,"d":"$832,750"}]
[null,null,"SD","DOUGLAS COUNTY",{"v":832750,"d":"$832,750"}]
[null,null,"SD","EDMUNDS COUNTY",{"v":832750,"d":"$832,750"}]
[null,null,"SD","FALL RIVER COUNTY",{"v":832750,"d":"$832,750"}]
[null,null,"SD","FAULK COUNTY",{"v":832750,"d":"$832,750"}]
[null,null,"SD","GRANT COUNTY",{"v":832750,"d":"$832,750"}]
[null,null,"SD","GREGORY COUNTY",{"v":832750,"d":"$832,750"}]
[null,null,"SD","HAAKON COUNTY",{"v":832750,"d":"$832,750"}]
[null,null,"SD","HAMLIN COUNTY",{"v":832750,"d":"$832,750"}]
[null,null,"SD","HAND COUNTY",{"v":832750,"d":"$832,750"}]
[null,null,"SD","HANSON COUNTY",{"v":832750,"d":"$832,750"}]
[null,null,"SD","HARDING COUNTY",{"v":832750,"d":"$832,750"}]
[null,null,"SD","HUGHES COUNTY",{"v":832750,"d":"$832,750"}]
[null,null,"SD","HUTCHINSON COUNTY",{"v":832750,"d":"$832,750"}]
[null,null,"SD","HYDE COUNTY",{"v":832750,"d":"$832,750"}]
[null,null,"SD","JACKSON COUNTY",{"v":832750,"d":"$832,750"}]
[null,null,"SD","JERAULD COUNTY",{"v":832750,"d":"$832,750"}]
[null,null,"SD","JONES COUNTY",{"v":832750,"d":"$832,750"}]
[null,null,"SD","KINGSBURY COUNTY",{"v":832750,"d":"$832,750"}]
[null,null,"SD","LAKE COUNTY",{"v":832750,"d":"$832,750"}]
[null,null,"SD","LAWRENCE COUNTY",{"v":832750,"d":"$832,750"}]
[null,null,"SD","LINCOLN COUNTY",{"v":832750,"d":"$832,750"}]
[null,null,"SD","LYMAN COUNTY",{"v":832750,"d":"$832,750"}]
[null,null,"SD","MCCOOK COUNTY",{"v":832750,"d":"$832,750"}]
[null,null,"SD","MCPHERSON COUNTY",{"v":832750,"d":"$832,750"}]
[null,null,"SD","MARSHALL COUNTY",{"v":832750,"d":"$832,750"}]
[null,null,"SD","MEADE COUNTY",{"v":832750,"d":"$832,750"}]
[null,null,"SD","MELLETTE COUNTY",{"v":832750,"d":"$832,750"}]
[null,null,"SD","MINER COUNTY",{"v":832750,"d":"$832,750"}]
[null,null,"SD","MINNEHAHA COUNTY",{"v":832750,"d":"$832,750"}]
[null,null,"SD","MOODY COUNTY",{"v":832750,"d":"$832,750"}]
[null,null,"SD","OGLALA LAKOTA COUNTY",{"v":832750,"d":"$832,750"}]
[null,null,"SD","PENNINGTON COUNTY",{"v":832750,"d":"$832,750"}]
[null,null,"SD","PERKINS COUNTY",{"v":832750,"d":"$832,750"}]
[null,null,"SD","POTTER COUNTY",{"v":832750,"d":"$832,750"}]
[null,null,"SD","ROBERTS COUNTY",{"v":832750,"d":"$832,750"}]
[null,null,"SD","SANBORN COUNTY",{"v":832750,"d":"$832,750"}]
[null,null,"SD","SPINK COUNTY",{"v":832750,"d":"$832,750"}]
[null,null,"SD","STANLEY COUNTY",{"v":832750,"d":"$832,750"}]
[null,null,"SD","SULLY COUNTY",{"v":832750,"d":"$832,750"}]
[null,null,"SD","TODD COUNTY",{"v":832750,"d":"$832,750"}]
[null,null,"SD","TRIPP COUNTY",{"v":832750,"d":"$832,750"}]
[null,null,"SD","TURNER COUNTY",{"v":832750,"d":"$832,750"}]
[null,null,"SD","UNION COUNTY",{"v":832750,"d":"$832,750"}]
[null,null,"SD","WALWORTH COUNTY",{"v":832750,"d":"$832,750"}]
[null,null,"SD","YANKTON COUNTY",{"v":832750,"d":"$832,750"}]
[null,null,"SD","ZIEBACH COUNTY",{"v":832750,"d":"$832,750"}]
[null,null,"TN","ANDERSON COUNTY",{"v":832750,"d":"$832,750"}]
[null,null,"TN","BEDFORD COUNTY",{"v":832750,"d":"$832,750"}]
[null,null,"TN","BENTON COUNTY",{"v":832750,"d":"$832,750"}]
[null,null,"TN","BLEDSOE COUNTY",{"v":832750,"d":"$832,750"}]
[null,null,"TN","BLOUNT COUNTY",{"v":832750,"d":"$832,750"}]
[null,null,"TN","BRADLEY COUNTY",{"v":832750,"d":"$832,750"}]
[null,null,"TN","CAMPBELL COUNTY",{"v":832750,"d":"$832,750"}]
[null,null,"TN","CANNON COUNTY",{"v":1029250,"d":"$1,029,250"}]
[null,null,"TN","CARROLL COUNTY",{"v":832750,"d":"$832,750"}]
[null,null,"TN","CARTER COUNTY",{"v":832750,"d":"$832,750"}]
[null,null,"TN","CHEATHAM COUNTY",{"v":1029250,"d":"$1,029,250"}]
[null,null,"TN","CHESTER COUNTY",{"v":832750,"d":"$832,750"}]
[null,null,"TN","CLAIBORNE COUNTY",{"v":832750,"d":"$832,750"}]
[null,null,"TN","CLAY COUNTY",{"v":832750,"d":"$832,750"}]
[null,null,"TN","COCKE COUNTY",{"v":832750,"d":"$832,750"}]
[null,null,"TN","COFFEE COUNTY",{"v":832750,"d":"$832,750"}]
[null,null,"TN","CROCKETT COUNTY",{"v":832750,"d":"$832,750"}]
[null,null,"TN","CUMBERLAND COUNTY",{"v":832750,"d":"$832,750"}]
[null,null,"TN","DAVIDSON COUNTY",{"v":1029250,"d":"$1,029,250"}]
[null,null,"TN","DECATUR COUNTY",{"v":832750,"d":"$832,750"}]
[null,null,"TN","DEKALB COUNTY",{"v":832750,"d":"$832,750"}]
[null,null,"TN","DICKSON COUNTY",{"v":1029250,"d":"$1,029,250"}]
[null,null,"TN","DYER COUNTY",{"v":832750,"d":"$832,750"}]
[null,null,"TN","FAYETTE COUNTY",{"v":832750,"d":"$832,750"}]
[null,null,"TN","FENTRESS COUNTY",{"v":832750,"d":"$832,750"}]
[null,null,"TN","FRANKLIN COUNTY",{"v":832750,"d":"$832,750"}]
[null,null,"TN","GIBSON COUNTY",{"v":832750,"d":"$832,750"}]
[null,null,"TN","GILES COUNTY",{"v":832750,"d":"$832,750"}]
[null,null,"TN","GRAINGER COUNTY",{"v":832750,"d":"$832,750"}]
[null,null,"TN","GREENE COUNTY",{"v":832750,"d":"$832,750"}]
[null,null,"TN","GRUNDY COUNTY",{"v":832750,"d":"$832,750"}]
[null,null,"TN","HAMBLEN COUNTY",{"v":832750,"d":"$832,750"}]
[null,null,"TN","HAMILTON COUNTY",{"v":832750,"d":"$832,750"}]
[null,null,"TN","HANCOCK COUNTY",{"v":832750,"d":"$832,750"}]
[null,null,"TN","HARDEMAN COUNTY",{"v":832750,"d":"$832,750"}]
[null,null,"TN","HARDIN COUNTY",{"v":832750,"d":"$832,750"}]
[null,null,"TN","HAWKINS COUNTY",{"v":832750,"d":"$832,750"}]
[null,null,"TN","HAYWOOD COUNTY",{"v":832750,"d":"$832,750"}]
[null,null,"TN","HENDERSON COUNTY",{"v":832750,"d":"$832,750"}]
[null,null,"TN","HENRY COUNTY",{"v":832750,"d":"$832,750"}]
[null,null,"TN","HICKMAN COUNTY",{"v":1029250,"d":"$1,029,250"}]
[null,null,"TN","HOUSTON COUNTY",{"v":832750,"d":"$832,750"}]
[null,null,"TN","HUMPHREYS COUNTY",{"v":832750,"d":"$832,750"}]
[null,null,"TN","JACKSON COUNTY",{"v":832750,"d":"$832,750"}]
[null,null,"TN","JEFFERSON COUNTY",{"v":832750,"d":"$832,750"}]
[null,null,"TN","JOHNSON COUNTY",{"v":832750,"d":"$832,750"}]
[null,null,"TN","KNOX COUNTY",{"v":832750,"d":"$832,750"}]
[null,null,"TN","LAKE COUNTY",{"v":832750,"d":"$832,750"}]
[null,null,"TN","LAUDERDALE COUNTY",{"v":832750,"d":"$832,750"}]
[null,null,"TN","LAWRENCE COUNTY",{"v":832750,"d":"$832,750"}]
[null,null,"TN","LEWIS COUNTY",{"v":832750,"d":"$832,750"}]
[null,null,"TN","LINCOLN COUNTY",{"v":832750,"d":"$832,750"}]
[null,null,"TN","LOUDON COUNTY",{"v":832750,"d":"$832,750"}]
[null,null,"TN","MCMINN COUNTY",{"v":832750,"d":"$832,750"}]
[null,null,"TN","MCNAIRY COUNTY",{"v":832750,"d":"$832,750"}]
[null,null,"TN","MACON COUNTY",{"v":1029250,"d":"$1,029,250"}]
[null,null,"TN","MADISON COUNTY",{"v":832750,"d":"$832,750"}]
[null,null,"TN","MARION COUNTY",{"v":832750,"d":"$832,750"}]
[null,null,"TN","MARSHALL COUNTY",{"v":832750,"d":"$832,750"}]
[null,null,"TN","MAURY COUNTY",{"v":1029250,"d":"$1,029,250"}]
[null,null,"TN","MEIGS COUNTY",{"v":832750,"d":"$832,750"}]
[null,null,"TN","MONROE COUNTY",{"v":832750,"d":"$832,750"}]
[null,null,"TN","MONTGOMERY COUNTY",{"v":832750,"d":"$832,750"}]
[null,null,"TN","MOORE COUNTY",{"v":832750,"d":"$832,750"}]
[null,null,"TN","MORGAN COUNTY",{"v":832750,"d":"$832,750"}]
[null,null,"TN","OBION COUNTY",{"v":832750,"d":"$832,750"}]
[null,null,"TN","OVERTON COUNTY",{"v":832750,"d":"$832,750"}]
[null,null,"TN","PERRY COUNTY",{"v":832750,"d":"$832,750"}]
[null,null,"TN","PICKETT COUNTY",{"v":832750,"d":"$832,750"}]
[null,null,"TN","POLK COUNTY",{"v":832750,"d":"$832,750"}]
[null,null,"TN","PUTNAM COUNTY",{"v":832750,"d":"$832,750"}]
[null,null,"TN","RHEA COUNTY",{"v":832750,"d":"$832,750"}]
[null,null,"TN","ROANE COUNTY",{"v":832750,"d":"$832,750"}]
[null,null,"TN","ROBERTSON COUNTY",{"v":1029250,"d":"$1,029,250"}]
[null,null,"TN","RUTHERFORD COUNTY",{"v":1029250,"d":"$1,029,250"}]
[null,null,"TN","SCOTT COUNTY",{"v":832750,"d":"$832,750"}]
[null,null,"TN","SEQUATCHIE COUNTY",{"v":832750,"d":"$832,750"}]
[null,null,"TN","SEVIER COUNTY",{"v":832750,"d":"$832,750"}]
[null,null,"TN","SHELBY COUNTY",{"v":832750,"d":"$832,750"}]
[null,null,"TN","SMITH COUNTY",{"v":1029250,"d":"$1,029,250"}]
[null,null,"TN","STEWART COUNTY",{"v":832750,"d":"$832,750"}]
[null,null,"TN","SULLIVAN COUNTY",{"v":832750,"d":"$832,750"}]
[null,null,"TN","SUMNER COUNTY",{"v":1029250,"d":"$1,029,250"}]
[null,null,"TN","TIPTON COUNTY",{"v":832750,"d":"$832,750"}]
[null,null,"TN","TROUSDALE COUNTY",{"v":1029250,"d":"$1,029,250"}]
[null,null,"TN","UNICOI COUNTY",{"v":832750,"d":"$832,750"}]
[null,null,"TN","UNION COUNTY",{"v":832750,"d":"$832,750"}]
[null,null,"TN","VAN BUREN COUNTY",{"v":832750,"d":"$832,750"}]
[null,null,"TN","WARREN COUNTY",{"v":832750,"d":"$832,750"}]
[null,null,"TN","WASHINGTON COUNTY",{"v":832750,"d":"$832,750"}]
[null,null,"TN","WAYNE COUNTY",{"v":832750,"d":"$832,750"}]
[null,null,"TN","WEAKLEY COUNTY",{"v":832750,"d":"$832,750"}]
[null,null,"TN","WHITE COUNTY",{"v":832750,"d":"$832,750"}]
[null,null,"TN","WILLIAMSON COUNTY",{"v":1029250,"d":"$1,029,250"}]
[null,null,"TN","WILSON COUNTY",{"v":1029250,"d":"$1,029,250"}]
[null,null,"TX","ANDERSON COUNTY",{"v":832750,"d":"$832,750"}]
[null,null,"TX","ANDREWS COUNTY",{"v":832750,"d":"$832,750"}]
[null,null,"TX","ANGELINA COUNTY",{"v":832750,"d":"$832,750"}]
[null,null,"TX","ARANSAS COUNTY",{"v":832750,"d":"$832,750"}]
[null,null,"TX","ARCHER COUNTY",{"v":832750,"d":"$832,750"}]
[null,null,"TX","ARMSTRONG COUNTY",{"v":832750,"d":"$832,750"}]
[null,null,"TX","ATASCOSA COUNTY",{"v":832750,"d":"$832,750"}]
[null,null,"TX","AUSTIN COUNTY",{"v":832750,"d":"$832,750"}]
[null,null,"TX","BAILEY COUNTY",{"v":832750,"d":"$832,750"}]
[null,null,"TX","BANDERA COUNTY",{"v":832750,"d":"$832,750"}]
[null,null,"TX","BASTROP COUNTY",{"v":832750,"d":"$832,750"}]
[null,null,"TX","BAYLOR COUNTY",{"v":832750,"d":"$832,750"}]
[null,null,"TX","BEE COUNTY",{"v":832750,"d":"$832,750"}]
[null,null,"TX","BELL COUNTY",{"v":832750,"d":"$832,750"}]
[null,null,"TX","BEXAR COUNTY",{"v":832750,"d":"$832,750"}]
[null,null,"TX","BLANCO COUNTY",{"v":832750,"d":"$832,750"}]
[null,null,"TX","BORDEN COUNTY",{"v":832750,"d":"$832,750"}]
[null,null,"TX","BOSQUE COUNTY",{"v":832750,"d":"$832,750"}]
[null,null,"TX","BOWIE COUNTY",{"v":832750,"d":"$832,750"}]
[null,null,"TX","BRAZORIA COUNTY",{"v":832750,"d":"$832,750"}]
[null,null,"TX","BRAZOS COUNTY",{"v":832750,"d":"$832,750"}]
[null,null,"TX","BREWSTER COUNTY",{"v":832750,"d":"$832,750"}]
[null,null,"TX","BRISCOE COUNTY",{"v":832750,"d":"$832,750"}]
[null,null,"TX","BROOKS COUNTY",{"v":832750,"d":"$832,750"}]
[null,null,"TX","BROWN COUNTY",{"v":832750,"d":"$832,750"}]
[null,null,"TX","BURLESON COUNTY",{"v":832750,"d":"$832,750"}]
[null,null,"TX","BURNET COUNTY",{"v":832750,"d":"$832,750"}]
[null,null,"TX","CALDWELL COUNTY",{"v":832750,"d":"$832,750"}]
[null,null,"TX","CALHOUN COUNTY",{"v":832750,"d":"$832,750"}]
[null,null,"TX","CALLAHAN COUNTY",{"v":832750,"d":"$832,750"}]
[null,null,"TX","CAMERON COUNTY",{"v":832750,"d":"$832,750"}]
[null,null,"TX","CAMP COUNTY",{"v":832750,"d":"$832,750"}]
[null,null,"TX","CARSON COUNTY",{"v":832750,"d":"$832,750"}]
[null,null,"TX","CASS COUNTY",{"v":832750,"d":"$832,750"}]
[null,null,"TX","CASTRO COUNTY",{"v":832750,"d":"$832,750"}]
[null,null,"TX","CHAMBERS COUNTY",{"v":832750,"d":"$832,750"}]
[null,null,"TX","CHEROKEE COUNTY",{"v":832750,"d":"$832,750"}]
[null,null,"TX","CHILDRESS COUNTY",{"v":832750,"d":"$832,750"}]
[null,null,"TX","CLAY COUNTY",{"v":832750,"d":"$832,750"}]
[null,null,"TX","COCHRAN COUNTY",{"v":832750,"d":"$832,750"}]
[null,null,"TX","COKE COUNTY",{"v":832750,"d":"$832,750"}]
[null,null,"TX","COLEMAN COUNTY",{"v":832750,"d":"$832,750"}]
[null,null,"TX","COLLIN COUNTY",{"v":832750,"d":"$832,750"}]
[null,null,"TX","COLLINGSWORTH COUNTY",{"v":832750,"d":"$832,750"}]
[null,null,"TX","COLORADO COUNTY",{"v":832750,"d":"$832,750"}]
[null,null,"TX","COMAL COUNTY",{"v":832750,"d":"$832,750"}]
[null,null,"TX","COMANCHE COUNTY",{"v":832750,"d":"$832,750"}]
[null,null,"TX","CONCHO COUNTY",{"v":832750,"d":"$832,750"}]
[null,null,"TX","COOKE COUNTY",{"v":832750,"d":"$832,750"}]
[null,null,"TX","CORYELL COUNTY",{"v":832750,"d":"$832,750"}]
[null,null,"TX","COTTLE COUNTY",{"v":832750,"d":"$832,750"}]
[null,null,"TX","CRANE COUNTY",{"v":832750,"d":"$832,750"}]
[null,null,"TX","CROCKETT COUNTY",{"v":832750,"d":"$832,750"}]
[null,null,"TX","CROSBY COUNTY",{"v":832750,"d":"$832,750"}]
[null,null,"TX","CULBERSON COUNTY",{"v":832750,"d":"$832,750"}]
[null,null,"TX","DALLAM COUNTY",{"v":832750,"d":"$832,750"}]
[null,null,"TX","DALLAS COUNTY",{"v":832750,"d":"$832,750"}]
[null,null,"TX","DAWSON COUNTY",{"v":832750,"d":"$832,750"}]
[null,null,"TX","DEAF SMITH COUNTY",{"v":832750,"d":"$832,750"}]
[null,null,"TX","DELTA COUNTY",{"v":832750,"d":"$832,750"}]
[null,null,"TX","DENTON COUNTY",{"v":832750,"d":"$832,750"}]
[null,null,"TX","DEWITT COUNTY",{"v":832750,"d":"$832,750"}]
[null,null,"TX","DICKENS COUNTY",{"v":832750,"d":"$832,750"}]
[null,null,"TX","DIMMIT COUNTY",{"v":832750,"d":"$832,750"}]
[null,null,"TX","DONLEY COUNTY",{"v":832750,"d":"$832,750"}]
[null,null,"TX","DUVAL COUNTY",{"v":832750,"d":"$832,750"}]
[null,null,"TX","EASTLAND COUNTY",{"v":832750,"d":"$832,750"}]
[null,null,"TX","ECTOR COUNTY",{"v":832750,"d":"$832,750"}]
[null,null,"TX","EDWARDS COUNTY",{"v":832750,"d":"$832,750"}]
[null,null,"TX","ELLIS COUNTY",{"v":832750,"d":"$832,750"}]
[null,null,"TX","EL PASO COUNTY",{"v":832750,"d":"$832,750"}]
[null,null,"TX","ERATH COUNTY",{"v":832750,"d":"$832,750"}]
[null,null,"TX","FALLS COUNTY",{"v":832750,"d":"$832,750"}]
[null,null,"TX","FANNIN COUNTY",{"v":832750,"d":"$832,750"}]
[null,null,"TX","FAYETTE COUNTY",{"v":832750,"d":"$832,750"}]
[null,null,"TX","FISHER COUNTY",{"v":832750,"d":"$832,750"}]
[null,null,"TX","FLOYD COUNTY",{"v":832750,"d":"$832,750"}]
[null,null,"TX","FOARD COUNTY",{"v":832750,"d":"$832,750"}]
[null,null,"TX","FORT BEND COUNTY",{"v":832750,"d":"$832,750"}]
[null,null,"TX","FRANKLIN COUNTY",{"v":832750,"d":"$832,750"}]
[null,null,"TX","FREESTONE COUNTY",{"v":832750,"d":"$832,750"}]
[null,null,"TX","FRIO COUNTY",{"v":832750,"d":"$832,750"}]
[null,null,"TX","GAINES COUNTY",{"v":832750,"d":"$832,750"}]
[null,null,"TX","GALVESTON COUNTY",{"v":832750,"d":"$832,750"}]
[null,null,"TX","GARZA COUNTY",{"v":832750,"d":"$832,750"}]
[null,null,"TX","GILLESPIE COUNTY",{"v":832750,"d":"$832,750"}]
[null,null,"TX","GLASSCOCK COUNTY",{"v":832750,"d":"$832,750"}]
[null,null,"TX","GOLIAD COUNTY",{"v":832750,"d":"$832,750"}]
[null,null,"TX","GONZALES COUNTY",{"v":832750,"d":"$832,750"}]
[null,null,"TX","GRAY COUNTY",{"v":832750,"d":"$832,750"}]
[null,null,"TX","GRAYSON COUNTY",{"v":832750,"d":"$832,750"}]
[null,null,"TX","GREGG COUNTY",{"v":832750,"d":"$832,750"}]
[null,null,"TX","GRIMES COUNTY",{"v":832750,"d":"$832,750"}]
[null,null,"TX","GUADALUPE COUNTY",{"v":832750,"d":"$832,750"}]
[null,null,"TX","HALE COUNTY",{"v":832750,"d":"$832,750"}]
[null,null,"TX","HALL COUNTY",{"v":832750,"d":"$832,750"}]
[null,null,"TX","HAMILTON COUNTY",{"v":832750,"d":"$832,750"}]
[null,null,"TX","HANSFORD COUNTY",{"v":832750,"d":"$832,750"}]
[null,null,"TX","HARDEMAN COUNTY",{"v":832750,"d":"$832,750"}]
[null,null,"TX","HARDIN COUNTY",{"v":832750,"d":"$832,750"}]
[null,null,"TX","HARRIS COUNTY",{"v":832750,"d":"$832,750"}]
[null,null,"TX","HARRISON COUNTY",{"v":832750,"d":"$832,750"}]
[null,null,"TX","HARTLEY COUNTY",{"v":832750,"d":"$832,750"}]
[null,null,"TX","HASKELL COUNTY",{"v":832750,"d":"$832,750"}]
[null,null,"TX","HAYS COUNTY",{"v":832750,"d":"$832,750"}]
[null,null,"TX","HEMPHILL COUNTY",{"v":832750,"d":"$832,750"}]
[null,null,"TX","HENDERSON COUNTY",{"v":832750,"d":"$832,750"}]
[null,null,"TX","HIDALGO COUNTY",{"v":832750,"d":"$832,750"}]
[null,null,"TX","HILL COUNTY",{"v":832750,"d":"$832,750"}]
[null,null,"TX","HOCKLEY COUNTY",{"v":832750,"d":"$832,750"}]
[null,null,"TX","HOOD COUNTY",{"v":832750,"d":"$832,750"}]
[null,null,"TX","HOPKINS COUNTY",{"v":832750,"d":"$832,750"}]
[null,null,"TX","HOUSTON COUNTY",{"v":832750,"d":"$832,750"}]
[null,null,"TX","HOWARD COUNTY",{"v":832750,"d":"$832,750"}]
[null,null,"TX","HUDSPETH COUNTY",{"v":832750,"d":"$832,750"}]
[null,null,"TX","HUNT COUNTY",{"v":832750,"d":"$832,750"}]
[null,null,"TX","HUTCHINSON COUNTY",{"v":832750,"d":"$832,750"}]
[null,null,"TX","IRION COUNTY",{"v":832750,"d":"$832,750"}]
[null,null,"TX","JACK COUNTY",{"v":832750,"d":"$832,750"}]
[null,null,"TX","JACKSON COUNTY",{"v":832750,"d":"$832,750"}]
[null,null,"TX","JASPER COUNTY",{"v":832750,"d":"$832,750"}]
[null,null,"TX","JEFF DAVIS COUNTY",{"v":832750,"d":"$832,750"}]
[null,null,"TX","JEFFERSON COUNTY",{"v":832750,"d":"$832,750"}]
[null,null,"TX","JIM HOGG COUNTY",{"v":832750,"d":"$832,750"}]
[null,null,"TX","JIM WELLS COUNTY",{"v":832750,"d":"$832,750"}]
[null,null,"TX","JOHNSON COUNTY",{"v":832750,"d":"$832,750"}]
[null,null,"TX","JONES COUNTY",{"v":832750,"d":"$832,750"}]
[null,null,"TX","KARNES COUNTY",{"v":832750,"d":"$832,750"}]
[null,null,"TX","KAUFMAN COUNTY",{"v":832750,"d":"$832,750"}]
[null,null,"TX","KENDALL COUNTY",{"v":832750,"d":"$832,750"}]
[null,null,"TX","KENEDY COUNTY",{"v":832750,"d":"$832,750"}]
[null,null,"TX","KENT COUNTY",{"v":832750,"d":"$832,750"}]
[null,null,"TX","KERR COUNTY",{"v":832750,"d":"$832,750"}]
[null,null,"TX","KIMBLE COUNTY",{"v":832750,"d":"$832,750"}]
[null,null,"TX","KING COUNTY",{"v":832750,"d":"$832,750"}]
[null,null,"TX","KINNEY COUNTY",{"v":832750,"d":"$832,750"}]
[null,null,"TX","KLEBERG COUNTY",{"v":832750,"d":"$832,750"}]
[null,null,"TX","KNOX COUNTY",{"v":832750,"d":"$832,750"}]
[null,null,"TX","LAMAR COUNTY",{"v":832750,"d":"$832,750"}]
[null,null,"TX","LAMB COUNTY",{"v":832750,"d":"$832,750"}]
[null,null,"TX","LAMPASAS COUNTY",{"v":832750,"d":"$832,750"}]
[null,null,"TX","LA SALLE COUNTY",{"v":832750,"d":"$832,750"}]
[null,null,"TX","LAVACA COUNTY",{"v":832750,"d":"$832,750"}]
[null,null,"TX","LEE COUNTY",{"v":832750,"d":"$832,750"}]
[null,null,"TX","LEON COUNTY",{"v":832750,"d":"$832,750"}]
[null,null,"TX","LIBERTY COUNTY",{"v":832750,"d":"$832,750"}]
[null,null,"TX","LIMESTONE COUNTY",{"v":832750,"d":"$832,750"}]
[null,null,"TX","LIPSCOMB COUNTY",{"v":832750,"d":"$832,750"}]
[null,null,"TX","LIVE OAK COUNTY",{"v":832750,"d":"$832,750"}]
[null,null,"TX","LLANO COUNTY",{"v":832750,"d":"$832,750"}]
[null,null,"TX","LOVING COUNTY",{"v":832750,"d":"$832,750"}]
[null,null,"TX","LUBBOCK COUNTY",{"v":832750,"d":"$832,750"}]
[null,null,"TX","LYNN COUNTY",{"v":832750,"d":"$832,750"}]
[null,null,"TX","MCCULLOCH COUNTY",{"v":832750,"d":"$832,750"}]
[null,null,"TX","MCLENNAN COUNTY",{"v":832750,"d":"$832,750"}]
[null,null,"TX","MCMULLEN COUNTY",{"v":832750,"d":"$832,750"}]
[null,null,"TX","MADISON COUNTY",{"v":832750,"d":"$832,750"}]
[null,null,"TX","MARION COUNTY",{"v":832750,"d":"$832,750"}]
[null,null,"TX","MARTIN COUNTY",{"v":832750,"d":"$832,750"}]
[null,null,"TX","MASON COUNTY",{"v":832750,"d":"$832,750"}]
[null,null,"TX","MATAGORDA COUNTY",{"v":832750,"d":"$832,750"}]
[null,null,"TX","MAVERICK COUNTY",{"v":832750,"d":"$832,750"}]
[null,null,"TX","MEDINA COUNTY",{"v":832750,"d":"$832,750"}]
[null,null,"TX","MENARD COUNTY",{"v":832750,"d":"$832,750"}]
[null,null,"TX","MIDLAND COUNTY",{"v":832750,"d":"$832,750"}]
[null,null,"TX","MILAM COUNTY",{"v":832750,"d":"$832,750"}]
[null,null,"TX","MILLS COUNTY",{"v":832750,"d":"$832,750"}]
[null,null,"TX","MITCHELL COUNTY",{"v":832750,"d":"$832,750"}]
[null,null,"TX","MONTAGUE COUNTY",{"v":832750,"d":"$832,750"}]
[null,null,"TX","MONTGOMERY COUNTY",{"v":832750,"d":"$832,750"}]
[null,null,"TX","MOORE COUNTY",{"v":832750,"d":"$832,750"}]
[null,null,"TX","MORRIS COUNTY",{"v":832750,"d":"$832,750"}]
[null,null,"TX","MOTLEY COUNTY",{"v":832750,"d":"$832,750"}]
[null,null,"TX","NACOGDOCHES COUNTY",{"v":832750,"d":"$832,750"}]
[null,null,"TX","NAVARRO COUNTY",{"v":832750,"d":"$832,750"}]
[null,null,"TX","NEWTON COUNTY",{"v":832750,"d":"$832,750"}]
[null,null,"TX","NOLAN COUNTY",{"v":832750,"d":"$832,750"}]
[null,null,"TX","NUECES COUNTY",{"v":832750,"d":"$832,750"}]
[null,null,"TX","OCHILTREE COUNTY",{"v":832750,"d":"$832,750"}]
[null,null,"TX","OLDHAM COUNTY",{"v":832750,"d":"$832,750"}]
[null,null,"TX","ORANGE COUNTY",{"v":832750,"d":"$832,750"}]
[null,null,"TX","PALO PINTO COUNTY",{"v":832750,"d":"$832,750"}]
[null,null,"TX","PANOLA COUNTY",{"v":832750,"d":"$832,750"}]
[null,null,"TX","PARKER COUNTY",{"v":832750,"d":"$832,750"}]
[null,null,"TX","PARMER COUNTY",{"v":832750,"d":"$832,750"}]
[null,null,"TX","PECOS COUNTY",{"v":832750,"d":"$832,750"}]
[null,null,"TX","POLK COUNTY",{"v":832750,"d":"$832,750"}]
[null,null,"TX","POTTER COUNTY",{"v":832750,"d":"$832,750"}]
[null,null,"TX","PRESIDIO COUNTY",{"v":832750,"d":"$832,750"}]
[null,null,"TX","RAINS COUNTY",{"v":832750,"d":"$832,750"}]
[null,null,"TX","RANDALL COUNTY",{"v":832750,"d":"$832,750"}]
[null,null,"TX","REAGAN COUNTY",{"v":832750,"d":"$832,750"}]
[null,null,"TX","REAL COUNTY",{"v":832750,"d":"$832,750"}]
[null,null,"TX","RED RIVER COUNTY",{"v":832750,"d":"$832,750"}]
[null,null,"TX","REEVES COUNTY",{"v":832750,"d":"$832,750"}]
[null,null,"TX","REFUGIO COUNTY",{"v":832750,"d":"$832,750"}]
[null,null,"TX","ROBERTS COUNTY",{"v":832750,"d":"$832,750"}]
[null,null,"TX","ROBERTSON COUNTY",{"v":832750,"d":"$832,750"}]
[null,null,"TX","ROCKWALL COUNTY",{"v":832750,"d":"$832,750"}]
[null,null,"TX","RUNNELS COUNTY",{"v":832750,"d":"$832,750"}]
[null,null,"TX","RUSK COUNTY",{"v":832750,"d":"$832,750"}]
[null,null,"TX","SABINE COUNTY",{"v":832750,"d":"$832,750"}]
[null,null,"TX","SAN AUGUSTINE COUNTY",{"v":832750,"d":"$832,750"}]
[null,null,"TX","SAN JACINTO COUNTY",{"v":832750,"d":"$832,750"}]
[null,null,"TX","SAN PATRICIO COUNTY",{"v":832750,"d":"$832,750"}]
[null,null,"TX","SAN SABA COUNTY",{"v":832750,"d":"$832,750"}]
[null,null,"TX","SCHLEICHER COUNTY",{"v":832750,"d":"$832,750"}]
[null,null,"TX","SCURRY COUNTY",{"v":832750,"d":"$832,750"}]
[null,null,"TX","SHACKELFORD COUNTY",{"v":832750,"d":"$832,750"}]
[null,null,"TX","SHELBY COUNTY",{"v":832750,"d":"$832,750"}]
[null,null,"TX","SHERMAN COUNTY",{"v":832750,"d":"$832,750"}]
[null,null,"TX","SMITH COUNTY",{"v":832750,"d":"$832,750"}]
[null,null,"TX","SOMERVELL COUNTY",{"v":832750,"d":"$832,750"}]
[null,null,"TX","STARR COUNTY",{"v":832750,"d":"$832,750"}]
[null,null,"TX","STEPHENS COUNTY",{"v":832750,"d":"$832,750"}]
[null,null,"TX","STERLING COUNTY",{"v":832750,"d":"$832,750"}]
[null,null,"TX","STONEWALL COUNTY",{"v":832750,"d":"$832,750"}]
[null,null,"TX","SUTTON COUNTY",{"v":832750,"d":"$832,750"}]
[null,null,"TX","SWISHER COUNTY",{"v":832750,"d":"$832,750"}]
[null,null,"TX","TARRANT COUNTY",{"v":832750,"d":"$832,750"}]
[null,null,"TX","TAYLOR COUNTY",{"v":832750,"d":"$832,750"}]
[null,null,"TX","TERRELL COUNTY",{"v":832750,"d":"$832,750"}]
[null,null,"TX","TERRY COUNTY",{"v":832750,"d":"$832,750"}]
[null,null,"TX","THROCKMORTON COUNTY",{"v":832750,"d":"$832,750"}]
[null,null,"TX","TITUS COUNTY",{"v":832750,"d":"$832,750"}]
[null,null,"TX","TOM GREEN COUNTY",{"v":832750,"d":"$832,750"}]
[null,null,"TX","TRAVIS COUNTY",{"v":832750,"d":"$832,750"}]
[null,null,"TX","TRINITY COUNTY",{"v":832750,"d":"$832,750"}]
[null,null,"TX","TYLER COUNTY",{"v":832750,"d":"$832,750"}]
[null,null,"TX","UPSHUR COUNTY",{"v":832750,"d":"$832,750"}]
[null,null,"TX","UPTON COUNTY",{"v":832750,"d":"$832,750"}]
[null,null,"TX","UVALDE COUNTY",{"v":832750,"d":"$832,750"}]
[null,null,"TX","VAL VERDE COUNTY",{"v":832750,"d":"$832,750"}]
[null,null,"TX","VAN ZANDT COUNTY",{"v":832750,"d":"$832,750"}]
[null,null,"TX","VICTORIA COUNTY",{"v":832750,"d":"$832,750"}]
[null,null,"TX","WALKER COUNTY",{"v":832750,"d":"$832,750"}]
[null,null,"TX","WALLER COUNTY",{"v":832750,"d":"$832,750"}]
[null,null,"TX","WARD COUNTY",{"v":832750,"d":"$832,750"}]
[null,null,"TX","WASHINGTON COUNTY",{"v":832750,"d":"$832,750"}]
[null,null,"TX","WEBB COUNTY",{"v":832750,"d":"$832,750"}]
[null,null,"TX","WHARTON COUNTY",{"v":832750,"d":"$832,750"}]
[null,null,"TX","WHEELER COUNTY",{"v":832750,"d":"$832,750"}]
[null,null,"TX","WICHITA COUNTY",{"v":832750,"d":"$832,750"}]
[null,null,"TX","WILBARGER COUNTY",{"v":832750,"d":"$832,750"}]
[null,null,"TX","WILLACY COUNTY",{"v":832750,"d":"$832,750"}]
[null,null,"TX","WILLIAMSON COUNTY",{"v":832750,"d":"$832,750"}]
[null,null,"TX","WILSON COUNTY",{"v":832750,"d":"$832,750"}]
[null,null,"TX","WINKLER COUNTY",{"v":832750,"d":"$832,750"}]
[null,null,"TX","WISE COUNTY",{"v":832750,"d":"$832,750"}]
[null,null,"TX","WOOD COUNTY",{"v":832750,"d":"$832,750"}]
[null,null,"TX","YOAKUM COUNTY",{"v":832750,"d":"$832,750"}]
[null,null,"TX","YOUNG COUNTY",{"v":832750,"d":"$832,750"}]
[null,null,"TX","ZAPATA COUNTY",{"v":832750,"d":"$832,750"}]
[null,null,"TX","ZAVALA COUNTY",{"v":832750,"d":"$832,750"}]
[null,null,"UT","BEAVER COUNTY",{"v":832750,"d":"$832,750"}]
[null,null,"UT","BOX ELDER COUNTY",{"v":832750,"d":"$832,750"}]
[null,null,"UT","CACHE COUNTY",{"v":832750,"d":"$832,750"}]
[null,null,"UT","CARBON COUNTY",{"v":832750,"d":"$832,750"}]
[null,null,"UT","DAGGETT COUNTY",{"v":832750,"d":"$832,750"}]
[null,null,"UT","DAVIS COUNTY",{"v":832750,"d":"$832,750"}]
[null,null,"UT","DUCHESNE COUNTY",{"v":832750,"d":"$832,750"}]
[null,null,"UT","EMERY COUNTY",{"v":832750,"d":"$832,750"}]
[null,null,"UT","GARFIELD COUNTY",{"v":832750,"d":"$832,750"}]
[null,null,"UT","GRAND COUNTY",{"v":839500,"d":"$839,500"}]
[null,null,"UT","IRON COUNTY",{"v":832750,"d":"$832,750"}]
[null,null,"UT","JUAB COUNTY",{"v":832750,"d":"$832,750"}]
[null,null,"UT","KANE COUNTY",{"v":832750,"d":"$832,750"}]
[null,null,"UT","MILLARD COUNTY",{"v":832750,"d":"$832,750"}]
[null,null,"UT","MORGAN COUNTY",{"v":832750,"d":"$832,750"}]
[null,null,"UT","PIUTE COUNTY",{"v":832750,"d":"$832,750"}]
[null,null,"UT","RICH COUNTY",{"v":832750,"d":"$832,750"}]
[null,null,"UT","SALT LAKE COUNTY",{"v":832750,"d":"$832,750"}]
[null,null,"UT","SAN JUAN COUNTY",{"v":832750,"d":"$832,750"}]
[null,null,"UT","SANPETE COUNTY",{"v":832750,"d":"$832,750"}]
[null,null,"UT","SEVIER COUNTY",{"v":832750,"d":"$832,750"}]
[null,null,"UT","SUMMIT COUNTY",{"v":1150000,"d":"$1,150,000"}]
[null,null,"UT","TOOELE COUNTY",{"v":832750,"d":"$832,750"}]
[null,null,"UT","UINTAH COUNTY",{"v":832750,"d":"$832,750"}]
[null,null,"UT","UTAH COUNTY",{"v":832750,"d":"$832,750"}]
[null,null,"UT","WASATCH COUNTY",{"v":1150000,"d":"$1,150,000"}]
[null,null,"UT","WASHINGTON COUNTY",{"v":832750,"d":"$832,750"}]
[null,null,"UT","WAYNE COUNTY",{"v":997050,"d":"$997,050"}]
[null,null,"UT","WEBER COUNTY",{"v":832750,"d":"$832,750"}]
[null,null,"VT","ADDISON COUNTY",{"v":832750,"d":"$832,750"}]
[null,null,"VT","BENNINGTON COUNTY",{"v":832750,"d":"$832,750"}]
[null,null,"VT","CALEDONIA COUNTY",{"v":832750,"d":"$832,750"}]
[null,null,"VT","CHITTENDEN COUNTY",{"v":832750,"d":"$832,750"}]
[null,null,"VT","ESSEX COUNTY",{"v":832750,"d":"$832,750"}]
[null,null,"VT","FRANKLIN COUNTY",{"v":832750,"d":"$832,750"}]
[null,null,"VT","GRAND ISLE COUNTY",{"v":832750,"d":"$832,750"}]
[null,null,"VT","LAMOILLE COUNTY",{"v":832750,"d":"$832,750"}]
[null,null,"VT","ORANGE COUNTY",{"v":832750,"d":"$832,750"}]
[null,null,"VT","ORLEANS COUNTY",{"v":832750,"d":"$832,750"}]
[null,null,"VT","RUTLAND COUNTY",{"v":832750,"d":"$832,750"}]
[null,null,"VT","WASHINGTON COUNTY",{"v":832750,"d":"$832,750"}]
[null,null,"VT","WINDHAM COUNTY",{"v":832750,"d":"$832,750"}]
[null,null,"VT","WINDSOR COUNTY",{"v":832750,"d":"$832,750"}]
[null,null,"VA","ACCOMACK COUNTY",{"v":832750,"d":"$832,750"}]
[null,null,"VA","ALBEMARLE COUNTY",{"v":832750,"d":"$832,750"}]
[null,null,"VA","ALLEGHANY COUNTY",{"v":832750,"d":"$832,750"}]
[null,null,"VA","AMELIA COUNTY",{"v":832750,"d":"$832,750"}]
[null,null,"VA","AMHERST COUNTY",{"v":832750,"d":"$832,750"}]
[null,null,"VA","APPOMATTOX COUNTY",{"v":832750,"d":"$832,750"}]
[null,null,"VA","ARLINGTON COUNTY",{"v":1249125,"d":"$1,249,125"}]
[null,null,"VA","AUGUSTA COUNTY",{"v":832750,"d":"$832,750"}]
[null,null,"VA","BATH COUNTY",{"v":832750,"d":"$832,750"}]
[null,null,"VA","BEDFORD COUNTY",{"v":832750,"d":"$832,750"}]
[null,null,"VA","BLAND COUNTY",{"v":832750,"d":"$832,750"}]
[null,null,"VA","BOTETOURT COUNTY",{"v":832750,"d":"$832,750"}]
[null,null,"VA","BRUNSWICK COUNTY",{"v":832750,"d":"$832,750"}]
[null,null,"VA","BUCHANAN COUNTY",{"v":832750,"d":"$832,750"}]
[null,null,"VA","BUCKINGHAM COUNTY",{"v":832750,"d":"$832,750"}]
[null,null,"VA","CAMPBELL COUNTY",{"v":832750,"d":"$832,750"}]
[null,null,"VA","CAROLINE COUNTY",{"v":832750,"d":"$832,750"}]
[null,null,"VA","CARROLL COUNTY",{"v":832750,"d":"$832,750"}]
[null,null,"VA","CHARLES CITY COUNTY",{"v":832750,"d":"$832,750"}]
[null,null,"VA","CHARLOTTE COUNTY",{"v":832750,"d":"$832,750"}]
[null,null,"VA","CHESTERFIELD COUNTY",{"v":832750,"d":"$832,750"}]
[null,null,"VA","CLARKE COUNTY",{"v":1249125,"d":"$1,249,125"}]
[null,null,"VA","CRAIG COUNTY",{"v":832750,"d":"$832,750"}]
[null,null,"VA","CULPEPER COUNTY",{"v":1249125,"d":"$1,249,125"}]
[null,null,"VA","CUMBERLAND COUNTY",{"v":832750,"d":"$832,750"}]
[null,null,"VA","DICKENSON COUNTY",{"v":832750,"d":"$832,750"}]
[null,null,"VA","DINWIDDIE COUNTY",{"v":832750,"d":"$832,750"}]
[null,null,"VA","ESSEX COUNTY",{"v":832750,"d":"$832,750"}]
[null,null,"VA","FAIRFAX COUNTY",{"v":1249125,"d":"$1,249,125"}]
[null,null,"VA","FAUQUIER COUNTY",{"v":1249125,"d":"$1,249,125"}]
[null,null,"VA","FLOYD COUNTY",{"v":832750,"d":"$832,750"}]
[null,null,"VA","FLUVANNA COUNTY",{"v":832750,"d":"$832,750"}]
[null,null,"VA","FRANKLIN COUNTY",{"v":832750,"d":"$832,750"}]
[null,null,"VA","FREDERICK COUNTY",{"v":832750,"d":"$832,750"}]
[null,null,"VA","GILES COUNTY",{"v":832750,"d":"$832,750"}]
[null,null,"VA","GLOUCESTER COUNTY",{"v":832750,"d":"$832,750"}]
[null,null,"VA","GOOCHLAND COUNTY",{"v":832750,"d":"$832,750"}]
[null,null,"VA","GRAYSON COUNTY",{"v":832750,"d":"$832,750"}]
[null,null,"VA","GREENE COUNTY",{"v":832750,"d":"$832,750"}]
[null,null,"VA","GREENSVILLE COUNTY",{"v":832750,"d":"$832,750"}]
[null,null,"VA","HALIFAX COUNTY",{"v":832750,"d":"$832,750"}]
[null,null,"VA","HANOVER COUNTY",{"v":832750,"d":"$832,750"}]
[null,null,"VA","HENRICO COUNTY",{"v":832750,"d":"$832,750"}]
[null,null,"VA","HENRY COUNTY",{"v":832750,"d":"$832,750"}]
[null,null,"VA","HIGHLAND COUNTY",{"v":832750,"d":"$832,750"}]
[null,null,"VA","ISLE OF WIGHT COUNTY",{"v":832750,"d":"$832,750"}]
[null,null,"VA","JAMES CITY COUNTY",{"v":832750,"d":"$832,750"}]
[null,null,"VA","KING AND QUEEN COUNTY",{"v":832750,"d":"$832,750"}]
[null,null,"VA","KING GEORGE COUNTY",{"v":832750,"d":"$832,750"}]
[null,null,"VA","KING WILLIAM COUNTY",{"v":832750,"d":"$832,750"}]
[null,null,"VA","LANCASTER COUNTY",{"v":832750,"d":"$832,750"}]
[null,null,"VA","LEE COUNTY",{"v":832750,"d":"$832,750"}]
[null,null,"VA","LOUDOUN COUNTY",{"v":1249125,"d":"$1,249,125"}]
[null,null,"VA","LOUISA COUNTY",{"v":832750,"d":"$832,750"}]
[null,null,"VA","LUNENBURG COUNTY",{"v":832750,"d":"$832,750"}]
[null,null,"VA","MADISON COUNTY",{"v":1209750,"d":"$1,209,750"}]
[null,null,"VA","MATHEWS COUNTY",{"v":832750,"d":"$832,750"}]
[null,null,"VA","MECKLENBURG COUNTY",{"v":832750,"d":"$832,750"}]
[null,null,"VA","MIDDLESEX COUNTY",{"v":832750,"d":"$832,750"}]
[null,null,"VA","MONTGOMERY COUNTY",{"v":832750,"d":"$832,750"}]
[null,null,"VA","NELSON COUNTY",{"v":832750,"d":"$832,750"}]
[null,null,"VA","NEW KENT COUNTY",{"v":832750,"d":"$832,750"}]
[null,null,"VA","NORTHAMPTON COUNTY",{"v":832750,"d":"$832,750"}]
[null,null,"VA","NORTHUMBERLAND COUNTY",{"v":832750,"d":"$832,750"}]
[null,null,"VA","NOTTOWAY COUNTY",{"v":832750,"d":"$832,750"}]
[null,null,"VA","ORANGE COUNTY",{"v":832750,"d":"$832,750"}]
[null,null,"VA","PAGE COUNTY",{"v":832750,"d":"$832,750"}]
[null,null,"VA","PATRICK COUNTY",{"v":832750,"d":"$832,750"}]
[null,null,"VA","PITTSYLVANIA COUNTY",{"v":832750,"d":"$832,750"}]
[null,null,"VA","POWHATAN COUNTY",{"v":832750,"d":"$832,750"}]
[null,null,"VA","PRINCE EDWARD COUNTY",{"v":832750,"d":"$832,750"}]
[null,null,"VA","PRINCE GEORGE COUNTY",{"v":832750,"d":"$832,750"}]
[null,null,"VA","PRINCE WILLIAM COUNTY",{"v":1249125,"d":"$1,249,125"}]
[null,null,"VA","PULASKI COUNTY",{"v":832750,"d":"$832,750"}]
[null,null,"VA","RAPPAHANNOCK COUNTY",{"v":1249125,"d":"$1,249,125"}]
[null,null,"VA","RICHMOND COUNTY",{"v":832750,"d":"$832,750"}]
[null,null,"VA","ROANOKE COUNTY",{"v":832750,"d":"$832,750"}]
[null,null,"VA","ROCKBRIDGE COUNTY",{"v":832750,"d":"$832,750"}]
[null,null,"VA","ROCKINGHAM COUNTY",{"v":832750,"d":"$832,750"}]
[null,null,"VA","RUSSELL COUNTY",{"v":832750,"d":"$832,750"}]
[null,null,"VA","SCOTT COUNTY",{"v":832750,"d":"$832,750"}]
[null,null,"VA","SHENANDOAH COUNTY",{"v":832750,"d":"$832,750"}]
[null,null,"VA","SMYTH COUNTY",{"v":832750,"d":"$832,750"}]
[null,null,"VA","SOUTHAMPTON COUNTY",{"v":832750,"d":"$832,750"}]
[null,null,"VA","SPOTSYLVANIA COUNTY",{"v":1249125,"d":"$1,249,125"}]
[null,null,"VA","STAFFORD COUNTY",{"v":1249125,"d":"$1,249,125"}]
[null,null,"VA","SURRY COUNTY",{"v":832750,"d":"$832,750"}]
[null,null,"VA","SUSSEX COUNTY",{"v":832750,"d":"$832,750"}]
[null,null,"VA","TAZEWELL COUNTY",{"v":832750,"d":"$832,750"}]
[null,null,"VA","WARREN COUNTY",{"v":1249125,"d":"$1,249,125"}]
[null,null,"VA","WASHINGTON COUNTY",{"v":832750,"d":"$832,750"}]
[null,null,"VA","WESTMORELAND COUNTY",{"v":832750,"d":"$832,750"}]
[null,null,"VA","WISE COUNTY",{"v":832750,"d":"$832,750"}]
[null,null,"VA","WYTHE COUNTY",{"v":832750,"d":"$832,750"}]
[null,null,"VA","YORK COUNTY",{"v":832750,"d":"$832,750"}]
[null,null,"VA","ALEXANDRIA CITY",{"v":1249125,"d":"$1,249,125"}]
[null,null,"VA","BRISTOL CITY",{"v":832750,"d":"$832,750"}]
[null,null,"VA","BUENA VISTA CITY",{"v":832750,"d":"$832,750"}]
[null,null,"VA","CHARLOTTESVILLE CITY",{"v":832750,"d":"$832,750"}]
[null,null,"VA","CHESAPEAKE CITY",{"v":832750,"d":"$832,750"}]
[null,null,"VA","COLONIAL HEIGHTS CITY",{"v":832750,"d":"$832,750"}]
[null,null,"VA","COVINGTON CITY",{"v":832750,"d":"$832,750"}]
[null,null,"VA","DANVILLE CITY",{"v":832750,"d":"$832,750"}]
[null,null,"VA","EMPORIA CITY",{"v":832750,"d":"$832,750"}]
[null,null,"VA","FAIRFAX CITY",{"v":1249125,"d":"$1,249,125"}]
[null,null,"VA","FALLS CHURCH CITY",{"v":1249125,"d":"$1,249,125"}]
[null,null,"VA","FRANKLIN CITY",{"v":832750,"d":"$832,750"}]
[null,null,"VA","FREDERICKSBURG CITY",{"v":1249125,"d":"$1,249,125"}]
[null,null,"VA","GALAX CITY",{"v":832750,"d":"$832,750"}]
[null,null,"VA","HAMPTON CITY",{"v":832750,"d":"$832,750"}]
[null,null,"VA","HARRISONBURG CITY",{"v":832750,"d":"$832,750"}]
[null,null,"VA","HOPEWELL CITY",{"v":832750,"d":"$832,750"}]
[null,null,"VA","LEXINGTON CITY",{"v":832750,"d":"$832,750"}]
[null,null,"VA","LYNCHBURG CITY",{"v":832750,"d":"$832,750"}]
[null,null,"VA","MANASSAS CITY",{"v":1249125,"d":"$1,249,125"}]
[null,null,"VA","MANASSAS PARK CITY",{"v":1249125,"d":"$1,249,125"}]
[null,null,"VA","MARTINSVILLE CITY",{"v":832750,"d":"$832,750"}]
[null,null,"VA","NEWPORT NEWS CITY",{"v":832750,"d":"$832,750"}]
[null,null,"VA","NORFOLK CITY",{"v":832750,"d":"$832,750"}]
[null,null,"VA","NORTON CITY",{"v":832750,"d":"$832,750"}]
[null,null,"VA","PETERSBURG CITY",{"v":832750,"d":"$832,750"}]
[null,null,"VA","POQUOSON CITY",{"v":832750,"d":"$832,750"}]
[null,null,"VA","PORTSMOUTH CITY",{"v":832750,"d":"$832,750"}]
[null,null,"VA","RADFORD CITY",{"v":832750,"d":"$832,750"}]
[null,null,"VA","RICHMOND CITY",{"v":832750,"d":"$832,750"}]
[null,null,"VA","ROANOKE CITY",{"v":832750,"d":"$832,750"}]
[null,null,"VA","SALEM CITY",{"v":832750,"d":"$832,750"}]
[null,null,"VA","STAUNTON CITY",{"v":832750,"d":"$832,750"}]
[null,null,"VA","SUFFOLK CITY",{"v":832750,"d":"$832,750"}]
[null,null,"VA","VIRGINIA BEACH CITY",{"v":832750,"d":"$832,750"}]
[null,null,"VA","WAYNESBORO CITY",{"v":832750,"d":"$832,750"}]
[null,null,"VA","WILLIAMSBURG CITY",{"v":832750,"d":"$832,750"}]
[null,null,"VA","WINCHESTER CITY",{"v":832750,"d":"$832,750"}]
[null,null,"WA","ADAMS COUNTY",{"v":832750,"d":"$832,750"}]
[null,null,"WA","ASOTIN COUNTY",{"v":832750,"d":"$832,750"}]
[null,null,"WA","BENTON COUNTY",{"v":832750,"d":"$832,750"}]
[null,null,"WA","CHELAN COUNTY",{"v":832750,"d":"$832,750"}]
[null,null,"WA","CLALLAM COUNTY",{"v":832750,"d":"$832,750"}]
[null,null,"WA","CLARK COUNTY",{"v":832750,"d":"$832,750"}]
[null,null,"WA","COLUMBIA COUNTY",{"v":832750,"d":"$832,750"}]
[null,null,"WA","COWLITZ COUNTY",{"v":832750,"d":"$832,750"}]
[null,null,"WA","DOUGLAS COUNTY",{"v":832750,"d":"$832,750"}]
[null,null,"WA","FERRY COUNTY",{"v":832750,"d":"$832,750"}]
[null,null,"WA","FRANKLIN COUNTY",{"v":832750,"d":"$832,750"}]
[null,null,"WA","GARFIELD COUNTY",{"v":832750,"d":"$832,750"}]
[null,null,"WA","GRANT COUNTY",{"v":832750,"d":"$832,750"}]
[null,null,"WA","GRAYS HARBOR COUNTY",{"v":832750,"d":"$832,750"}]
[null,null,"WA","ISLAND COUNTY",{"v":832750,"d":"$832,750"}]
[null,null,"WA","JEFFERSON COUNTY",{"v":832750,"d":"$832,750"}]
[null,null,"WA","KING COUNTY",{"v":1063750,"d":"$1,063,750"}]
[null,null,"WA","KITSAP COUNTY",{"v":832750,"d":"$832,750"}]
[null,null,"WA","KITTITAS COUNTY",{"v":832750,"d":"$832,750"}]
[null,null,"WA","KLICKITAT COUNTY",{"v":832750,"d":"$832,750"}]
[null,null,"WA","LEWIS COUNTY",{"v":832750,"d":"$832,750"}]
[null,null,"WA","LINCOLN COUNTY",{"v":832750,"d":"$832,750"}]
[null,null,"WA","MASON COUNTY",{"v":832750,"d":"$832,750"}]
[null,null,"WA","OKANOGAN COUNTY",{"v":832750,"d":"$832,750"}]
[null,null,"WA","PACIFIC COUNTY",{"v":832750,"d":"$832,750"}]
[null,null,"WA","PEND OREILLE COUNTY",{"v":832750,"d":"$832,750"}]
[null,null,"WA","PIERCE COUNTY",{"v":1063750,"d":"$1,063,750"}]
[null,null,"WA","SAN JUAN COUNTY",{"v":832750,"d":"$832,750"}]
[null,null,"WA","SKAGIT COUNTY",{"v":832750,"d":"$832,750"}]
[null,null,"WA","SKAMANIA COUNTY",{"v":832750,"d":"$832,750"}]
[null,null,"WA","SNOHOMISH COUNTY",{"v":1063750,"d":"$1,063,750"}]
[null,null,"WA","SPOKANE COUNTY",{"v":832750,"d":"$832,750"}]
[null,null,"WA","STEVENS COUNTY",{"v":832750,"d":"$832,750"}]
[null,null,"WA","THURSTON COUNTY",{"v":832750,"d":"$832,750"}]
[null,null,"WA","WAHKIAKUM COUNTY",{"v":832750,"d":"$832,750"}]
[null,null,"WA","WALLA WALLA COUNTY",{"v":832750,"d":"$832,750"}]
[null,null,"WA","WHATCOM COUNTY",{"v":832750,"d":"$832,750"}]
[null,null,"WA","WHITMAN COUNTY",{"v":832750,"d":"$832,750"}]
[null,null,"WA","YAKIMA COUNTY",{"v":832750,"d":"$832,750"}]
[null,null,"WV","BARBOUR COUNTY",{"v":832750,"d":"$832,750"}]
[null,null,"WV","BERKELEY COUNTY",{"v":832750,"d":"$832,750"}]
[null,null,"WV","BOONE COUNTY",{"v":832750,"d":"$832,750"}]
[null,null,"WV","BRAXTON COUNTY",{"v":832750,"d":"$832,750"}]
[null,null,"WV","BROOKE COUNTY",{"v":832750,"d":"$832,750"}]
[null,null,"WV","CABELL COUNTY",{"v":832750,"d":"$832,750"}]
[null,null,"WV","CALHOUN COUNTY",{"v":832750,"d":"$832,750"}]
[null,null,"WV","CLAY COUNTY",{"v":832750,"d":"$832,750"}]
[null,null,"WV","DODDRIDGE COUNTY",{"v":832750,"d":"$832,750"}]
[null,null,"WV","FAYETTE COUNTY",{"v":832750,"d":"$832,750"}]
[null,null,"WV","GILMER COUNTY",{"v":832750,"d":"$832,750"}]
[null,null,"WV","GRANT COUNTY",{"v":832750,"d":"$832,750"}]
[null,null,"WV","GREENBRIER COUNTY",{"v":832750,"d":"$832,750"}]
[null,null,"WV","HAMPSHIRE COUNTY",{"v":832750,"d":"$832,750"}]
[null,null,"WV","HANCOCK COUNTY",{"v":832750,"d":"$832,750"}]
[null,null,"WV","HARDY COUNTY",{"v":832750,"d":"$832,750"}]
[null,null,"WV","HARRISON COUNTY",{"v":832750,"d":"$832,750"}]
[null,null,"WV","JACKSON COUNTY",{"v":832750,"d":"$832,750"}]
[null,null,"WV","JEFFERSON COUNTY",{"v":1249125,"d":"$1,249,125"}]
[null,null,"WV","KANAWHA COUNTY",{"v":832750,"d":"$832,750"}]
[null,null,"WV","LEWIS COUNTY",{"v":832750,"d":"$832,750"}]
[null,null,"WV","LINCOLN COUNTY",{"v":832750,"d":"$832,750"}]
[null,null,"WV","LOGAN COUNTY",{"v":832750,"d":"$832,750"}]
[null,null,"WV","MCDOWELL COUNTY",{"v":832750,"d":"$832,750"}]
[null,null,"WV","MARION COUNTY",{"v":832750,"d":"$832,750"}]
[null,null,"WV","MARSHALL COUNTY",{"v":832750,"d":"$832,750"}]
[null,null,"WV","MASON COUNTY",{"v":832750,"d":"$832,750"}]
[null,null,"WV","MERCER COUNTY",{"v":832750,"d":"$832,750"}]
[null,null,"WV","MINERAL COUNTY",{"v":832750,"d":"$832,750"}]
[null,null,"WV","MINGO COUNTY",{"v":832750,"d":"$832,750"}]
[null,null,"WV","MONONGALIA COUNTY",{"v":832750,"d":"$832,750"}]
[null,null,"WV","MONROE COUNTY",{"v":832750,"d":"$832,750"}]
[null,null,"WV","MORGAN COUNTY",{"v":832750,"d":"$832,750"}]
[null,null,"WV","NICHOLAS COUNTY",{"v":832750,"d":"$832,750"}]
[null,null,"WV","OHIO COUNTY",{"v":832750,"d":"$832,750"}]
[null,null,"WV","PENDLETON COUNTY",{"v":832750,"d":"$832,750"}]
[null,null,"WV","PLEASANTS COUNTY",{"v":832750,"d":"$832,750"}]
[null,null,"WV","POCAHONTAS COUNTY",{"v":832750,"d":"$832,750"}]
[null,null,"WV","PRESTON COUNTY",{"v":832750,"d":"$832,750"}]
[null,null,"WV","PUTNAM COUNTY",{"v":832750,"d":"$832,750"}]
[null,null,"WV","RALEIGH COUNTY",{"v":832750,"d":"$832,750"}]
[null,null,"WV","RANDOLPH COUNTY",{"v":832750,"d":"$832,750"}]
[null,null,"WV","RITCHIE COUNTY",{"v":832750,"d":"$832,750"}]
[null,null,"WV","ROANE COUNTY",{"v":832750,"d":"$832,750"}]
[null,null,"WV","SUMMERS COUNTY",{"v":832750,"d":"$832,750"}]
[null,null,"WV","TAYLOR COUNTY",{"v":832750,"d":"$832,750"}]
[null,null,"WV","TUCKER COUNTY",{"v":832750,"d":"$832,750"}]
[null,null,"WV","TYLER COUNTY",{"v":832750,"d":"$832,750"}]
[null,null,"WV","UPSHUR COUNTY",{"v":832750,"d":"$832,750"}]
[null,null,"WV","WAYNE COUNTY",{"v":832750,"d":"$832,750"}]
[null,null,"WV","WEBSTER COUNTY",{"v":832750,"d":"$832,750"}]
[null,null,"WV","WETZEL COUNTY",{"v":832750,"d":"$832,750"}]
[null,null,"WV","WIRT COUNTY",{"v":832750,"d":"$832,750"}]
[null,null,"WV","WOOD COUNTY",{"v":832750,"d":"$832,750"}]
[null,null,"WV","WYOMING COUNTY",{"v":832750,"d":"$832,750"}]
[null,null,"WI","ADAMS COUNTY",{"v":832750,"d":"$832,750"}]
[null,null,"WI","ASHLAND COUNTY",{"v":832750,"d":"$832,750"}]
[null,null,"WI","BARRON COUNTY",{"v":832750,"d":"$832,750"}]
[null,null,"WI","BAYFIELD COUNTY",{"v":832750,"d":"$832,750"}]
[null,null,"WI","BROWN COUNTY",{"v":832750,"d":"$832,750"}]
[null,null,"WI","BUFFALO COUNTY",{"v":832750,"d":"$832,750"}]
[null,null,"WI","BURNETT COUNTY",{"v":832750,"d":"$832,750"}]
[null,null,"WI","CALUMET COUNTY",{"v":832750,"d":"$832,750"}]
[null,null,"WI","CHIPPEWA COUNTY",{"v":832750,"d":"$832,750"}]
[null,null,"WI","CLARK COUNTY",{"v":832750,"d":"$832,750"}]
[null,null,"WI","COLUMBIA COUNTY",{"v":832750,"d":"$832,750"}]
[null,null,"WI","CRAWFORD COUNTY",{"v":832750,"d":"$832,750"}]
[null,null,"WI","DANE COUNTY",{"v":832750,"d":"$832,750"}]
[null,null,"WI","DODGE COUNTY",{"v":832750,"d":"$832,750"}]
[null,null,"WI","DOOR COUNTY",{"v":832750,"d":"$832,750"}]
[null,null,"WI","DOUGLAS COUNTY",{"v":832750,"d":"$832,750"}]
[null,null,"WI","DUNN COUNTY",{"v":832750,"d":"$832,750"}]
[null,null,"WI","EAU CLAIRE COUNTY",{"v":832750,"d":"$832,750"}]
[null,null,"WI","FLORENCE COUNTY",{"v":832750,"d":"$832,750"}]
[null,null,"WI","FOND DU LAC COUNTY",{"v":832750,"d":"$832,750"}]
[null,null,"WI","FOREST COUNTY",{"v":832750,"d":"$832,750"}]
[null,null,"WI","GRANT COUNTY",{"v":832750,"d":"$832,750"}]
[null,null,"WI","GREEN COUNTY",{"v":832750,"d":"$832,750"}]
[null,null,"WI","GREEN LAKE COUNTY",{"v":832750,"d":"$832,750"}]
[null,null,"WI","IOWA COUNTY",{"v":832750,"d":"$832,750"}]
[null,null,"WI","IRON COUNTY",{"v":832750,"d":"$832,750"}]
[null,null,"WI","JACKSON COUNTY",{"v":832750,"d":"$832,750"}]
[null,null,"WI","JEFFERSON COUNTY",{"v":832750,"d":"$832,750"}]
[null,null,"WI","JUNEAU COUNTY",{"v":832750,"d":"$832,750"}]
[null,null,"WI","KENOSHA COUNTY",{"v":832750,"d":"$832,750"}]
[null,null,"WI","KEWAUNEE COUNTY",{"v":832750,"d":"$832,750"}]
[null,null,"WI","LA CROSSE COUNTY",{"v":832750,"d":"$832,750"}]
[null,null,"WI","LAFAYETTE COUNTY",{"v":832750,"d":"$832,750"}]
[null,null,"WI","LANGLADE COUNTY",{"v":832750,"d":"$832,750"}]
[null,null,"WI","LINCOLN COUNTY",{"v":832750,"d":"$832,750"}]
[null,null,"WI","MANITOWOC COUNTY",{"v":832750,"d":"$832,750"}]
[null,null,"WI","MARATHON COUNTY",{"v":832750,"d":"$832,750"}]
[null,null,"WI","MARINETTE COUNTY",{"v":832750,"d":"$832,750"}]
[null,null,"WI","MARQUETTE COUNTY",{"v":832750,"d":"$832,750"}]
[null,null,"WI","MENOMINEE COUNTY",{"v":832750,"d":"$832,750"}]
[null,null,"WI","MILWAUKEE COUNTY",{"v":832750,"d":"$832,750"}]
[null,null,"WI","MONROE COUNTY",{"v":832750,"d":"$832,750"}]
[null,null,"WI","OCONTO COUNTY",{"v":832750,"d":"$832,750"}]
[null,null,"WI","ONEIDA COUNTY",{"v":832750,"d":"$832,750"}]
[null,null,"WI","OUTAGAMIE COUNTY",{"v":832750,"d":"$832,750"}]
[null,null,"WI","OZAUKEE COUNTY",{"v":832750,"d":"$832,750"}]
[null,null,"WI","PEPIN COUNTY",{"v":832750,"d":"$832,750"}]
[null,null,"WI","PIERCE COUNTY",{"v":832750,"d":"$832,750"}]
[null,null,"WI","POLK COUNTY",{"v":832750,"d":"$832,750"}]
[null,null,"WI","PORTAGE COUNTY",{"v":832750,"d":"$832,750"}]
[null,null,"WI","PRICE COUNTY",{"v":832750,"d":"$832,750"}]
[null,null,"WI","RACINE COUNTY",{"v":832750,"d":"$832,750"}]
[null,null,"WI","RICHLAND COUNTY",{"v":832750,"d":"$832,750"}]
[null,null,"WI","ROCK COUNTY",{"v":832750,"d":"$832,750"}]
[null,null,"WI","RUSK COUNTY",{"v":832750,"d":"$832,750"}]
[null,null,"WI","ST. CROIX COUNTY",{"v":832750,"d":"$832,750"}]
[null,null,"WI","SAUK COUNTY",{"v":832750,"d":"$832,750"}]
[null,null,"WI","SAWYER COUNTY",{"v":832750,"d":"$832,750"}]
[null,null,"WI","SHAWANO COUNTY",{"v":832750,"d":"$832,750"}]
[null,null,"WI","SHEBOYGAN COUNTY",{"v":832750,"d":"$832,750"}]
[null,null,"WI","TAYLOR COUNTY",{"v":832750,"d":"$832,750"}]
[null,null,"WI","TREMPEALEAU COUNTY",{"v":832750,"d":"$832,750"}]
[null,null,"WI","VERNON COUNTY",{"v":832750,"d":"$832,750"}]
[null,null,"WI","VILAS COUNTY",{"v":832750,"d":"$832,750"}]
[null,null,"WI","WALWORTH COUNTY",{"v":832750,"d":"$832,750"}]
[null,null,"WI","WASHBURN COUNTY",{"v":832750,"d":"$832,750"}]
[null,null,"WI","WASHINGTON COUNTY",{"v":832750,"d":"$832,750"}]
[null,null,"WI","WAUKESHA COUNTY",{"v":832750,"d":"$832,750"}]
[null,null,"WI","WAUPACA COUNTY",{"v":832750,"d":"$832,750"}]
[null,null,"WI","WAUSHARA COUNTY",{"v":832750,"d":"$832,750"}]
[null,null,"WI","WINNEBAGO COUNTY",{"v":832750,"d":"$832,750"}]
[null,null,"WI","WOOD COUNTY",{"v":832750,"d":"$832,750"}]
[null,null,"WY","ALBANY COUNTY",{"v":832750,"d":"$832,750"}]
[null,null,"WY","BIG HORN COUNTY",{"v":832750,"d":"$832,750"}]
[null,null,"WY","CAMPBELL COUNTY",{"v":832750,"d":"$832,750"}]
[null,null,"WY","CARBON COUNTY",{"v":832750,"d":"$832,750"}]
[null,null,"WY","CONVERSE COUNTY",{"v":832750,"d":"$832,750"}]
[null,null,"WY","CROOK COUNTY",{"v":832750,"d":"$832,750"}]
[null,null,"WY","FREMONT COUNTY",{"v":832750,"d":"$832,750"}]
[null,null,"WY","GOSHEN COUNTY",{"v":832750,"d":"$832,750"}]
[null,null,"WY","HOT SPRINGS COUNTY",{"v":832750,"d":"$832,750"}]
[null,null,"WY","JOHNSON COUNTY",{"v":832750,"d":"$832,750"}]
[null,null,"WY","LARAMIE COUNTY",{"v":832750,"d":"$832,750"}]
[null,null,"WY","LINCOLN COUNTY",{"v":832750,"d":"$832,750"}]
[null,null,"WY","NATRONA COUNTY",{"v":832750,"d":"$832,750"}]
[null,null,"WY","NIOBRARA COUNTY",{"v":832750,"d":"$832,750"}]
[null,null,"WY","PARK COUNTY",{"v":832750,"d":"$832,750"}]
[null,null,"WY","PLATTE COUNTY",{"v":832750,"d":"$832,750"}]
[null,null,"WY","SHERIDAN COUNTY",{"v":832750,"d":"$832,750"}]
[null,null,"WY","SUBLETTE COUNTY",{"v":832750,"d":"$832,750"}]
[null,null,"WY","SWEETWATER COUNTY",{"v":832750,"d":"$832,750"}]
[null,null,"WY","TETON COUNTY",{"v":1249125,"d":"$1,249,125"}]
[null,null,"WY","UINTA COUNTY",{"v":832750,"d":"$832,750"}]
[null,null,"WY","WASHAKIE COUNTY",{"v":832750,"d":"$832,750"}]
[null,null,"WY","WESTON COUNTY",{"v":832750,"d":"$832,750"}]
[null,null,"AS","EASTERN DISTRICT",{"v":832750,"d":"$832,750"}]
[null,null,"AS","MANU'A DISTRICT",{"v":832750,"d":"$832,750"}]
[null,null,"AS","ROSE ISLAND",{"v":832750,"d":"$832,750"}]
[null,null,"AS","SWAINS ISLAND",{"v":832750,"d":"$832,750"}]
[null,null,"AS","WESTERN DISTRICT",{"v":832750,"d":"$832,750"}]
[null,null,"GU","GUAM",{"v":1249125,"d":"$1,249,125"}]
[null,null,"MP","NORTHERN ISLANDS MUNICIPALITY",{"v":832750,"d":"$832,750"}]
[null,null,"MP","ROTA MUNICIPALITY",{"v":832750,"d":"$832,750"}]
[null,null,"MP","SAIPAN MUNICIPALITY",{"v":832750,"d":"$832,750"}]
[null,null,"MP","TINIAN MUNICIPALITY",{"v":832750,"d":"$832,750"}]
[null,null,"PR","ADJUNTAS MUNICIPIO",{"v":832750,"d":"$832,750"}]
[null,null,"PR","AGUADA MUNICIPIO",{"v":832750,"d":"$832,750"}]
[null,null,"PR","AGUADILLA MUNICIPIO",{"v":832750,"d":"$832,750"}]
[null,null,"PR","AGUAS BUENAS MUNICIPIO",{"v":832750,"d":"$832,750"}]
[null,null,"PR","AIBONITO MUNICIPIO",{"v":832750,"d":"$832,750"}]
[null,null,"PR","ANASCO MUNICIPIO",{"v":832750,"d":"$832,750"}]
[null,null,"PR","ARECIBO MUNICIPIO",{"v":832750,"d":"$832,750"}]
[null,null,"PR","ARROYO MUNICIPIO",{"v":832750,"d":"$832,750"}]
[null,null,"PR","BARCELONETA MUNICIPIO",{"v":832750,"d":"$832,750"}]
[null,null,"PR","BARRANQUITAS MUNICIPIO",{"v":832750,"d":"$832,750"}]
[null,null,"PR","BAYAMON MUNICIPIO",{"v":832750,"d":"$832,750"}]
[null,null,"PR","CABO ROJO MUNICIPIO",{"v":832750,"d":"$832,750"}]
[null,null,"PR","CAGUAS MUNICIPIO",{"v":832750,"d":"$832,750"}]
[null,null,"PR","CAMUY MUNICIPIO",{"v":832750,"d":"$832,750"}]
[null,null,"PR","CANOVANAS MUNICIPIO",{"v":832750,"d":"$832,750"}]
[null,null,"PR","CAROLINA MUNICIPIO",{"v":832750,"d":"$832,750"}]
[null,null,"PR","CATANO MUNICIPIO",{"v":832750,"d":"$832,750"}]
[null,null,"PR","CAYEY MUNICIPIO",{"v":832750,"d":"$832,750"}]
[null,null,"PR","CEIBA MUNICIPIO",{"v":832750,"d":"$832,750"}]
[null,null,"PR","CIALES MUNICIPIO",{"v":832750,"d":"$832,750"}]
[null,null,"PR","CIDRA MUNICIPIO",{"v":832750,"d":"$832,750"}]
[null,null,"PR","COAMO MUNICIPIO",{"v":832750,"d":"$832,750"}]
[null,null,"PR","COMERIO MUNICIPIO",{"v":832750,"d":"$832,750"}]
[null,null,"PR","COROZAL MUNICIPIO",{"v":832750,"d":"$832,750"}]
[null,null,"PR","CULEBRA MUNICIPIO",{"v":832750,"d":"$832,750"}]
[null,null,"PR","DORADO MUNICIPIO",{"v":832750,"d":"$832,750"}]
[null,null,"PR","FAJARDO MUNICIPIO",{"v":832750,"d":"$832,750"}]
[null,null,"PR","FLORIDA MUNICIPIO",{"v":832750,"d":"$832,750"}]
[null,null,"PR","GUANICA MUNICIPIO",{"v":832750,"d":"$832,750"}]
[null,null,"PR","GUAYAMA MUNICIPIO",{"v":832750,"d":"$832,750"}]
[null,null,"PR","GUAYANILLA MUNICIPIO",{"v":832750,"d":"$832,750"}]
[null,null,"PR","GUAYNABO MUNICIPIO",{"v":832750,"d":"$832,750"}]
[null,null,"PR","GURABO MUNICIPIO",{"v":832750,"d":"$832,750"}]
[null,null,"PR","HATILLO MUNICIPIO",{"v":832750,"d":"$832,750"}]
[null,null,"PR","HORMIGUEROS MUNICIPIO",{"v":832750,"d":"$832,750"}]
[null,null,"PR","HUMACAO MUNICIPIO",{"v":832750,"d":"$832,750"}]
[null,null,"PR","ISABELA MUNICIPIO",{"v":832750,"d":"$832,750"}]
[null,null,"PR","JAYUYA MUNICIPIO",{"v":832750,"d":"$832,750"}]
[null,null,"PR","JUANA DIAZ MUNICIPIO",{"v":832750,"d":"$832,750"}]
[null,null,"PR","JUNCOS MUNICIPIO",{"v":832750,"d":"$832,750"}]
[null,null,"PR","LAJAS MUNICIPIO",{"v":832750,"d":"$832,750"}]
[null,null,"PR","LARES MUNICIPIO",{"v":832750,"d":"$832,750"}]
[null,null,"PR","LAS MARIAS MUNICIPIO",{"v":832750,"d":"$832,750"}]
[null,null,"PR","LAS PIEDRAS MUNICIPIO",{"v":832750,"d":"$832,750"}]
[null,null,"PR","LOIZA MUNICIPIO",{"v":832750,"d":"$832,750"}]
[null,null,"PR","LUQUILLO MUNICIPIO",{"v":832750,"d":"$832,750"}]
[null,null,"PR","MANATI MUNICIPIO",{"v":832750,"d":"$832,750"}]
[null,null,"PR","MARICAO MUNICIPIO",{"v":832750,"d":"$832,750"}]
[null,null,"PR","MAUNABO MUNICIPIO",{"v":832750,"d":"$832,750"}]
[null,null,"PR","MAYAGUEZ MUNICIPIO",{"v":832750,"d":"$832,750"}]
[null,null,"PR","MOCA MUNICIPIO",{"v":832750,"d":"$832,750"}]
[null,null,"PR","MOROVIS MUNICIPIO",{"v":832750,"d":"$832,750"}]
[null,null,"PR","NAGUABO MUNICIPIO",{"v":832750,"d":"$832,750"}]
[null,null,"PR","NARANJITO MUNICIPIO",{"v":832750,"d":"$832,750"}]
[null,null,"PR","OROCOVIS MUNICIPIO",{"v":832750,"d":"$832,750"}]
[null,null,"PR","PATILLAS MUNICIPIO",{"v":832750,"d":"$832,750"}]
[null,null,"PR","PENUELAS MUNICIPIO",{"v":832750,"d":"$832,750"}]
[null,null,"PR","PONCE MUNICIPIO",{"v":832750,"d":"$832,750"}]
[null,null,"PR","QUEBRADILLAS MUNICIPIO",{"v":832750,"d":"$832,750"}]
[null,null,"PR","RINCON MUNICIPIO",{"v":832750,"d":"$832,750"}]
[null,null,"PR","RIO GRANDE MUNICIPIO",{"v":832750,"d":"$832,750"}]
[null,null,"PR","SABANA GRANDE MUNICIPIO",{"v":832750,"d":"$832,750"}]
[null,null,"PR","SALINAS MUNICIPIO",{"v":832750,"d":"$832,750"}]
[null,null,"PR","SAN GERMAN MUNICIPIO",{"v":832750,"d":"$832,750"}]
[null,null,"PR","SAN JUAN MUNICIPIO",{"v":832750,"d":"$832,750"}]
[null,null,"PR","SAN LORENZO MUNICIPIO",{"v":832750,"d":"$832,750"}]
[null,null,"PR","SAN SEBASTIAN MUNICIPIO",{"v":832750,"d":"$832,750"}]
[null,null,"PR","SANTA ISABEL MUNICIPIO",{"v":832750,"d":"$832,750"}]
[null,null,"PR","TOA ALTA MUNICIPIO",{"v":832750,"d":"$832,750"}]
[null,null,"PR","TOA BAJA MUNICIPIO",{"v":832750,"d":"$832,750"}]
[null,null,"PR","TRUJILLO ALTO MUNICIPIO",{"v":832750,"d":"$832,750"}]
[null,null,"PR","UTUADO MUNICIPIO",{"v":832750,"d":"$832,750"}]
[null,null,"PR","VEGA ALTA MUNICIPIO",{"v":832750,"d":"$832,750"}]
[null,null,"PR","VEGA BAJA MUNICIPIO",{"v":832750,"d":"$832,750"}]
[null,null,"PR","VIEQUES MUNICIPIO",{"v":832750,"d":"$832,750"}]
[null,null,"PR","VILLALBA MUNICIPIO",{"v":832750,"d":"$832,750"}]
[null,null,"PR","YABUCOA MUNICIPIO",{"v":832750,"d":"$832,750"}]
[null,null,"PR","YAUCO MUNICIPIO",{"v":832750,"d":"$832,750"}]
[null,null,"VI","ST. CROIX ISLAND",{"v":1249125,"d":"$1,249,125"}]
[null,null,"VI","ST. JOHN ISLAND",{"v":1249125,"d":"$1,249,125"}]
[null,null,"VI","ST. THOMAS ISLAND",{"v":1249125,"d":"$1,249,125"}]